{"id":974,"date":"2025-03-25T14:01:12","date_gmt":"2025-03-25T13:01:12","guid":{"rendered":"https:\/\/wordpress.nibis.de\/hsvorsfelde\/?page_id=974"},"modified":"2026-02-17T09:48:45","modified_gmt":"2026-02-17T08:48:45","slug":"schulsozialarbeit","status":"publish","type":"page","link":"https:\/\/wordpress.nibis.de\/hsvorsfelde\/schulsozialarbeit\/","title":{"rendered":"Schulsozialarbeit"},"content":{"rendered":"\n<p class=\"has-medium-font-size\">Liebe Sch\u00fcler*innen, liebe Eltern!&nbsp;<\/p>\n\n\n\n<p class=\"has-medium-font-size\">Willkommen auf der Seite der Schulsozialarbeit!<\/p>\n\n\n\n<p>Die Arbeit der Schulsozialarbeit basiert auf den Grunds\u00e4tzen Freiwilligkeit, Verschwiegenheit und Neutralit\u00e4t.&nbsp;&nbsp;<\/p>\n\n\n\n<p><span style=\"text-decoration: underline\" class=\"underline\">Unter diesen genannten Voraussetzungen erhalten Sch\u00fcler*innen&nbsp;<\/span><\/p>\n\n\n\n<ul class=\"wp-block-list\">\n<li>Beratung und Hilfe bei Fragen, Sorgen und Problemen<\/li>\n<\/ul>\n\n\n\n<ul class=\"wp-block-list\">\n<li>Unterst\u00fctzung oder Mediation bei Konflikten, auch schul\u00fcbergreifend\u00a0<\/li>\n<\/ul>\n\n\n\n<ul class=\"wp-block-list\">\n<li>Begleitung und Beratung bei einzelnen Lebens- und Entwicklungsaufgaben\u00a0<\/li>\n<\/ul>\n\n\n\n<ul class=\"wp-block-list\">\n<li>soziale Klassentrainings\u00a0<\/li>\n<\/ul>\n\n\n\n<ul class=\"wp-block-list\">\n<li>Vermittlung zu speziellen Beratungsstellen, therapeutische Weiterbehandlung oder zu Einrichtungen der Jugendhilfe\u00a0<\/li>\n<\/ul>\n\n\n\n<p><span style=\"text-decoration: underline\" class=\"underline\">Auch bei diesen Themen ist die Schulsozialarbeit f\u00fcr Eltern ansprechbar:&nbsp;<\/span><\/p>\n\n\n\n<ul class=\"wp-block-list\">\n<li>bei schulischen oder pers\u00f6nlichen Problemen der Kinder\u00a0<\/li>\n<\/ul>\n\n\n\n<ul class=\"wp-block-list\">\n<li>bei allgemeinen Erziehungs- oder Lebensaufgaben\u00a0<\/li>\n<\/ul>\n\n\n\n<p>&nbsp;<span style=\"text-decoration: underline\" class=\"underline\">Ebenso vermittelt die Schulsozialarbeit hilfreiche Kontakte zu&nbsp;&nbsp;<\/span><\/p>\n\n\n\n<ul class=\"wp-block-list\">\n<li>Beratungsstellen, Beh\u00f6rden und Fachdienste\u00a0<\/li>\n<\/ul>\n\n\n\n<ul class=\"wp-block-list\">\n<li>Netzwerkarbeit im Sozialraum\u00a0<\/li>\n<\/ul>\n\n\n\n<p class=\"has-text-align-center\">Ansprechbar ist f\u00fcr Sie und Euch von Montag- Freitag 7.30 Uhr- 13.30 Uhr&nbsp;<\/p>\n\n\n\n<p class=\"has-text-align-center\"><strong>Claudia Ehlers<\/strong>&nbsp;<\/p>\n\n\n\n<p class=\"has-text-align-center\">Dipl. Soziap\u00e4dagogin\/ Sozialarbeiterin\/ Systemische Therapeutin&nbsp;&nbsp;<\/p>\n\n\n\n<p class=\"has-text-align-center\">in Raum N 2.10&nbsp;<\/p>\n\n\n\n<p class=\"has-text-align-center\">Mailadresse: <a href=\"&#109;&#x61;&#105;&#x6c;t&#111;&#x3a;&#99;&#x2e;e&#x68;l&#101;&#x72;&#115;&#x40;h&#x61;&#x75;&#112;&#x74;s&#x63;h&#117;&#x6c;&#101;&#x2d;v&#x6f;r&#115;&#x66;&#101;&#x6c;d&#101;&#x2e;&#100;&#x65;\" target=\"_blank\" rel=\"noreferrer noopener\">&#x63;&#46;e&#x68;&#108;e&#x72;&#115;&#64;&#x68;&#97;u&#x70;&#116;s&#x63;&#x68;u&#x6c;&#x65;&#45;&#x76;&#x6f;&#114;&#x73;&#x66;&#101;l&#x64;&#101;&#46;&#x64;&#101;<\/a><\/p>\n\n\n\n<p class=\"has-text-align-center\">Telefonnummer: 05363-944-125&nbsp;<\/p>\n\n\n\n<p><\/p>\n\n\n\n<p class=\"has-text-align-center\"><strong>Sophie Fischer\u00a0<\/strong><\/p>\n\n\n\n<p class=\"has-text-align-center\">Sozialarbeiterin<\/p>\n\n\n\n<p class=\"has-text-align-center\">in Raum N 2.19<\/p>\n\n\n\n<p class=\"has-text-align-center\">Mailadresse:&nbsp;<a href=\"&#x6d;&#97;&#105;l&#x74;&#x6f;&#58;s&#x2e;&#x66;&#105;s&#x63;&#x68;&#101;r&#x40;&#x68;&#97;u&#x70;&#x74;&#115;c&#x68;&#x75;&#108;&#101;-&#x76;&#x6f;&#114;s&#x66;&#x65;&#108;d&#x65;&#x2e;&#100;e\" target=\"_blank\" rel=\"noreferrer noopener\">&#x73;&#46;f&#x69;&#115;c&#x68;&#101;r&#x40;&#x68;&#97;&#x75;&#x70;&#116;s&#x63;&#104;u&#x6c;&#101;-&#x76;&#x6f;&#114;&#x73;&#x66;&#101;l&#x64;&#101;&#46;&#x64;&#101;<\/a><\/p>\n\n\n\n<p class=\"has-text-align-center\">Telefonnummer: 05363-944-129<\/p>\n\n\n\n<p><\/p>\n","protected":false},"excerpt":{"rendered":"<p>Liebe Sch\u00fcler*innen, liebe Eltern!&nbsp; Willkommen auf der Seite der Schulsozialarbeit! Die Arbeit der Schulsozialarbeit basiert auf den Grunds\u00e4tzen Freiwilligkeit, Verschwiegenheit und Neutralit\u00e4t.&nbsp;&nbsp; Unter diesen genannten Voraussetzungen erhalten Sch\u00fcler*innen&nbsp; Auch bei diesen Themen ist die Schulsozialarbeit f\u00fcr Eltern ansprechbar:&nbsp; &nbsp;Ebenso vermittelt die Schulsozialarbeit hilfreiche Kontakte zu&nbsp;&nbsp; Ansprechbar ist f\u00fcr Sie und Euch von Montag- Freitag 7.30 &#8230; <a title=\"Schulsozialarbeit\" class=\"read-more\" href=\"https:\/\/wordpress.nibis.de\/hsvorsfelde\/schulsozialarbeit\/\" aria-label=\"Mehr Informationen \u00fcber Schulsozialarbeit\">Weiterlesen<\/a><\/p>\n","protected":false},"author":9194434,"featured_media":0,"parent":0,"menu_order":0,"comment_status":"closed","ping_status":"closed","template":"","meta":{"footnotes":""},"class_list":["post-974","page","type-page","status-publish"],"_links":{"self":[{"href":"https:\/\/wordpress.nibis.de\/hsvorsfelde\/wp-json\/wp\/v2\/pages\/974","targetHints":{"allow":["GET"]}}],"collection":[{"href":"https:\/\/wordpress.nibis.de\/hsvorsfelde\/wp-json\/wp\/v2\/pages"}],"about":[{"href":"https:\/\/wordpress.nibis.de\/hsvorsfelde\/wp-json\/wp\/v2\/types\/page"}],"author":[{"embeddable":true,"href":"https:\/\/wordpress.nibis.de\/hsvorsfelde\/wp-json\/wp\/v2\/users\/9194434"}],"replies":[{"embeddable":true,"href":"https:\/\/wordpress.nibis.de\/hsvorsfelde\/wp-json\/wp\/v2\/comments?post=974"}],"version-history":[{"count":7,"href":"https:\/\/wordpress.nibis.de\/hsvorsfelde\/wp-json\/wp\/v2\/pages\/974\/revisions"}],"predecessor-version":[{"id":1622,"href":"https:\/\/wordpress.nibis.de\/hsvorsfelde\/wp-json\/wp\/v2\/pages\/974\/revisions\/1622"}],"wp:attachment":[{"href":"https:\/\/wordpress.nibis.de\/hsvorsfelde\/wp-json\/wp\/v2\/media?parent=974"}],"curies":[{"name":"wp","href":"https:\/\/api.w.org\/{rel}","templated":true}]}}