{"id":102,"date":"2025-04-06T07:24:20","date_gmt":"2025-04-06T05:24:20","guid":{"rendered":"https:\/\/wordpress.nibis.de\/kam-bbs\/?page_id=102"},"modified":"2025-04-15T19:33:27","modified_gmt":"2025-04-15T17:33:27","slug":"bildungsangebote-gestalten","status":"publish","type":"page","link":"https:\/\/wordpress.nibis.de\/kam-bbs\/bildungsangebote-gestalten\/","title":{"rendered":"Bildungsangebote gestalten"},"content":{"rendered":"\n<p>Die Schule stellt den staatlichen Bildungsauftrag, die Bildungsinteressen der Sch\u00fclerinnen und Sch\u00fcler in den Mittelpunkt ihrer Arbeit. Sie sorgt f\u00fcr ein Bildungsangebot, das auf regionale Spezifika und die Ausbildungsinteressen der Partner in der beruflichen Bildung abgestimmt ist. Sie f\u00f6rdert eine demokratische Haltung und strebt nach bestm\u00f6glicher Unterst\u00fctzung aller Sch\u00fclerinnen und Sch\u00fcler.<\/p>\n\n\n\n<table style=\"margin-left: auto;margin-right: auto;height: 179px\" width=\"394\">\n<tbody>\n<tr>\n<td style=\"text-align: center\" valign=\"MIDDLE\" height=\"20\"><br>\n<h2><span style=\"color: #000000\"><strong>Bildungsangebote gestalten<\/strong><\/span><\/h2>\n<\/td>\n<\/tr>\n<tr>\n<td style=\"text-align: center\"><a href=\"https:\/\/wordpress.nibis.de\/kam-bbs\/bildungsangebote-realisieren\/\"><img loading=\"lazy\" decoding=\"async\" src=\"https:\/\/wordpress.nibis.de\/kam-bbs\/files\/2025\/04\/Bildungsangebote-realisieren.png\" alt=\"\" width=\"380\" height=\"224\"><\/a><\/td>\n<\/tr>\n<tr>\n<td style=\"text-align: center\"><a href=\"https:\/\/wordpress.nibis.de\/kam-bbs\/leistungen-feststellen-bewerten-und-kommunizieren\/\"><img loading=\"lazy\" decoding=\"async\" src=\"https:\/\/wordpress.nibis.de\/kam-bbs\/files\/2025\/04\/Leistungen-feststellen.png\" alt=\"\" width=\"380\" height=\"117\"><\/a><\/td>\n<\/tr>\n<tr>\n<td style=\"text-align: center\"><a href=\"https:\/\/wordpress.nibis.de\/kam-bbs\/individuell-foerdern\/\"><img loading=\"lazy\" decoding=\"async\" src=\"https:\/\/wordpress.nibis.de\/kam-bbs\/files\/2025\/04\/Individuell-foerdern.png\" alt=\"\" width=\"380\" height=\"244\"><\/a><\/td>\n<\/tr>\n<tr>\n<td style=\"text-align: center\"><a href=\"https:\/\/wordpress.nibis.de\/kam-bbs\/beraten-und-unterstuetzen\/\"><img loading=\"lazy\" decoding=\"async\" src=\"\/\/wordpress.nibis.de\/kam-bbs\/files\/2025\/04\/Beraten-und-unterstuetzen.png\" alt=\"\" width=\"380\" height=\"219\"><\/a><\/td>\n<\/tr>\n<\/tbody>\n<\/table>\n","protected":false},"excerpt":{"rendered":"<p>Die Schule stellt den staatlichen Bildungsauftrag, die Bildungsinteressen der Sch\u00fclerinnen und Sch\u00fcler in den Mittelpunkt ihrer Arbeit. Sie sorgt f\u00fcr ein Bildungsangebot, das auf regionale Spezifika und die Ausbildungsinteressen der Partner in der beruflichen Bildung abgestimmt ist. Sie f\u00f6rdert eine demokratische Haltung und strebt nach bestm\u00f6glicher Unterst\u00fctzung aller Sch\u00fclerinnen und Sch\u00fcler. Bildungsangebote gestalten<\/p>\n","protected":false},"author":9194395,"featured_media":0,"parent":0,"menu_order":0,"comment_status":"closed","ping_status":"closed","template":"","meta":{"footnotes":""},"class_list":["post-102","page","type-page","status-publish","hentry"],"_links":{"self":[{"href":"https:\/\/wordpress.nibis.de\/kam-bbs\/wp-json\/wp\/v2\/pages\/102","targetHints":{"allow":["GET"]}}],"collection":[{"href":"https:\/\/wordpress.nibis.de\/kam-bbs\/wp-json\/wp\/v2\/pages"}],"about":[{"href":"https:\/\/wordpress.nibis.de\/kam-bbs\/wp-json\/wp\/v2\/types\/page"}],"author":[{"embeddable":true,"href":"https:\/\/wordpress.nibis.de\/kam-bbs\/wp-json\/wp\/v2\/users\/9194395"}],"replies":[{"embeddable":true,"href":"https:\/\/wordpress.nibis.de\/kam-bbs\/wp-json\/wp\/v2\/comments?post=102"}],"version-history":[{"count":10,"href":"https:\/\/wordpress.nibis.de\/kam-bbs\/wp-json\/wp\/v2\/pages\/102\/revisions"}],"predecessor-version":[{"id":268,"href":"https:\/\/wordpress.nibis.de\/kam-bbs\/wp-json\/wp\/v2\/pages\/102\/revisions\/268"}],"wp:attachment":[{"href":"https:\/\/wordpress.nibis.de\/kam-bbs\/wp-json\/wp\/v2\/media?parent=102"}],"curies":[{"name":"wp","href":"https:\/\/api.w.org\/{rel}","templated":true}]}}

<p>Die Schule stellt den staatlichen Bildungsauftrag, die Bildungsinteressen der Schülerinnen und Schüler in den Mittelpunkt ihrer Arbeit. Sie sorgt für ein Bildungsangebot, das auf regionale Spezifika und die Ausbildungsinteressen der Partner in der beruflichen Bildung abgestimmt ist. Sie fördert eine demokratische Haltung und strebt nach bestmöglicher Unterstützung aller Schülerinnen und Schüler.</p>



<table style="margin-left: auto;margin-right: auto;height: 179px" width="394">
<tbody>
<tr>
<td style="text-align: center" valign="MIDDLE" height="20"><br>
<h2><span style="color: #000000"><strong>Bildungsangebote gestalten</strong></span></h2>
</td>
</tr>
<tr>
<td style="text-align: center"><a href="https://wordpress.nibis.de/kam-bbs/bildungsangebote-realisieren/"><img loading="lazy" decoding="async" src="https://wordpress.nibis.de/kam-bbs/files/2025/04/Bildungsangebote-realisieren.png" alt="" width="380" height="224"></a></td>
</tr>
<tr>
<td style="text-align: center"><a href="https://wordpress.nibis.de/kam-bbs/leistungen-feststellen-bewerten-und-kommunizieren/"><img loading="lazy" decoding="async" src="https://wordpress.nibis.de/kam-bbs/files/2025/04/Leistungen-feststellen.png" alt="" width="380" height="117"></a></td>
</tr>
<tr>
<td style="text-align: center"><a href="https://wordpress.nibis.de/kam-bbs/individuell-foerdern/"><img loading="lazy" decoding="async" src="https://wordpress.nibis.de/kam-bbs/files/2025/04/Individuell-foerdern.png" alt="" width="380" height="244"></a></td>
</tr>
<tr>
<td style="text-align: center"><a href="https://wordpress.nibis.de/kam-bbs/beraten-und-unterstuetzen/"><img loading="lazy" decoding="async" src="//wordpress.nibis.de/kam-bbs/files/2025/04/Beraten-und-unterstuetzen.png" alt="" width="380" height="219"></a></td>
</tr>
</tbody>
</table>

<p>Die Schule stellt den staatlichen Bildungsauftrag, die Bildungsinteressen der Schülerinnen und Schüler in den Mittelpunkt ihrer Arbeit. Sie sorgt für ein Bildungsangebot, das auf regionale Spezifika und die Ausbildungsinteressen der Partner in der beruflichen Bildung abgestimmt ist. Sie fördert eine demokratische Haltung und strebt nach bestmöglicher Unterstützung aller Schülerinnen und Schüler. Bildungsangebote gestalten</p>
