{"id":104,"date":"2025-04-06T07:24:38","date_gmt":"2025-04-06T05:24:38","guid":{"rendered":"https:\/\/wordpress.nibis.de\/kam-bbs\/?page_id=104"},"modified":"2025-05-14T06:02:06","modified_gmt":"2025-05-14T04:02:06","slug":"bildungsangebote-realisieren","status":"publish","type":"page","link":"https:\/\/wordpress.nibis.de\/kam-bbs\/bildungsangebote-realisieren\/","title":{"rendered":"Bildungsangebote realisieren"},"content":{"rendered":"\n<div style=\"text-align: center\"><img loading=\"lazy\" decoding=\"async\" width=\"474\" height=\"280\" src=\"https:\/\/wordpress.nibis.de\/kam-bbs\/files\/2025\/04\/Bildungsangebote-realisieren.png\" alt=\"\" class=\"wp-image-258\" srcset=\"https:\/\/wordpress.nibis.de\/kam-bbs\/files\/2025\/04\/Bildungsangebote-realisieren.png 474w, https:\/\/wordpress.nibis.de\/kam-bbs\/files\/2025\/04\/Bildungsangebote-realisieren-300x177.png 300w\" sizes=\"auto, (max-width: 474px) 100vw, 474px\" \/><\/div>\n\n\n\n<table style=\"height: 278px;border-color: black\" border=\"0\" width=\"658\">\n<tbody>\n<tr>\n<td style=\"background-color: #ccffff;width: 37px;border-color: black;vertical-align: middle\" rowspan=\"7\" width=\"37\">\n<p style=\"text-align: center\"><span style=\"color: #000000\"><strong>B1<\/strong><\/span><\/p>\n<\/td>\n<td style=\"background-color: #ccffff;width: 285px;border-color: black\" width=\"285\"><span style=\"color: #000000\"><strong>Unterricht planen<\/strong><\/span><\/td>\n<\/tr>\n<tr>\n<td style=\"border-color: black;width: 285px\" width=\"285\"><span style=\"color: #000000\"><strong>Die Schule setzt die curricularen Vorgaben in allen Bildungsg\u00e4ngen in den berufsbezogenen und berufs\u00fcbergreifenden Lernbereichen handlungsorientiert um und nimmt regelm\u00e4\u00dfig Anpassungen vor.<\/strong><\/span><\/td>\n<\/tr>\n<tr>\n<td style=\"border-color: black;width: 285px\" width=\"285\"><span style=\"color: #000000\"><strong>Anforderung (A):<\/strong><\/span><br><span style=\"color: #000000\">Die rechtlichen Vorgaben sind bei der Erstellung und Implementierung der didaktisch-methodischen Planungen eingehalten.<\/span><\/td>\n<\/tr>\n<tr>\n<td style=\"width: 285px;background-color: #dcdcdc;border-color: black;vertical-align: bottom\" width=\"285\"><span style=\"color: #000000\">Die folgenden Hinweise dienen den Schulen zur <strong>Unterst\u00fctzung bei der Bearbeitung der Kernaufgaben<\/strong>. Sie sind jedoch <strong>nicht verbindlich<\/strong> und somit <strong>nicht Erlassbestandteil<\/strong>.<\/span><\/td>\n<\/tr>\n<tr>\n<td style=\"border-color: black;width: 285px\" rowspan=\"3\" width=\"285\">\n<ul>\n<li><em><span style=\"color: #000000\">Lernsituationen werden gem\u00e4\u00df der verbindlichen Leitlinie \u201eSchulisches Curriculum Berufsbildende Schulen (SchuCu-BBS)\u201c erstellt.<\/span><\/em><\/li>\n<li><em><span style=\"color: #000000\">Aktuelle Leitf\u00e4den und\/oder Handlungsempfehlungen sind beachtet.<\/span><\/em><\/li>\n<li><em><span style=\"color: #000000\">Urheberrechte und verwandte Schutzrechte sowie Datenschutzkonformit\u00e4t sind beachtet.<\/span><\/em><\/li>\n<li><em><span style=\"color: #000000\">Schulische Vereinbarungen zur Erstellung der didaktisch-methodischen Planungen liegen vor.<\/span><\/em><\/li>\n<\/ul>\n<\/td>\n<\/tr>\n<\/tbody>\n<\/table>\n\n\n\n<hr class=\"wp-block-separator is-style-wide\" \/>\n\n\n\n<table style=\"height: 278px;border-color: black\" border=\"0\" width=\"658\">\n<tbody>\n<tr>\n<td style=\"background-color: #ccffff;width: 37px;border-color: black;vertical-align: middle\" rowspan=\"7\" width=\"37\">\n<p style=\"text-align: center\"><span style=\"color: #000000\"><strong>B2<\/strong><\/span><\/p>\n<\/td>\n<td style=\"background-color: #ccffff;width: 285px;border-color: black\" width=\"285\"><span style=\"color: #000000\"><strong>Materialien und Medien bereitstellen<\/strong><\/span><\/td>\n<\/tr>\n<tr>\n<td style=\"border-color: black;width: 285px\" width=\"285\"><span style=\"color: #000000\"><strong>Materialien und Medien werden beschafft bzw. durch die Bildungsgangs- und Fachgruppen entwickelt. Sie werden bereitgestellt, evaluiert und bei Bedarf angepasst.<\/strong><\/span><\/td>\n<\/tr>\n<tr>\n<td style=\"border-color: black;width: 285px\" width=\"285\"><span style=\"color: #000000\"><strong>Anforderung (A):<\/strong><\/span><br><span style=\"color: #000000\">Materialien und Medien f\u00fcr den handlungsorientierten Unterricht liegen in allen Bildungsg\u00e4ngen vor und sind einsetzbar.<\/span><\/td>\n<\/tr>\n<tr>\n<td style=\"width: 285px;background-color: #dcdcdc;border-color: black;vertical-align: bottom\" width=\"285\"><span style=\"color: #000000\">Die folgenden Hinweise dienen den Schulen zur <strong>Unterst\u00fctzung bei der Bearbeitung der Kernaufgaben<\/strong>. Sie sind jedoch <strong>nicht verbindlich<\/strong> und somit <strong>nicht Erlassbestandteil<\/strong>.<\/span><\/td>\n<\/tr>\n<tr>\n<td style=\"border-color: black;width: 285px\" rowspan=\"3\" width=\"285\">\n<ul>\n<li><span style=\"color: #000000\"><em>Materialien und Medien stehen in Bezug zu den Lernsituationen.<\/em><\/span><\/li>\n<li><span style=\"color: #000000\"><em>Urheberrechte und verwandte Schutzrechte sowie Datenschutzkonformit\u00e4t sind beachtet.<\/em><\/span><\/li>\n<li><span style=\"color: #000000\"><em>Schulische Vereinbarungen bez\u00fcglich Zugriff und Nutzung von Materialien und Medien liegen vor.<\/em><\/span><\/li>\n<\/ul>\n<\/td>\n<\/tr>\n<\/tbody>\n<\/table>\n\n\n\n<hr class=\"wp-block-separator is-style-wide\" \/>\n\n\n\n<table style=\"height: 278px;border-color: black\" border=\"0\" width=\"658\">\n<tbody>\n<tr>\n<td style=\"background-color: #ccffff;width: 37px;border-color: black;vertical-align: middle\" rowspan=\"7\" width=\"37\">\n<p style=\"text-align: center\"><span style=\"color: #000000\"><strong>B3<\/strong><\/span><\/p>\n<\/td>\n<td style=\"background-color: #ccffff;width: 285px;border-color: black\" width=\"285\"><span style=\"color: #000000\"><strong>Unterricht organisieren<\/strong><\/span><\/td>\n<\/tr>\n<tr>\n<td style=\"border-color: black;width: 285px\" width=\"285\"><span style=\"color: #000000\"><strong>In allen Bildungsg\u00e4ngen ist die zeitliche Abfolge und Organisation der didaktisch-methodischen Planungen mit den Stundenpl\u00e4nen abgestimmt.<\/strong><\/span><\/td>\n<\/tr>\n<tr>\n<td style=\"border-color: black;width: 285px\" width=\"285\"><span style=\"color: #000000\"><strong>Anforderung (A):<\/strong><\/span><br><span style=\"color: #000000\">Schulische Vereinbarungen zur Erstellung der zeitlichen Abfolge und Organisation der didaktisch-methodischen Planungen liegen vor und sind mit den Grunds\u00e4tzen der Gestaltung der Stundenpl\u00e4ne vereinbar.<\/span><\/td>\n<\/tr>\n<tr>\n<td style=\"width: 285px;background-color: #dcdcdc;border-color: black;vertical-align: bottom\" width=\"285\"><span style=\"color: #000000\">Die folgenden Hinweise dienen den Schulen zur <strong>Unterst\u00fctzung bei der Bearbeitung der Kernaufgaben<\/strong>. Sie sind jedoch <strong>nicht verbindlich<\/strong> und somit <strong>nicht Erlassbestandteil<\/strong>.<\/span><\/td>\n<\/tr>\n<tr>\n<td style=\"border-color: black;width: 285px\" rowspan=\"3\" width=\"285\">\n<ul>\n<li><span style=\"color: #000000\"><em>Die Jahresplanung ist gem\u00e4\u00df der verbindlichen Leitlinie \u201eSchulisches Curriculum Berufsbildende Schulen (SchuCu-BBS)\u201c erstellt.<\/em><\/span><\/li>\n<li><span style=\"color: #000000\"><em>Aktuelle Leitf\u00e4den und\/oder Handlungsempfehlungen zum Pr\u00e4senz- und Distanzunterricht sind beachtet.<\/em><\/span><\/li>\n<li><span style=\"color: #000000\"><em>Die zeitlichen und organisatorischen Planungen sind dokumentiert und allen Verantwortlichen und Beteiligten kommuniziert (Bezug zum Qualit\u00e4tsbereich \u201ePersonal f\u00fchren\u201c, Kernaufgabe P6 \u201ePersonal einsetzen\u201c).<\/em><\/span><\/li>\n<li><span style=\"color: #000000\"><em>Operativ erforderliche Abweichungen (z. B. Vertretungen, Exkursionen) werden in den Bildungsg\u00e4ngen abgestimmt und an die\/den f\u00fcr die Vertretungsplanerstellung Zust\u00e4ndige\/n weitergeleitet (Bezug Qualit\u00e4tsbereich \u201ePersonal f\u00fchren\u201c, Kernaufgabe P6 \u201ePersonal einsetzen\u201c).<\/em><\/span><\/li>\n<\/ul>\n<\/td>\n<\/tr>\n<\/tbody>\n<\/table>\n\n\n\n<hr class=\"wp-block-separator is-style-wide\" \/>\n\n\n\n<table style=\"height: 278px;border-color: black\" border=\"0\" width=\"658\">\n<tbody>\n<tr>\n<td style=\"background-color: #ccffff;width: 37px;border-color: black;vertical-align: middle\" rowspan=\"7\" width=\"37\">\n<p style=\"text-align: center\"><span style=\"color: #000000\"><strong>B4<\/strong><\/span><\/p>\n<\/td>\n<td style=\"background-color: #ccffff;width: 285px;border-color: black;vertical-align: middle\" width=\"285\"><span style=\"color: #000000\"><strong>Unterricht durchf\u00fchren<\/strong><\/span><\/td>\n<\/tr>\n<tr>\n<td style=\"border-color: black;width: 285px;vertical-align: middle\" width=\"285\"><span style=\"color: #000000\"><strong>Der Unterricht wird in allen Bildungsg\u00e4ngen kompetenzorientiert auf Basis des didaktisch-methodischen Konzepts der Handlungsorientierung durchgef\u00fchrt.<\/strong><\/span><\/td>\n<\/tr>\n<tr>\n<td style=\"border-color: black;width: 285px;vertical-align: middle\" width=\"285\"><span style=\"color: #000000\"><strong>Anforderung (A):<\/strong><\/span><br><span style=\"color: #000000\">Die kompetenzorientierten schulischen Curricula werden im Unterricht umgesetzt.<\/span><\/td>\n<\/tr>\n<tr>\n<td style=\"width: 285px;background-color: #dcdcdc;border-color: black;vertical-align: middle\" width=\"285\"><span style=\"color: #000000\">Die folgenden Hinweise dienen den Schulen zur <strong>Unterst\u00fctzung bei der Bearbeitung der Kernaufgaben<\/strong>. Sie sind jedoch <strong>nicht verbindlich<\/strong> und somit <strong>nicht Erlassbestandteil<\/strong>.<\/span><\/td>\n<\/tr>\n<tr>\n<td style=\"border-color: black;width: 285px\" rowspan=\"3\" width=\"285\">\n<ul>\n<li><span style=\"color: #000000\"><em>Kriterien f\u00fcr handlungsorientierten Unterricht gem\u00e4\u00df des Instruments UB-BBS sind in den Bildungsgangs- und Fachgruppen abgestimmt und im Unterricht umgesetzt.<\/em><\/span><\/li>\n<li><span style=\"color: #000000\"><em>Der Unterricht erfolgt gem\u00e4\u00df den zeitlichen und organisatorischen Planungen (z. B. Jahresplanung gem\u00e4\u00df SchuCu-BBS, Stunden- und Vertretungsplanung).<\/em><\/span><\/li>\n<\/ul>\n<\/td>\n<\/tr>\n<\/tbody>\n<\/table>\n\n\n\n\n<hr class=\"wp-block-separator is-style-wide\" \/>\n\n\n\n<table style=\"height: 278px;border-color: black\" border=\"0\" width=\"658\">\n<tbody>\n<tr>\n<td style=\"background-color: #ccffff;width: 37px;border-color: black;vertical-align: middle\" rowspan=\"7\" width=\"37\">\n<p style=\"text-align: center\"><span style=\"color: #000000\"><strong>B5<\/strong><\/span><\/p>\n<\/td>\n<td style=\"background-color: #ccffff;width: 285px;border-color: black;vertical-align: middle\" width=\"285\"><span style=\"color: #000000\"><strong>Unterricht evaluieren<\/strong><\/span><\/td>\n<\/tr>\n<tr>\n<td style=\"border-color: black;width: 285px\" width=\"285\"><span style=\"color: #000000\"><strong>In allen Bildungsg\u00e4ngen wird die Evaluation der Unterrichtsqualit\u00e4t systematisch durchgef\u00fchrt.<\/strong><\/span><\/td>\n<\/tr>\n<tr>\n<td style=\"border-color: black;width: 285px;vertical-align: middle\" width=\"285\"><span style=\"color: #000000\"><strong>Anforderung (A):<\/strong><\/span><br><span style=\"color: #000000\">Aus den Ergebnissen werden in den Bildungsgangs- und Fachgruppen Verbesserungsma\u00dfnahmen abgeleitet.<\/span><\/td>\n<\/tr>\n<tr>\n<td style=\"width: 285px;background-color: #dcdcdc;border-color: black;vertical-align: middle\" width=\"285\"><span style=\"color: #000000\">Die folgenden Hinweise dienen den Schulen zur <strong>Unterst\u00fctzung bei der Bearbeitung der Kernaufgaben<\/strong>. Sie sind jedoch <strong>nicht verbindlich<\/strong> und somit <strong>nicht Erlassbestandteil<\/strong>.<\/span><\/td>\n<\/tr>\n<tr>\n<td style=\"border-color: black;width: 285px\" rowspan=\"3\" width=\"285\">\n<ul>\n<li><em><span style=\"color: #000000\">Es liegt ein Kriterien gest\u00fctztes gemeinsames Verst\u00e4ndnis handlungsorientierten Unterrichts vor.<\/span><\/em><\/li>\n<li><em><span style=\"color: #000000\">Zur Analyse der Unterrichtsqualit\u00e4t stehen verschiedene Instrumente (z.&nbsp;B. UB-BBS, Lernsituationen analysieren, Sch\u00fcBe-BBS) zur Verf\u00fcgung.&nbsp;<\/span><\/em><\/li>\n<\/ul>\n<\/td>\n<\/tr>\n<\/tbody>\n<\/table>\n","protected":false},"excerpt":{"rendered":"<p>B1 Unterricht planen Die Schule setzt die curricularen Vorgaben in allen Bildungsg\u00e4ngen in den berufsbezogenen und berufs\u00fcbergreifenden Lernbereichen handlungsorientiert um und nimmt regelm\u00e4\u00dfig Anpassungen vor. Anforderung (A):Die rechtlichen Vorgaben sind bei der Erstellung und Implementierung der didaktisch-methodischen Planungen eingehalten. Die folgenden Hinweise dienen den Schulen zur Unterst\u00fctzung bei der Bearbeitung der Kernaufgaben. Sie sind jedoch &hellip; <a href=\"https:\/\/wordpress.nibis.de\/kam-bbs\/bildungsangebote-realisieren\/\" class=\"more-link\"><span class=\"screen-reader-text\">Bildungsangebote realisieren<\/span> weiterlesen <span class=\"meta-nav\">&rarr;<\/span><\/a><\/p>\n","protected":false},"author":9194395,"featured_media":0,"parent":0,"menu_order":0,"comment_status":"closed","ping_status":"closed","template":"","meta":{"footnotes":""},"class_list":["post-104","page","type-page","status-publish","hentry"],"_links":{"self":[{"href":"https:\/\/wordpress.nibis.de\/kam-bbs\/wp-json\/wp\/v2\/pages\/104","targetHints":{"allow":["GET"]}}],"collection":[{"href":"https:\/\/wordpress.nibis.de\/kam-bbs\/wp-json\/wp\/v2\/pages"}],"about":[{"href":"https:\/\/wordpress.nibis.de\/kam-bbs\/wp-json\/wp\/v2\/types\/page"}],"author":[{"embeddable":true,"href":"https:\/\/wordpress.nibis.de\/kam-bbs\/wp-json\/wp\/v2\/users\/9194395"}],"replies":[{"embeddable":true,"href":"https:\/\/wordpress.nibis.de\/kam-bbs\/wp-json\/wp\/v2\/comments?post=104"}],"version-history":[{"count":4,"href":"https:\/\/wordpress.nibis.de\/kam-bbs\/wp-json\/wp\/v2\/pages\/104\/revisions"}],"predecessor-version":[{"id":404,"href":"https:\/\/wordpress.nibis.de\/kam-bbs\/wp-json\/wp\/v2\/pages\/104\/revisions\/404"}],"wp:attachment":[{"href":"https:\/\/wordpress.nibis.de\/kam-bbs\/wp-json\/wp\/v2\/media?parent=104"}],"curies":[{"name":"wp","href":"https:\/\/api.w.org\/{rel}","templated":true}]}}

<div style="text-align: center"><img loading="lazy" decoding="async" width="474" height="280" src="https://wordpress.nibis.de/kam-bbs/files/2025/04/Bildungsangebote-realisieren.png" alt="" class="wp-image-258" srcset="https://wordpress.nibis.de/kam-bbs/files/2025/04/Bildungsangebote-realisieren.png 474w, https://wordpress.nibis.de/kam-bbs/files/2025/04/Bildungsangebote-realisieren-300x177.png 300w" sizes="auto, (max-width: 474px) 100vw, 474px" /></div>



<table style="height: 278px;border-color: black" border="0" width="658">
<tbody>
<tr>
<td style="background-color: #ccffff;width: 37px;border-color: black;vertical-align: middle" rowspan="7" width="37">
<p style="text-align: center"><span style="color: #000000"><strong>B1</strong></span></p>
</td>
<td style="background-color: #ccffff;width: 285px;border-color: black" width="285"><span style="color: #000000"><strong>Unterricht planen</strong></span></td>
</tr>
<tr>
<td style="border-color: black;width: 285px" width="285"><span style="color: #000000"><strong>Die Schule setzt die curricularen Vorgaben in allen Bildungsgängen in den berufsbezogenen und berufsübergreifenden Lernbereichen handlungsorientiert um und nimmt regelmäßig Anpassungen vor.</strong></span></td>
</tr>
<tr>
<td style="border-color: black;width: 285px" width="285"><span style="color: #000000"><strong>Anforderung (A):</strong></span><br><span style="color: #000000">Die rechtlichen Vorgaben sind bei der Erstellung und Implementierung der didaktisch-methodischen Planungen eingehalten.</span></td>
</tr>
<tr>
<td style="width: 285px;background-color: #dcdcdc;border-color: black;vertical-align: bottom" width="285"><span style="color: #000000">Die folgenden Hinweise dienen den Schulen zur <strong>Unterstützung bei der Bearbeitung der Kernaufgaben</strong>. Sie sind jedoch <strong>nicht verbindlich</strong> und somit <strong>nicht Erlassbestandteil</strong>.</span></td>
</tr>
<tr>
<td style="border-color: black;width: 285px" rowspan="3" width="285">
<ul>
<li><em><span style="color: #000000">Lernsituationen werden gemäß der verbindlichen Leitlinie „Schulisches Curriculum Berufsbildende Schulen (SchuCu-BBS)“ erstellt.</span></em></li>
<li><em><span style="color: #000000">Aktuelle Leitfäden und/oder Handlungsempfehlungen sind beachtet.</span></em></li>
<li><em><span style="color: #000000">Urheberrechte und verwandte Schutzrechte sowie Datenschutzkonformität sind beachtet.</span></em></li>
<li><em><span style="color: #000000">Schulische Vereinbarungen zur Erstellung der didaktisch-methodischen Planungen liegen vor.</span></em></li>
</ul>
</td>
</tr>
</tbody>
</table>



<hr class="wp-block-separator is-style-wide" />



<table style="height: 278px;border-color: black" border="0" width="658">
<tbody>
<tr>
<td style="background-color: #ccffff;width: 37px;border-color: black;vertical-align: middle" rowspan="7" width="37">
<p style="text-align: center"><span style="color: #000000"><strong>B2</strong></span></p>
</td>
<td style="background-color: #ccffff;width: 285px;border-color: black" width="285"><span style="color: #000000"><strong>Materialien und Medien bereitstellen</strong></span></td>
</tr>
<tr>
<td style="border-color: black;width: 285px" width="285"><span style="color: #000000"><strong>Materialien und Medien werden beschafft bzw. durch die Bildungsgangs- und Fachgruppen entwickelt. Sie werden bereitgestellt, evaluiert und bei Bedarf angepasst.</strong></span></td>
</tr>
<tr>
<td style="border-color: black;width: 285px" width="285"><span style="color: #000000"><strong>Anforderung (A):</strong></span><br><span style="color: #000000">Materialien und Medien für den handlungsorientierten Unterricht liegen in allen Bildungsgängen vor und sind einsetzbar.</span></td>
</tr>
<tr>
<td style="width: 285px;background-color: #dcdcdc;border-color: black;vertical-align: bottom" width="285"><span style="color: #000000">Die folgenden Hinweise dienen den Schulen zur <strong>Unterstützung bei der Bearbeitung der Kernaufgaben</strong>. Sie sind jedoch <strong>nicht verbindlich</strong> und somit <strong>nicht Erlassbestandteil</strong>.</span></td>
</tr>
<tr>
<td style="border-color: black;width: 285px" rowspan="3" width="285">
<ul>
<li><span style="color: #000000"><em>Materialien und Medien stehen in Bezug zu den Lernsituationen.</em></span></li>
<li><span style="color: #000000"><em>Urheberrechte und verwandte Schutzrechte sowie Datenschutzkonformität sind beachtet.</em></span></li>
<li><span style="color: #000000"><em>Schulische Vereinbarungen bezüglich Zugriff und Nutzung von Materialien und Medien liegen vor.</em></span></li>
</ul>
</td>
</tr>
</tbody>
</table>



<hr class="wp-block-separator is-style-wide" />



<table style="height: 278px;border-color: black" border="0" width="658">
<tbody>
<tr>
<td style="background-color: #ccffff;width: 37px;border-color: black;vertical-align: middle" rowspan="7" width="37">
<p style="text-align: center"><span style="color: #000000"><strong>B3</strong></span></p>
</td>
<td style="background-color: #ccffff;width: 285px;border-color: black" width="285"><span style="color: #000000"><strong>Unterricht organisieren</strong></span></td>
</tr>
<tr>
<td style="border-color: black;width: 285px" width="285"><span style="color: #000000"><strong>In allen Bildungsgängen ist die zeitliche Abfolge und Organisation der didaktisch-methodischen Planungen mit den Stundenplänen abgestimmt.</strong></span></td>
</tr>
<tr>
<td style="border-color: black;width: 285px" width="285"><span style="color: #000000"><strong>Anforderung (A):</strong></span><br><span style="color: #000000">Schulische Vereinbarungen zur Erstellung der zeitlichen Abfolge und Organisation der didaktisch-methodischen Planungen liegen vor und sind mit den Grundsätzen der Gestaltung der Stundenpläne vereinbar.</span></td>
</tr>
<tr>
<td style="width: 285px;background-color: #dcdcdc;border-color: black;vertical-align: bottom" width="285"><span style="color: #000000">Die folgenden Hinweise dienen den Schulen zur <strong>Unterstützung bei der Bearbeitung der Kernaufgaben</strong>. Sie sind jedoch <strong>nicht verbindlich</strong> und somit <strong>nicht Erlassbestandteil</strong>.</span></td>
</tr>
<tr>
<td style="border-color: black;width: 285px" rowspan="3" width="285">
<ul>
<li><span style="color: #000000"><em>Die Jahresplanung ist gemäß der verbindlichen Leitlinie „Schulisches Curriculum Berufsbildende Schulen (SchuCu-BBS)“ erstellt.</em></span></li>
<li><span style="color: #000000"><em>Aktuelle Leitfäden und/oder Handlungsempfehlungen zum Präsenz- und Distanzunterricht sind beachtet.</em></span></li>
<li><span style="color: #000000"><em>Die zeitlichen und organisatorischen Planungen sind dokumentiert und allen Verantwortlichen und Beteiligten kommuniziert (Bezug zum Qualitätsbereich „Personal führen“, Kernaufgabe P6 „Personal einsetzen“).</em></span></li>
<li><span style="color: #000000"><em>Operativ erforderliche Abweichungen (z. B. Vertretungen, Exkursionen) werden in den Bildungsgängen abgestimmt und an die/den für die Vertretungsplanerstellung Zuständige/n weitergeleitet (Bezug Qualitätsbereich „Personal führen“, Kernaufgabe P6 „Personal einsetzen“).</em></span></li>
</ul>
</td>
</tr>
</tbody>
</table>



<hr class="wp-block-separator is-style-wide" />



<table style="height: 278px;border-color: black" border="0" width="658">
<tbody>
<tr>
<td style="background-color: #ccffff;width: 37px;border-color: black;vertical-align: middle" rowspan="7" width="37">
<p style="text-align: center"><span style="color: #000000"><strong>B4</strong></span></p>
</td>
<td style="background-color: #ccffff;width: 285px;border-color: black;vertical-align: middle" width="285"><span style="color: #000000"><strong>Unterricht durchführen</strong></span></td>
</tr>
<tr>
<td style="border-color: black;width: 285px;vertical-align: middle" width="285"><span style="color: #000000"><strong>Der Unterricht wird in allen Bildungsgängen kompetenzorientiert auf Basis des didaktisch-methodischen Konzepts der Handlungsorientierung durchgeführt.</strong></span></td>
</tr>
<tr>
<td style="border-color: black;width: 285px;vertical-align: middle" width="285"><span style="color: #000000"><strong>Anforderung (A):</strong></span><br><span style="color: #000000">Die kompetenzorientierten schulischen Curricula werden im Unterricht umgesetzt.</span></td>
</tr>
<tr>
<td style="width: 285px;background-color: #dcdcdc;border-color: black;vertical-align: middle" width="285"><span style="color: #000000">Die folgenden Hinweise dienen den Schulen zur <strong>Unterstützung bei der Bearbeitung der Kernaufgaben</strong>. Sie sind jedoch <strong>nicht verbindlich</strong> und somit <strong>nicht Erlassbestandteil</strong>.</span></td>
</tr>
<tr>
<td style="border-color: black;width: 285px" rowspan="3" width="285">
<ul>
<li><span style="color: #000000"><em>Kriterien für handlungsorientierten Unterricht gemäß des Instruments UB-BBS sind in den Bildungsgangs- und Fachgruppen abgestimmt und im Unterricht umgesetzt.</em></span></li>
<li><span style="color: #000000"><em>Der Unterricht erfolgt gemäß den zeitlichen und organisatorischen Planungen (z. B. Jahresplanung gemäß SchuCu-BBS, Stunden- und Vertretungsplanung).</em></span></li>
</ul>
</td>
</tr>
</tbody>
</table>




<hr class="wp-block-separator is-style-wide" />



<table style="height: 278px;border-color: black" border="0" width="658">
<tbody>
<tr>
<td style="background-color: #ccffff;width: 37px;border-color: black;vertical-align: middle" rowspan="7" width="37">
<p style="text-align: center"><span style="color: #000000"><strong>B5</strong></span></p>
</td>
<td style="background-color: #ccffff;width: 285px;border-color: black;vertical-align: middle" width="285"><span style="color: #000000"><strong>Unterricht evaluieren</strong></span></td>
</tr>
<tr>
<td style="border-color: black;width: 285px" width="285"><span style="color: #000000"><strong>In allen Bildungsgängen wird die Evaluation der Unterrichtsqualität systematisch durchgeführt.</strong></span></td>
</tr>
<tr>
<td style="border-color: black;width: 285px;vertical-align: middle" width="285"><span style="color: #000000"><strong>Anforderung (A):</strong></span><br><span style="color: #000000">Aus den Ergebnissen werden in den Bildungsgangs- und Fachgruppen Verbesserungsmaßnahmen abgeleitet.</span></td>
</tr>
<tr>
<td style="width: 285px;background-color: #dcdcdc;border-color: black;vertical-align: middle" width="285"><span style="color: #000000">Die folgenden Hinweise dienen den Schulen zur <strong>Unterstützung bei der Bearbeitung der Kernaufgaben</strong>. Sie sind jedoch <strong>nicht verbindlich</strong> und somit <strong>nicht Erlassbestandteil</strong>.</span></td>
</tr>
<tr>
<td style="border-color: black;width: 285px" rowspan="3" width="285">
<ul>
<li><em><span style="color: #000000">Es liegt ein Kriterien gestütztes gemeinsames Verständnis handlungsorientierten Unterrichts vor.</span></em></li>
<li><em><span style="color: #000000">Zur Analyse der Unterrichtsqualität stehen verschiedene Instrumente (z.&nbsp;B. UB-BBS, Lernsituationen analysieren, SchüBe-BBS) zur Verfügung.&nbsp;</span></em></li>
</ul>
</td>
</tr>
</tbody>
</table>

<p>B1 Unterricht planen Die Schule setzt die curricularen Vorgaben in allen Bildungsgängen in den berufsbezogenen und berufsübergreifenden Lernbereichen handlungsorientiert um und nimmt regelmäßig Anpassungen vor. Anforderung (A):Die rechtlichen Vorgaben sind bei der Erstellung und Implementierung der didaktisch-methodischen Planungen eingehalten. Die folgenden Hinweise dienen den Schulen zur Unterstützung bei der Bearbeitung der Kernaufgaben. Sie sind jedoch &hellip; <a href="https://wordpress.nibis.de/kam-bbs/bildungsangebote-realisieren/" class="more-link"><span class="screen-reader-text">Bildungsangebote realisieren</span> weiterlesen <span class="meta-nav">&rarr;</span></a></p>
