{"id":116,"date":"2025-04-06T07:26:47","date_gmt":"2025-04-06T05:26:47","guid":{"rendered":"https:\/\/wordpress.nibis.de\/kam-bbs\/?page_id=116"},"modified":"2025-05-14T06:04:33","modified_gmt":"2025-05-14T04:04:33","slug":"leistungen-feststellen-bewerten-und-kommunizieren","status":"publish","type":"page","link":"https:\/\/wordpress.nibis.de\/kam-bbs\/leistungen-feststellen-bewerten-und-kommunizieren\/","title":{"rendered":"Leistungen feststellen, bewerten und kommunizieren"},"content":{"rendered":"\n<div style=\"text-align: center\">\n  <img loading=\"lazy\" decoding=\"async\" width=\"472\" height=\"145\" src=\"https:\/\/wordpress.nibis.de\/kam-bbs\/files\/2025\/04\/Leistungen-feststellen.png\" alt=\"Leistungen feststellen, bewerten und kommunizieren\" class=\"wp-image-261\" srcset=\"https:\/\/wordpress.nibis.de\/kam-bbs\/files\/2025\/04\/Leistungen-feststellen.png 472w, https:\/\/wordpress.nibis.de\/kam-bbs\/files\/2025\/04\/Leistungen-feststellen-300x92.png 300w\" sizes=\"auto, (max-width: 472px) 100vw, 472px\" \/>\n<\/div>\n\n\n\n<table style=\"height: 278px;border-color: black\" border=\"0\" width=\"658\">\n<tbody>\n<tr>\n<td style=\"background-color: #ccffff;width: 37px;border-color: black;vertical-align: middle\" rowspan=\"7\" width=\"37\">\n<p style=\"text-align: center\"><span style=\"color: #000000\"><strong>B6<\/strong><\/span><\/p>\n<\/td>\n<td style=\"background-color: #ccffff;width: 285px;border-color: black;vertical-align: middle\" width=\"285\"><span style=\"color: #000000\"><strong>Leistungen feststellen und bewerten<\/strong><\/span><\/td>\n<\/tr>\n<tr>\n<td style=\"border-color: black;width: 285px;vertical-align: middle\" width=\"285\"><span style=\"color: #000000\"><strong>In allen Bildungsg\u00e4ngen werden die Leistungen der Sch\u00fclerinnen und Sch\u00fcler \u00fcber Leistungsnachweise regelm\u00e4\u00dfig festgestellt, dokumentiert und bewertet.<\/strong><\/span><\/td>\n<\/tr>\n<tr>\n<td style=\"border-color: black;width: 285px;vertical-align: middle\" width=\"285\"><span style=\"color: #000000\"><strong>Anforderung (A):<\/strong><\/span><br><span style=\"color: #000000\">Landesweite Vorgaben und erg\u00e4nzende schulische Regelungen zur Leistungsfeststellung werden in den Grunds\u00e4tzen der Leistungsbewertung f\u00fcr alle Bildungsg\u00e4nge beachtet.<\/span><\/td>\n<\/tr>\n<tr>\n<td style=\"width: 285px;background-color: #dcdcdc;border-color: black;vertical-align: middle\" width=\"285\"><span style=\"color: #000000\">Die folgenden Hinweise dienen den Schulen zur <strong>Unterst\u00fctzung bei der Bearbeitung der Kernaufgaben<\/strong>. Sie sind jedoch <strong>nicht verbindlich<\/strong> und somit <strong>nicht Erlassbestandteil<\/strong>.<\/span><\/td>\n<\/tr>\n<tr>\n<td style=\"border-color: black;width: 285px\" rowspan=\"3\" width=\"285\">\n<ul>\n<li><span style=\"color: #000000\"><em>Die Sch\u00fclerinnen und Sch\u00fcler (ggf. auch weitere zu Beteiligende) sind \u00fcber die Grunds\u00e4tze der Leistungsbewertung und \u00fcber die Anforderungen zu den erwarteten Leistungen informiert.<\/em><\/span><\/li>\n<li><span style=\"color: #000000\"><em>Die rechtlichen Vorgaben zur Organisation und Durchf\u00fchrung von (Abschluss-)Pr\u00fcfungen sind eingehalten.<\/em><\/span><\/li>\n<\/ul>\n<\/td>\n<\/tr>\n<\/tbody>\n<\/table>\n\n\n\n<hr class=\"wp-block-separator is-style-wide\" \/>\n\n\n\n<table style=\"height: 278px;border-color: black\" border=\"0\" width=\"658\">\n<tbody>\n<tr>\n<td style=\"background-color: #ccffff;width: 37px;border-color: black;vertical-align: middle\" rowspan=\"7\" width=\"37\">\n<p style=\"text-align: center\"><span style=\"color: #000000\"><strong>B7<\/strong><\/span><\/p>\n<\/td>\n<td style=\"background-color: #ccffff;width: 285px;border-color: black;vertical-align: middle\" width=\"285\"><span style=\"color: #000000\"><strong>\u00dcber Leistungsst\u00e4nde informieren<\/strong><\/span><\/td>\n<\/tr>\n<tr>\n<td style=\"border-color: black;width: 285px;vertical-align: middle\" width=\"285\"><span style=\"color: #000000\"><strong>Die Schule stellt sicher, dass die Sch\u00fclerinnen und Sch\u00fcler und ggf. weitere zu Beteiligende \u00fcber die Leistungsst\u00e4nde informiert werden.<\/strong><\/span><\/td>\n<\/tr>\n<tr>\n<td style=\"border-color: black;width: 285px;vertical-align: middle\" width=\"285\"><span style=\"color: #000000\"><strong>Anforderung (A):<\/strong><\/span><br><span style=\"color: #000000\">Abgestimmte Regelungen zur Organisation und Durchf\u00fchrung der Leistungsstandinformationen liegen vor.<\/span><\/td>\n<\/tr>\n<tr>\n<td style=\"width: 285px;background-color: #dcdcdc;border-color: black;vertical-align: middle\" width=\"285\"><span style=\"color: #000000\">Die folgenden Hinweise dienen den Schulen zur <strong>Unterst\u00fctzung bei der Bearbeitung der Kernaufgaben<\/strong>. Sie sind jedoch <strong>nicht verbindlich<\/strong> und somit <strong>nicht Erlassbestandteil<\/strong>.<\/span><\/td>\n<\/tr>\n<tr>\n<td style=\"border-color: black;width: 285px\" rowspan=\"3\" width=\"285\">\n<ul>\n<li><em><span style=\"color: #000000\">\u00dcber Leistungsst\u00e4nde wird z. B. in individuellen Gespr\u00e4chen mit Sch\u00fclerinnen und Sch\u00fclern sowie individuellen Gespr\u00e4chen mit Ausbildenden sowie Erziehungs- und Sorgeberechtigten informiert.<\/span><\/em><\/li>\n<li><em><span style=\"color: #000000\">Datenschutzrechtliche Bestimmungen sind eingehalten.<\/span><\/em><\/li>\n<\/ul>\n<\/td>\n<\/tr>\n<\/tbody>\n<\/table>\n","protected":false},"excerpt":{"rendered":"<p>B6 Leistungen feststellen und bewerten In allen Bildungsg\u00e4ngen werden die Leistungen der Sch\u00fclerinnen und Sch\u00fcler \u00fcber Leistungsnachweise regelm\u00e4\u00dfig festgestellt, dokumentiert und bewertet. Anforderung (A):Landesweite Vorgaben und erg\u00e4nzende schulische Regelungen zur Leistungsfeststellung werden in den Grunds\u00e4tzen der Leistungsbewertung f\u00fcr alle Bildungsg\u00e4nge beachtet. Die folgenden Hinweise dienen den Schulen zur Unterst\u00fctzung bei der Bearbeitung der Kernaufgaben. Sie &hellip; <a href=\"https:\/\/wordpress.nibis.de\/kam-bbs\/leistungen-feststellen-bewerten-und-kommunizieren\/\" class=\"more-link\"><span class=\"screen-reader-text\">Leistungen feststellen, bewerten und kommunizieren<\/span> weiterlesen <span class=\"meta-nav\">&rarr;<\/span><\/a><\/p>\n","protected":false},"author":9194395,"featured_media":0,"parent":0,"menu_order":0,"comment_status":"closed","ping_status":"closed","template":"","meta":{"footnotes":""},"class_list":["post-116","page","type-page","status-publish","hentry"],"_links":{"self":[{"href":"https:\/\/wordpress.nibis.de\/kam-bbs\/wp-json\/wp\/v2\/pages\/116","targetHints":{"allow":["GET"]}}],"collection":[{"href":"https:\/\/wordpress.nibis.de\/kam-bbs\/wp-json\/wp\/v2\/pages"}],"about":[{"href":"https:\/\/wordpress.nibis.de\/kam-bbs\/wp-json\/wp\/v2\/types\/page"}],"author":[{"embeddable":true,"href":"https:\/\/wordpress.nibis.de\/kam-bbs\/wp-json\/wp\/v2\/users\/9194395"}],"replies":[{"embeddable":true,"href":"https:\/\/wordpress.nibis.de\/kam-bbs\/wp-json\/wp\/v2\/comments?post=116"}],"version-history":[{"count":7,"href":"https:\/\/wordpress.nibis.de\/kam-bbs\/wp-json\/wp\/v2\/pages\/116\/revisions"}],"predecessor-version":[{"id":406,"href":"https:\/\/wordpress.nibis.de\/kam-bbs\/wp-json\/wp\/v2\/pages\/116\/revisions\/406"}],"wp:attachment":[{"href":"https:\/\/wordpress.nibis.de\/kam-bbs\/wp-json\/wp\/v2\/media?parent=116"}],"curies":[{"name":"wp","href":"https:\/\/api.w.org\/{rel}","templated":true}]}}

<div style="text-align: center">
  <img loading="lazy" decoding="async" width="472" height="145" src="https://wordpress.nibis.de/kam-bbs/files/2025/04/Leistungen-feststellen.png" alt="Leistungen feststellen, bewerten und kommunizieren" class="wp-image-261" srcset="https://wordpress.nibis.de/kam-bbs/files/2025/04/Leistungen-feststellen.png 472w, https://wordpress.nibis.de/kam-bbs/files/2025/04/Leistungen-feststellen-300x92.png 300w" sizes="auto, (max-width: 472px) 100vw, 472px" />
</div>



<table style="height: 278px;border-color: black" border="0" width="658">
<tbody>
<tr>
<td style="background-color: #ccffff;width: 37px;border-color: black;vertical-align: middle" rowspan="7" width="37">
<p style="text-align: center"><span style="color: #000000"><strong>B6</strong></span></p>
</td>
<td style="background-color: #ccffff;width: 285px;border-color: black;vertical-align: middle" width="285"><span style="color: #000000"><strong>Leistungen feststellen und bewerten</strong></span></td>
</tr>
<tr>
<td style="border-color: black;width: 285px;vertical-align: middle" width="285"><span style="color: #000000"><strong>In allen Bildungsgängen werden die Leistungen der Schülerinnen und Schüler über Leistungsnachweise regelmäßig festgestellt, dokumentiert und bewertet.</strong></span></td>
</tr>
<tr>
<td style="border-color: black;width: 285px;vertical-align: middle" width="285"><span style="color: #000000"><strong>Anforderung (A):</strong></span><br><span style="color: #000000">Landesweite Vorgaben und ergänzende schulische Regelungen zur Leistungsfeststellung werden in den Grundsätzen der Leistungsbewertung für alle Bildungsgänge beachtet.</span></td>
</tr>
<tr>
<td style="width: 285px;background-color: #dcdcdc;border-color: black;vertical-align: middle" width="285"><span style="color: #000000">Die folgenden Hinweise dienen den Schulen zur <strong>Unterstützung bei der Bearbeitung der Kernaufgaben</strong>. Sie sind jedoch <strong>nicht verbindlich</strong> und somit <strong>nicht Erlassbestandteil</strong>.</span></td>
</tr>
<tr>
<td style="border-color: black;width: 285px" rowspan="3" width="285">
<ul>
<li><span style="color: #000000"><em>Die Schülerinnen und Schüler (ggf. auch weitere zu Beteiligende) sind über die Grundsätze der Leistungsbewertung und über die Anforderungen zu den erwarteten Leistungen informiert.</em></span></li>
<li><span style="color: #000000"><em>Die rechtlichen Vorgaben zur Organisation und Durchführung von (Abschluss-)Prüfungen sind eingehalten.</em></span></li>
</ul>
</td>
</tr>
</tbody>
</table>



<hr class="wp-block-separator is-style-wide" />



<table style="height: 278px;border-color: black" border="0" width="658">
<tbody>
<tr>
<td style="background-color: #ccffff;width: 37px;border-color: black;vertical-align: middle" rowspan="7" width="37">
<p style="text-align: center"><span style="color: #000000"><strong>B7</strong></span></p>
</td>
<td style="background-color: #ccffff;width: 285px;border-color: black;vertical-align: middle" width="285"><span style="color: #000000"><strong>Über Leistungsstände informieren</strong></span></td>
</tr>
<tr>
<td style="border-color: black;width: 285px;vertical-align: middle" width="285"><span style="color: #000000"><strong>Die Schule stellt sicher, dass die Schülerinnen und Schüler und ggf. weitere zu Beteiligende über die Leistungsstände informiert werden.</strong></span></td>
</tr>
<tr>
<td style="border-color: black;width: 285px;vertical-align: middle" width="285"><span style="color: #000000"><strong>Anforderung (A):</strong></span><br><span style="color: #000000">Abgestimmte Regelungen zur Organisation und Durchführung der Leistungsstandinformationen liegen vor.</span></td>
</tr>
<tr>
<td style="width: 285px;background-color: #dcdcdc;border-color: black;vertical-align: middle" width="285"><span style="color: #000000">Die folgenden Hinweise dienen den Schulen zur <strong>Unterstützung bei der Bearbeitung der Kernaufgaben</strong>. Sie sind jedoch <strong>nicht verbindlich</strong> und somit <strong>nicht Erlassbestandteil</strong>.</span></td>
</tr>
<tr>
<td style="border-color: black;width: 285px" rowspan="3" width="285">
<ul>
<li><em><span style="color: #000000">Über Leistungsstände wird z. B. in individuellen Gesprächen mit Schülerinnen und Schülern sowie individuellen Gesprächen mit Ausbildenden sowie Erziehungs- und Sorgeberechtigten informiert.</span></em></li>
<li><em><span style="color: #000000">Datenschutzrechtliche Bestimmungen sind eingehalten.</span></em></li>
</ul>
</td>
</tr>
</tbody>
</table>

<p>B6 Leistungen feststellen und bewerten In allen Bildungsgängen werden die Leistungen der Schülerinnen und Schüler über Leistungsnachweise regelmäßig festgestellt, dokumentiert und bewertet. Anforderung (A):Landesweite Vorgaben und ergänzende schulische Regelungen zur Leistungsfeststellung werden in den Grundsätzen der Leistungsbewertung für alle Bildungsgänge beachtet. Die folgenden Hinweise dienen den Schulen zur Unterstützung bei der Bearbeitung der Kernaufgaben. Sie &hellip; <a href="https://wordpress.nibis.de/kam-bbs/leistungen-feststellen-bewerten-und-kommunizieren/" class="more-link"><span class="screen-reader-text">Leistungen feststellen, bewerten und kommunizieren</span> weiterlesen <span class="meta-nav">&rarr;</span></a></p>
