{"id":13,"date":"2024-08-05T09:04:18","date_gmt":"2024-08-05T07:04:18","guid":{"rendered":"https:\/\/wordpress.nibis.de\/kam-bbs\/?page_id=13"},"modified":"2024-08-05T09:16:23","modified_gmt":"2024-08-05T07:16:23","slug":"start","status":"publish","type":"page","link":"https:\/\/wordpress.nibis.de\/kam-bbs\/","title":{"rendered":"Willkommen auf der Seite zum Kernaufgabenmodell f\u00fcr berufsbildende Schulen in Niedersachsen (KAM-BBS)"},"content":{"rendered":"\n<p>Die auf der Homepage KAM-BBS ver\u00f6ffentlichten Informationen sollen die nieders\u00e4chsischen berufsbildenden Schulen&nbsp;bei der Umsetzung des schulindividuellen Qualit\u00e4tsentwicklungsprozesses unterst\u00fctzen.<\/p>\n\n\n\n<p>Wir bitten Sie, als Nutzerin bzw. Nutzer dieser Seite, uns R\u00fcckmeldungen zu geben, falls Sie weitere Anregungen f\u00fcr uns haben oder Fehler entdecken.<\/p>\n\n\n\n<p>Nutzen Sie f\u00fcr Ihre R\u00fcckmeldung das Formular \u201eE-Mail an Ansprechpartner\/in\u201c in dem rechten Bereich der Startseite.<\/p>\n\n\n\n<p>Schulisches Qualit\u00e4tsmanagement an berufsbildenden Schulen auf der Grundlage des Kernaufgabenmodells-BBS (KAM-BBS)<\/p>\n\n\n\n<h2 class=\"wp-block-heading\"><strong>Kernaufgabenmodell-BBS (2022)<\/strong><\/h2>\n\n\n\n<ol class=\"wp-block-list\"><li><strong>Weiterentwicklung des Qualit\u00e4tsmanagementsystems berufsbildender Schulen<\/strong><\/li><\/ol>\n\n\n\n<p>In Niedersachsen sind \u00f6ffentliche berufsbildende Schulen seit 2011 verpflichtet, ein Qualit\u00e4tsmanagementsystem zu implementieren, das auf dem landesweit einheitlichen Kernaufgabenmodell f\u00fcr berufsbildende Schulen (KAM-BBS) in Niedersachsen basiert.<br>Seit Einf\u00fchrung des KAM-BBS durchlaufen berufsbildende Schulen strategische Qualit\u00e4tsentwicklungsprozesse der Schul- und Unterrichtsentwicklung. Diese Prozesse sind die Grundlage f\u00fcr die zukunftsf\u00e4hige und nachhaltige Ausrichtung der Regionalen Kompetenzzentren.<br>Die Schulen sind gehalten, alle Kernaufgaben (KA) der sieben obligatorischen Qualit\u00e4tsbereiche (QB) des KAM-BBS prozesshaft auszugestalten.<\/p>\n\n\n\n<ol class=\"wp-block-list\" start=\"2\"><li><strong>Qualit\u00e4tsbereiche, Qualit\u00e4tssegmente, Kernaufgaben und Anforderungen an die Bearbeitung der Kernaufgaben<\/strong><\/li><\/ol>\n\n\n\n<p>Die Qualit\u00e4tsbereiche (QB), denen eine allgemeine Beschreibung zugeordnet ist, bieten allen an der Qualit\u00e4tsentwicklung Beteiligten den Vorteil der Vereinheitlichung, Transparenz und Nachvollziehbarkeit. Die sieben QB stellen den Rahmen der Ausgestaltung schulischer Prozesse sowie der Festlegung von Verantwortlichkeiten bei gleichzeitiger Offenheit f\u00fcr schulindividuelle Entwicklungen dar.<\/p>\n\n\n\n<p>Im Einzelnen sind folgende Qualit\u00e4tsbereiche festgelegt:<\/p>\n\n\n\n<p>Qualit\u00e4tsbereich F \u201eSchule leiten\u201c (QB F)<br>Qualit\u00e4tsbereich S \u201eSchule entwickeln\u201c (QB S)<br>Qualit\u00e4tsbereich P \u201ePersonal f\u00fchren\u201c (QB P)<br>Qualit\u00e4tsbereich B \u201eBildungsangebote gestalten\u201c (QB B)<br>Qualit\u00e4tsbereich R \u201eRessourcen managen\u201c (QB R)<br>Qualit\u00e4tsbereich K \u201eKooperationen entwickeln\u201c (QB K)<br>Qualit\u00e4tsbereich E \u201eErgebnisse und Erfolge bewerten\u201c (QB E)<\/p>\n\n\n\n<p>Den Qualit\u00e4tsbereich B \u201eBildungsangebote gestalten\u201c (QB B) gilt es gezielt weiterzuentwickeln, um die Unterrichtsentwicklung in den Mittelpunkt des schulindividuellen Qualit\u00e4tsentwicklungsprozesses zu stellen.<\/p>\n\n\n\n<p>Allen Qualit\u00e4tsbereichen sind jeweils verbindliche Kernaufgaben zugeordnet, die zentrale Prozesse oder Aufgaben in Schule benennen. Die prozesshafte Beschreibung der Kernaufgaben wird durch verbindliche Anforderungen an die Bearbeitung der Kernaufgaben erg\u00e4nzt. Zum Teil sind Kernaufgaben zu Qualit\u00e4tssegmenten geb\u00fcndelt.<\/p>\n\n\n\n<ol class=\"wp-block-list\" start=\"3\"><li><strong>Prozesshafte Ausgestaltung der Kernaufgaben<\/strong><\/li><\/ol>\n\n\n\n<p>Die Schulen sind gehalten, zur Bearbeitung der Kernaufgaben innerschulische Prozesse zu entwickeln und auszugestalten. Die Kernaufgaben sind in der Schule nachweisbarverl\u00e4sslich zu implementieren. Es geht nicht um ein formales Abhandeln und aufwendiges Beschreiben. Schulische Qualit\u00e4tsentwicklungsprozesse dienen der Weiterentwicklung und k\u00f6nnen nicht als \u201eabgeschlossen\u201c betrachtet werden.<br>Die schulindividuelle Arbeit mit dem KAM-BBS ist durch die strategischen \u00dcberlegungen des Landes und der Schule gepr\u00e4gt und wird in schulischen Handlungsfeldern konkretisiert. Diese sind innerhalb eines f\u00fcr die Schule angemessenen Zeitraumes zu bearbeiten.<br>Mit den verbindlichen Anforderungen an die Bearbeitung der Kernaufgaben (in der Anlage mit (A) gekennzeichnet) wird eine verl\u00e4ssliche Grundlage f\u00fcr die Einsch\u00e4tzung der prozesshaften Ausgestaltung der Kernaufgaben im Rahmen externer und interner Evaluationen beschrieben.<\/p>\n\n\n\n<ol class=\"wp-block-list\" start=\"4\"><li><strong>Beratung und Unterst\u00fctzung, Evaluation<\/strong><\/li><\/ol>\n\n\n\n<p>Die Schulen werden bei der schulweiten prozesshaften Ausgestaltung der Qualit\u00e4tsbereiche und der Implementierung der Kernaufgaben weiterhin vertraulich und schulindividuell durch die QM-Prozessberatung-BBS beraten und unterst\u00fctzt.<br>Insbesondere zur Gestaltung des Qualit\u00e4tsbereiches B \u201eBildungsangebote gestalten\u201c (QB B) stehen die Fachberaterinnen und Fachberater f\u00fcr berufsbildende Schulen zur Verf\u00fcgung.<br>Die Mitwirkung der Schulinspektion-BBS ergibt sich aus der externen Evaluation des QM-Prozesses an den berufsbildenden Schulen. Die Einsch\u00e4tzung der Prozesse zur Ausgestaltung der Kernaufgaben und damit der Prozessqualit\u00e4t steht dabei im Vordergrund.<br>\u00dcber Pr\u00fcfauftr\u00e4ge des Nieders\u00e4chsischen Kultusministeriums an die Schulinspektion-BBS des Nieders\u00e4chsischen Landesinstitutes f\u00fcr schulische Qualit\u00e4tsentwicklung (NLQ) erfolgt die Festlegung der f\u00fcr die Evaluation landesweit vorgesehenen Kernaufgaben, wobei Kernaufgaben des QB B grunds\u00e4tzlich gesetzt sind.<\/p>\n\n\n\n<ol class=\"wp-block-list\" start=\"5\"><li>Schlussbestimmungen<br>Dieser RdErl. tritt am 1.8.2022 in Kraft und mit Ablauf des 31.12.2027 au\u00dfer Kraft.<\/li><\/ol>\n","protected":false},"excerpt":{"rendered":"<p>Die auf der Homepage KAM-BBS ver\u00f6ffentlichten Informationen sollen die nieders\u00e4chsischen berufsbildenden Schulen&nbsp;bei der Umsetzung des schulindividuellen Qualit\u00e4tsentwicklungsprozesses unterst\u00fctzen. Wir bitten Sie, als Nutzerin bzw. Nutzer dieser Seite, uns R\u00fcckmeldungen zu geben, falls Sie weitere Anregungen f\u00fcr uns haben oder Fehler entdecken. Nutzen Sie f\u00fcr Ihre R\u00fcckmeldung das Formular \u201eE-Mail an Ansprechpartner\/in\u201c in dem rechten Bereich &hellip; <a href=\"https:\/\/wordpress.nibis.de\/kam-bbs\/\" class=\"more-link\"><span class=\"screen-reader-text\">Willkommen auf der Seite zum Kernaufgabenmodell f\u00fcr berufsbildende Schulen in Niedersachsen (KAM-BBS)<\/span> weiterlesen <span class=\"meta-nav\">&rarr;<\/span><\/a><\/p>\n","protected":false},"author":9194395,"featured_media":0,"parent":0,"menu_order":0,"comment_status":"closed","ping_status":"closed","template":"","meta":{"footnotes":""},"class_list":["post-13","page","type-page","status-publish","hentry"],"_links":{"self":[{"href":"https:\/\/wordpress.nibis.de\/kam-bbs\/wp-json\/wp\/v2\/pages\/13","targetHints":{"allow":["GET"]}}],"collection":[{"href":"https:\/\/wordpress.nibis.de\/kam-bbs\/wp-json\/wp\/v2\/pages"}],"about":[{"href":"https:\/\/wordpress.nibis.de\/kam-bbs\/wp-json\/wp\/v2\/types\/page"}],"author":[{"embeddable":true,"href":"https:\/\/wordpress.nibis.de\/kam-bbs\/wp-json\/wp\/v2\/users\/9194395"}],"replies":[{"embeddable":true,"href":"https:\/\/wordpress.nibis.de\/kam-bbs\/wp-json\/wp\/v2\/comments?post=13"}],"version-history":[{"count":4,"href":"https:\/\/wordpress.nibis.de\/kam-bbs\/wp-json\/wp\/v2\/pages\/13\/revisions"}],"predecessor-version":[{"id":20,"href":"https:\/\/wordpress.nibis.de\/kam-bbs\/wp-json\/wp\/v2\/pages\/13\/revisions\/20"}],"wp:attachment":[{"href":"https:\/\/wordpress.nibis.de\/kam-bbs\/wp-json\/wp\/v2\/media?parent=13"}],"curies":[{"name":"wp","href":"https:\/\/api.w.org\/{rel}","templated":true}]}}