{"id":296,"date":"2025-04-15T20:53:20","date_gmt":"2025-04-15T18:53:20","guid":{"rendered":"https:\/\/wordpress.nibis.de\/kam-bbs\/?page_id=296"},"modified":"2025-05-13T19:06:50","modified_gmt":"2025-05-13T17:06:50","slug":"personal-beschaffen-2","status":"publish","type":"page","link":"https:\/\/wordpress.nibis.de\/kam-bbs\/personal-beschaffen-2\/","title":{"rendered":"Personal beschaffen"},"content":{"rendered":"\n<div style=\"text-align: center\"><img loading=\"lazy\" decoding=\"async\" width=\"441\" height=\"190\" src=\"https:\/\/wordpress.nibis.de\/kam-bbs\/files\/2025\/04\/Personal-beschaffen.png\" alt=\"\" class=\"wp-image-293\" srcset=\"https:\/\/wordpress.nibis.de\/kam-bbs\/files\/2025\/04\/Personal-beschaffen.png 441w, https:\/\/wordpress.nibis.de\/kam-bbs\/files\/2025\/04\/Personal-beschaffen-300x129.png 300w\" sizes=\"auto, (max-width: 441px) 100vw, 441px\" \/><\/div>\n\n\n\n<table style=\"height: 278px;border-color: black\" width=\"658\">\n<tbody>\n<tr>\n<td style=\"background-color: #ccffcc;width: 37px;border-color: black;vertical-align: middle\" rowspan=\"7\" width=\"37\">\n<p style=\"text-align: center\"><span style=\"color: #000000\"><strong>P1<\/strong><\/span><\/p>\n<\/td>\n<td style=\"background-color: #ccffcc;width: 285px;border-color: black\" width=\"285\">\n<p><span style=\"color: #000000\"><strong>Personalbedarf ermitteln<\/strong><\/span><\/p>\n<\/td>\n<\/tr>\n<tr>\n<td style=\"border-color: black;width: 285px\" width=\"285\">\n<p><span style=\"color: #000000\"><strong>Die Schule erhebt die aktuelle Personalausstattung und ermittelt systematisch den aktuellen und zuk\u00fcnftigen Personalbedarf.<\/strong><\/span><\/p>\n<\/td>\n<\/tr>\n<tr>\n<td style=\"border-color: black;width: 285px\" width=\"285\"><span style=\"color: #000000\"><strong>Anforderung (A):<\/strong><\/span><br><span style=\"color: #000000\">Eine \u00dcbersicht \u00fcber die aktuelle Personalausstattung liegt vor.<\/span><\/td>\n<\/tr>\n<tr>\n<td style=\"width: 285px;background-color: #dcdcdc;border-color: black;vertical-align: bottom\" width=\"285\"><span style=\"color: #000000\">Die folgenden Hinweise dienen den Schulen zur <strong>Unterst\u00fctzung bei der Bearbeitung der Kernaufgaben<\/strong>. Sie sind jedoch <strong>nicht verbindlich<\/strong> und somit <strong>nicht Erlassbestandteil<\/strong>.<\/span><\/td>\n<\/tr>\n<tr>\n<td style=\"border-color: black;width: 285px\" rowspan=\"3\" width=\"285\">\n<ul>\n<li><span style=\"color: #000000\"><em>Die quantitative und qualitative Personalbedarfsplanung ist ber\u00fccksichtigt.<\/em><\/span><\/li>\n<li><span style=\"color: #000000\"><em>Die relevanten schulischen Gremien sind bedarfsgerecht an der Personalbedarfsplanung beteiligt.<\/em><\/span><\/li>\n<\/ul>\n<\/td>\n<\/tr>\n<\/tbody>\n<\/table>\n\n\n\n<hr class=\"wp-block-separator is-style-wide\" \/>\n\n\n\n<table style=\"height: 278px;border-color: black\" width=\"658\">\n<tbody>\n<tr>\n<td style=\"background-color: #ccffcc;width: 37px;border-color: black;vertical-align: middle\" rowspan=\"7\" width=\"37\">\n<p style=\"text-align: center\"><span style=\"color: #000000\"><strong>P2<\/strong><\/span><\/p>\n<\/td>\n<td style=\"background-color: #ccffcc;width: 285px;border-color: black\" width=\"285\">\n<p><span style=\"color: #000000\"><strong>Personal beschaffen<\/strong><\/span><\/p>\n<\/td>\n<\/tr>\n<tr>\n<td style=\"border-color: black;width: 285px\" width=\"285\">\n<p><span style=\"color: #000000\"><strong>Die Schule entwickelt auf Grundlage des ermittelten Personalbedarfs geeignete Ma\u00dfnahmen zur Personalbeschaffung und f\u00fchrt diese systematisch durch. <\/strong><\/span><\/p>\n<\/td>\n<\/tr>\n<tr>\n<td style=\"border-color: black;width: 285px\" width=\"285\"><span style=\"color: #000000\"><strong>Anforderung (A):<\/strong><\/span><br><span style=\"color: #000000\">Abgestimmte Vorgehensweisen zur Personalbeschaffung liegen vor.<\/span><\/td>\n<\/tr>\n<tr>\n<td style=\"width: 285px;background-color: #dcdcdc;border-color: black;vertical-align: bottom\" width=\"285\"><span style=\"color: #000000\">Die folgenden Hinweise dienen den Schulen zur <strong>Unterst\u00fctzung bei der Bearbeitung der Kernaufgaben<\/strong>. Sie sind jedoch <strong>nicht verbindlich<\/strong> und somit <strong>nicht Erlassbestandteil<\/strong>.<\/span><\/td>\n<\/tr>\n<tr>\n<td style=\"border-color: black;width: 285px\" rowspan=\"3\" width=\"285\">\n<ul>\n<li><span style=\"color: #000000\"><em>Die Schule beteiligt sich an der Ausbildung von Lehrkr\u00e4ften (z. B. Schulpraktika, Ausbildung von Lehrkr\u00e4ften im Vorbereitungsdienst sowie Quereinsteigerinnen und Quereinsteigern).<\/em><\/span><\/li>\n<li><span style=\"color: #000000\"><em>Die relevanten schulischen Gremien sind an der Personalbeschaffung beteiligt.<\/em><\/span><\/li>\n<\/ul>\n<\/td>\n<\/tr>\n<\/tbody>\n<\/table>\n\n\n\n<hr class=\"wp-block-separator is-style-wide\" \/>\n\n\n\n<table style=\"height: 278px;border-color: black\" width=\"658\">\n<tbody>\n<tr>\n<td style=\"background-color: #ccffcc;width: 37px;border-color: black;vertical-align: middle\" rowspan=\"7\" width=\"37\">\n<p style=\"text-align: center\"><span style=\"color: #000000\"><strong>P3<\/strong><\/span><\/p>\n<\/td>\n<td style=\"background-color: #ccffcc;width: 285px;border-color: black\" width=\"285\">\n<p><span style=\"color: #000000\"><strong>Personal einarbeiten<\/strong><\/span><\/p>\n<\/td>\n<\/tr>\n<tr>\n<td style=\"border-color: black;width: 285px\" width=\"285\">\n<p><span style=\"color: #000000\"><strong>Die Schule unterst\u00fctzt lehrendes und nicht lehrendes Personal bei ihrer Einarbeitung.<\/strong><\/span><\/p>\n<\/td>\n<\/tr>\n<tr>\n<td style=\"border-color: black;width: 285px\" width=\"285\"><span style=\"color: #000000\"><strong>Anforderung (A):<\/strong><\/span><br><span style=\"color: #000000\">Ein Konzept zur Einarbeitung und Unterst\u00fctzung des lehrenden und nicht lehrenden Personals liegt vor.<\/span><\/td>\n<\/tr>\n<tr>\n<td style=\"width: 285px;background-color: #dcdcdc;border-color: black;vertical-align: bottom\" width=\"285\"><span style=\"color: #000000\">Die folgenden Hinweise dienen den Schulen zur <strong>Unterst\u00fctzung bei der Bearbeitung der Kernaufgaben<\/strong>. Sie sind jedoch <strong>nicht verbindlich<\/strong> und somit <strong>nicht Erlassbestandteil<\/strong>.<\/span><\/td>\n<\/tr>\n<tr>\n<td style=\"border-color: black;width: 285px\" rowspan=\"3\" width=\"285\">\n<ul>\n<li><span style=\"color: #000000\"><em>Das Konzept zur Einarbeitung und Unterst\u00fctzung des lehrenden und nicht lehrenden Personals ist kommuniziert und wird umgesetzt.<\/em><\/span><\/li>\n<li><span style=\"color: #000000\"><em>Ansprechpartnerinnen und Ansprechpartner sind dem lehrenden und nicht lehrenden Personal bekannt.<\/em><\/span><\/li>\n<\/ul>\n<\/td>\n<\/tr>\n<\/tbody>\n<\/table>\n","protected":false},"excerpt":{"rendered":"<p>P1 Personalbedarf ermitteln Die Schule erhebt die aktuelle Personalausstattung und ermittelt systematisch den aktuellen und zuk\u00fcnftigen Personalbedarf. Anforderung (A):Eine \u00dcbersicht \u00fcber die aktuelle Personalausstattung liegt vor. Die folgenden Hinweise dienen den Schulen zur Unterst\u00fctzung bei der Bearbeitung der Kernaufgaben. Sie sind jedoch nicht verbindlich und somit nicht Erlassbestandteil. Die quantitative und qualitative Personalbedarfsplanung ist ber\u00fccksichtigt. &hellip; <a href=\"https:\/\/wordpress.nibis.de\/kam-bbs\/personal-beschaffen-2\/\" class=\"more-link\"><span class=\"screen-reader-text\">Personal beschaffen<\/span> weiterlesen <span class=\"meta-nav\">&rarr;<\/span><\/a><\/p>\n","protected":false},"author":9194395,"featured_media":0,"parent":0,"menu_order":0,"comment_status":"closed","ping_status":"closed","template":"","meta":{"footnotes":""},"class_list":["post-296","page","type-page","status-publish","hentry"],"_links":{"self":[{"href":"https:\/\/wordpress.nibis.de\/kam-bbs\/wp-json\/wp\/v2\/pages\/296","targetHints":{"allow":["GET"]}}],"collection":[{"href":"https:\/\/wordpress.nibis.de\/kam-bbs\/wp-json\/wp\/v2\/pages"}],"about":[{"href":"https:\/\/wordpress.nibis.de\/kam-bbs\/wp-json\/wp\/v2\/types\/page"}],"author":[{"embeddable":true,"href":"https:\/\/wordpress.nibis.de\/kam-bbs\/wp-json\/wp\/v2\/users\/9194395"}],"replies":[{"embeddable":true,"href":"https:\/\/wordpress.nibis.de\/kam-bbs\/wp-json\/wp\/v2\/comments?post=296"}],"version-history":[{"count":6,"href":"https:\/\/wordpress.nibis.de\/kam-bbs\/wp-json\/wp\/v2\/pages\/296\/revisions"}],"predecessor-version":[{"id":371,"href":"https:\/\/wordpress.nibis.de\/kam-bbs\/wp-json\/wp\/v2\/pages\/296\/revisions\/371"}],"wp:attachment":[{"href":"https:\/\/wordpress.nibis.de\/kam-bbs\/wp-json\/wp\/v2\/media?parent=296"}],"curies":[{"name":"wp","href":"https:\/\/api.w.org\/{rel}","templated":true}]}}

<div style="text-align: center"><img loading="lazy" decoding="async" width="441" height="190" src="https://wordpress.nibis.de/kam-bbs/files/2025/04/Personal-beschaffen.png" alt="" class="wp-image-293" srcset="https://wordpress.nibis.de/kam-bbs/files/2025/04/Personal-beschaffen.png 441w, https://wordpress.nibis.de/kam-bbs/files/2025/04/Personal-beschaffen-300x129.png 300w" sizes="auto, (max-width: 441px) 100vw, 441px" /></div>



<table style="height: 278px;border-color: black" width="658">
<tbody>
<tr>
<td style="background-color: #ccffcc;width: 37px;border-color: black;vertical-align: middle" rowspan="7" width="37">
<p style="text-align: center"><span style="color: #000000"><strong>P1</strong></span></p>
</td>
<td style="background-color: #ccffcc;width: 285px;border-color: black" width="285">
<p><span style="color: #000000"><strong>Personalbedarf ermitteln</strong></span></p>
</td>
</tr>
<tr>
<td style="border-color: black;width: 285px" width="285">
<p><span style="color: #000000"><strong>Die Schule erhebt die aktuelle Personalausstattung und ermittelt systematisch den aktuellen und zukünftigen Personalbedarf.</strong></span></p>
</td>
</tr>
<tr>
<td style="border-color: black;width: 285px" width="285"><span style="color: #000000"><strong>Anforderung (A):</strong></span><br><span style="color: #000000">Eine Übersicht über die aktuelle Personalausstattung liegt vor.</span></td>
</tr>
<tr>
<td style="width: 285px;background-color: #dcdcdc;border-color: black;vertical-align: bottom" width="285"><span style="color: #000000">Die folgenden Hinweise dienen den Schulen zur <strong>Unterstützung bei der Bearbeitung der Kernaufgaben</strong>. Sie sind jedoch <strong>nicht verbindlich</strong> und somit <strong>nicht Erlassbestandteil</strong>.</span></td>
</tr>
<tr>
<td style="border-color: black;width: 285px" rowspan="3" width="285">
<ul>
<li><span style="color: #000000"><em>Die quantitative und qualitative Personalbedarfsplanung ist berücksichtigt.</em></span></li>
<li><span style="color: #000000"><em>Die relevanten schulischen Gremien sind bedarfsgerecht an der Personalbedarfsplanung beteiligt.</em></span></li>
</ul>
</td>
</tr>
</tbody>
</table>



<hr class="wp-block-separator is-style-wide" />



<table style="height: 278px;border-color: black" width="658">
<tbody>
<tr>
<td style="background-color: #ccffcc;width: 37px;border-color: black;vertical-align: middle" rowspan="7" width="37">
<p style="text-align: center"><span style="color: #000000"><strong>P2</strong></span></p>
</td>
<td style="background-color: #ccffcc;width: 285px;border-color: black" width="285">
<p><span style="color: #000000"><strong>Personal beschaffen</strong></span></p>
</td>
</tr>
<tr>
<td style="border-color: black;width: 285px" width="285">
<p><span style="color: #000000"><strong>Die Schule entwickelt auf Grundlage des ermittelten Personalbedarfs geeignete Maßnahmen zur Personalbeschaffung und führt diese systematisch durch. </strong></span></p>
</td>
</tr>
<tr>
<td style="border-color: black;width: 285px" width="285"><span style="color: #000000"><strong>Anforderung (A):</strong></span><br><span style="color: #000000">Abgestimmte Vorgehensweisen zur Personalbeschaffung liegen vor.</span></td>
</tr>
<tr>
<td style="width: 285px;background-color: #dcdcdc;border-color: black;vertical-align: bottom" width="285"><span style="color: #000000">Die folgenden Hinweise dienen den Schulen zur <strong>Unterstützung bei der Bearbeitung der Kernaufgaben</strong>. Sie sind jedoch <strong>nicht verbindlich</strong> und somit <strong>nicht Erlassbestandteil</strong>.</span></td>
</tr>
<tr>
<td style="border-color: black;width: 285px" rowspan="3" width="285">
<ul>
<li><span style="color: #000000"><em>Die Schule beteiligt sich an der Ausbildung von Lehrkräften (z. B. Schulpraktika, Ausbildung von Lehrkräften im Vorbereitungsdienst sowie Quereinsteigerinnen und Quereinsteigern).</em></span></li>
<li><span style="color: #000000"><em>Die relevanten schulischen Gremien sind an der Personalbeschaffung beteiligt.</em></span></li>
</ul>
</td>
</tr>
</tbody>
</table>



<hr class="wp-block-separator is-style-wide" />



<table style="height: 278px;border-color: black" width="658">
<tbody>
<tr>
<td style="background-color: #ccffcc;width: 37px;border-color: black;vertical-align: middle" rowspan="7" width="37">
<p style="text-align: center"><span style="color: #000000"><strong>P3</strong></span></p>
</td>
<td style="background-color: #ccffcc;width: 285px;border-color: black" width="285">
<p><span style="color: #000000"><strong>Personal einarbeiten</strong></span></p>
</td>
</tr>
<tr>
<td style="border-color: black;width: 285px" width="285">
<p><span style="color: #000000"><strong>Die Schule unterstützt lehrendes und nicht lehrendes Personal bei ihrer Einarbeitung.</strong></span></p>
</td>
</tr>
<tr>
<td style="border-color: black;width: 285px" width="285"><span style="color: #000000"><strong>Anforderung (A):</strong></span><br><span style="color: #000000">Ein Konzept zur Einarbeitung und Unterstützung des lehrenden und nicht lehrenden Personals liegt vor.</span></td>
</tr>
<tr>
<td style="width: 285px;background-color: #dcdcdc;border-color: black;vertical-align: bottom" width="285"><span style="color: #000000">Die folgenden Hinweise dienen den Schulen zur <strong>Unterstützung bei der Bearbeitung der Kernaufgaben</strong>. Sie sind jedoch <strong>nicht verbindlich</strong> und somit <strong>nicht Erlassbestandteil</strong>.</span></td>
</tr>
<tr>
<td style="border-color: black;width: 285px" rowspan="3" width="285">
<ul>
<li><span style="color: #000000"><em>Das Konzept zur Einarbeitung und Unterstützung des lehrenden und nicht lehrenden Personals ist kommuniziert und wird umgesetzt.</em></span></li>
<li><span style="color: #000000"><em>Ansprechpartnerinnen und Ansprechpartner sind dem lehrenden und nicht lehrenden Personal bekannt.</em></span></li>
</ul>
</td>
</tr>
</tbody>
</table>

<p>P1 Personalbedarf ermitteln Die Schule erhebt die aktuelle Personalausstattung und ermittelt systematisch den aktuellen und zukünftigen Personalbedarf. Anforderung (A):Eine Übersicht über die aktuelle Personalausstattung liegt vor. Die folgenden Hinweise dienen den Schulen zur Unterstützung bei der Bearbeitung der Kernaufgaben. Sie sind jedoch nicht verbindlich und somit nicht Erlassbestandteil. Die quantitative und qualitative Personalbedarfsplanung ist berücksichtigt. &hellip; <a href="https://wordpress.nibis.de/kam-bbs/personal-beschaffen-2/" class="more-link"><span class="screen-reader-text">Personal beschaffen</span> weiterlesen <span class="meta-nav">&rarr;</span></a></p>
