{"id":30,"date":"2025-04-06T06:44:46","date_gmt":"2025-04-06T04:44:46","guid":{"rendered":"https:\/\/wordpress.nibis.de\/kam-bbs\/?page_id=30"},"modified":"2025-05-13T18:58:21","modified_gmt":"2025-05-13T16:58:21","slug":"veraenderungsbedarfe-ermitteln","status":"publish","type":"page","link":"https:\/\/wordpress.nibis.de\/kam-bbs\/veraenderungsbedarfe-ermitteln\/","title":{"rendered":"Ver\u00e4nderungsbedarfe ermitteln"},"content":{"rendered":"\n<div style=\"text-align: center\"><img loading=\"lazy\" decoding=\"async\" width=\"426\" height=\"143\" src=\"https:\/\/wordpress.nibis.de\/kam-bbs\/files\/2025\/04\/Veraenderungsbedarfe-ermitteln.png\" alt=\"\" class=\"wp-image-277\" srcset=\"https:\/\/wordpress.nibis.de\/kam-bbs\/files\/2025\/04\/Veraenderungsbedarfe-ermitteln.png 426w, https:\/\/wordpress.nibis.de\/kam-bbs\/files\/2025\/04\/Veraenderungsbedarfe-ermitteln-300x101.png 300w\" sizes=\"auto, (max-width: 426px) 100vw, 426px\" \/><\/div>\n\n\n\n<table style=\"height: 278px;border-color: black\" width=\"658\">\n<tbody>\n<tr>\n<td style=\"background-color: #ffcccc;width: 37px;border-color: black;vertical-align: middle\" rowspan=\"7\" width=\"37\">\n<p style=\"text-align: center\"><span style=\"color: #000000\"><strong>F1<\/strong><\/span><\/p>\n<\/td>\n<td style=\"background-color: #ffcccc;width: 285px;border-color: black\" width=\"285\">\n<p><span style=\"color: #000000\"><strong>Vorschl\u00e4ge bearbeiten<\/strong><\/span><\/p>\n<\/td>\n<\/tr>\n<tr>\n<td style=\"border-color: black;width: 285px\" width=\"285\">\n<p><span style=\"color: #000000\"><strong>Vorschl\u00e4ge zur Ver\u00e4nderung sind systematisch erfasst und kommuniziert.<\/strong><\/span><\/p>\n<\/td>\n<\/tr>\n<tr>\n<td style=\"border-color: black;width: 285px\" width=\"285\"><span style=\"color: #000000\"><strong>Anforderung (A):<\/strong><\/span><br><span style=\"color: #000000\"> Es liegen schulinterne Regelungen zum Umgang mit Vorschl\u00e4gen zur Verbesserung vor.<\/span><\/td>\n<\/tr>\n<tr>\n<td style=\"width: 285px;background-color: #dcdcdc;border-color: black;vertical-align: bottom\" width=\"285\"><span style=\"color: #000000\">Die folgenden Hinweise dienen den Schulen zur <strong>Unterst\u00fctzung bei der Bearbeitung der Kernaufgaben<\/strong>. Sie sind jedoch <strong>nicht verbindlich<\/strong> und somit <strong>nicht Erlassbestandteil<\/strong>.<\/span><\/td>\n<\/tr>\n<tr>\n<td style=\"border-color: black;width: 285px\" rowspan=\"3\" width=\"285\">\n<ul>\n<li><span style=\"color: #000000\"><em>Die Schulleiterin bzw. der Schulleiter hat Kenntnis \u00fcber die vorliegenden Vorschl\u00e4ge zur Ver\u00e4nderung und entscheidet \u00fcber das weitere Vorgehen (Bezug zum Qualit\u00e4tsbereich \u201eSchule entwickeln\u201c, Kernaufgabe S5 \u201eProjekte und Ma\u00dfnahmen durchf\u00fchren\u201c).<\/em><\/span><\/li>\n<li><span style=\"color: #000000\"><em>Vorschl\u00e4ge k\u00f6nnen aus eingegangenen Beschwerden (Bezug zu Kernaufgabe F2 \u201eBeschwerden bearbeiten\u201c) abgeleitet werden.<\/em><\/span><\/li>\n<li><span style=\"color: #000000\"><em>Die Verantwortlichen und Beteiligten sind \u00fcber vorliegende Vorschl\u00e4ge zur Verbesserung informiert.<\/em><\/span><\/li>\n<\/ul>\n<\/td>\n<\/tr>\n<\/tbody>\n<\/table>\n\n\n\n<hr class=\"wp-block-separator is-style-wide\" \/>\n\n\n\n<table style=\"height: 278px;border-color: black\" width=\"658\">\n<tbody>\n<tr>\n<td style=\"background-color: #ffcccc;width: 37px;border-color: black;vertical-align: middle\" rowspan=\"7\" width=\"37\">\n<p style=\"text-align: center\"><span style=\"color: #000000\"><strong>F2<\/strong><\/span><\/p>\n<\/td>\n<td style=\"background-color: #ffcccc;width: 285px;border-color: black\" width=\"285\">\n<p><span style=\"color: #000000\"><strong>Beschwerden bearbeiten<\/strong><\/span><\/p>\n<\/td>\n<\/tr>\n<tr>\n<td style=\"border-color: black;width: 285px\" width=\"285\">\n<p><span style=\"color: #000000\"><strong>Beschwerden sind systematisch erfasst und zeitnah bearbeitet.<\/strong><\/span><\/p>\n<\/td>\n<\/tr>\n<tr>\n<td style=\"border-color: black;width: 285px\" width=\"285\"><span style=\"color: #000000\"><strong>Anforderung (A):<\/strong><\/span><br><span style=\"color: #000000\">Es bestehen abgestimmte schulinterne Regelungen zum Umgang mit Beschwerden.<\/span><\/td>\n<\/tr>\n<tr>\n<td style=\"width: 285px;background-color: #dcdcdc;border-color: black;vertical-align: bottom\" width=\"285\"><span style=\"color: #000000\">Die folgenden Hinweise dienen den Schulen zur <strong>Unterst\u00fctzung bei der Bearbeitung der Kernaufgaben<\/strong>. Sie sind jedoch <strong>nicht verbindlich<\/strong> und somit <strong>nicht Erlassbestandteil<\/strong>.<\/span><\/td>\n<\/tr>\n<tr>\n<td style=\"border-color: black;width: 285px\" rowspan=\"3\" width=\"285\">\n<ul>\n<li><span style=\"color: #000000\"><em>Die Schulleiterin bzw. der Schulleiter und ihr bzw. sein Schulleitungsteam<a style=\"color: #000000\" href=\"#_ftn1\"><sup><strong>[1]<\/strong><\/sup><\/a> sind \u00fcber die vorliegenden Beschwerden informiert.<\/em><\/span><\/li>\n<li><span style=\"color: #000000\"><em>Vorliegende Beschwerden sind von den Verantwortlichen und Beteiligten zeitnah bearbeitet.<\/em><\/span><\/li>\n<\/ul>\n<\/td>\n<\/tr>\n<\/tbody>\n<\/table>\n<p><span style=\"color: #000000\"><a style=\"color: #000000\" href=\"#_ftnref1\">[1]<\/a> Schulleitungsteam: Hier sind die st\u00e4ndige Vertreterin bzw. der st\u00e4ndige Vertreter der Schulleiterin oder des Schulleiters und die Studiendirektorinnen und Studiendirektoren zur Koordinierung schulfachlicher Aufgaben gemeint.<\/span><\/p>\n","protected":false},"excerpt":{"rendered":"<p>F1 Vorschl\u00e4ge bearbeiten Vorschl\u00e4ge zur Ver\u00e4nderung sind systematisch erfasst und kommuniziert. Anforderung (A): Es liegen schulinterne Regelungen zum Umgang mit Vorschl\u00e4gen zur Verbesserung vor. Die folgenden Hinweise dienen den Schulen zur Unterst\u00fctzung bei der Bearbeitung der Kernaufgaben. Sie sind jedoch nicht verbindlich und somit nicht Erlassbestandteil. Die Schulleiterin bzw. der Schulleiter hat Kenntnis \u00fcber die &hellip; <a href=\"https:\/\/wordpress.nibis.de\/kam-bbs\/veraenderungsbedarfe-ermitteln\/\" class=\"more-link\"><span class=\"screen-reader-text\">Ver\u00e4nderungsbedarfe ermitteln<\/span> weiterlesen <span class=\"meta-nav\">&rarr;<\/span><\/a><\/p>\n","protected":false},"author":9194395,"featured_media":0,"parent":0,"menu_order":0,"comment_status":"closed","ping_status":"closed","template":"","meta":{"footnotes":""},"class_list":["post-30","page","type-page","status-publish","hentry"],"_links":{"self":[{"href":"https:\/\/wordpress.nibis.de\/kam-bbs\/wp-json\/wp\/v2\/pages\/30","targetHints":{"allow":["GET"]}}],"collection":[{"href":"https:\/\/wordpress.nibis.de\/kam-bbs\/wp-json\/wp\/v2\/pages"}],"about":[{"href":"https:\/\/wordpress.nibis.de\/kam-bbs\/wp-json\/wp\/v2\/types\/page"}],"author":[{"embeddable":true,"href":"https:\/\/wordpress.nibis.de\/kam-bbs\/wp-json\/wp\/v2\/users\/9194395"}],"replies":[{"embeddable":true,"href":"https:\/\/wordpress.nibis.de\/kam-bbs\/wp-json\/wp\/v2\/comments?post=30"}],"version-history":[{"count":13,"href":"https:\/\/wordpress.nibis.de\/kam-bbs\/wp-json\/wp\/v2\/pages\/30\/revisions"}],"predecessor-version":[{"id":361,"href":"https:\/\/wordpress.nibis.de\/kam-bbs\/wp-json\/wp\/v2\/pages\/30\/revisions\/361"}],"wp:attachment":[{"href":"https:\/\/wordpress.nibis.de\/kam-bbs\/wp-json\/wp\/v2\/media?parent=30"}],"curies":[{"name":"wp","href":"https:\/\/api.w.org\/{rel}","templated":true}]}}

Veränderungsbedarfe ermitteln

<div style="text-align: center"><img loading="lazy" decoding="async" width="426" height="143" src="https://wordpress.nibis.de/kam-bbs/files/2025/04/Veraenderungsbedarfe-ermitteln.png" alt="" class="wp-image-277" srcset="https://wordpress.nibis.de/kam-bbs/files/2025/04/Veraenderungsbedarfe-ermitteln.png 426w, https://wordpress.nibis.de/kam-bbs/files/2025/04/Veraenderungsbedarfe-ermitteln-300x101.png 300w" sizes="auto, (max-width: 426px) 100vw, 426px" /></div>



<table style="height: 278px;border-color: black" width="658">
<tbody>
<tr>
<td style="background-color: #ffcccc;width: 37px;border-color: black;vertical-align: middle" rowspan="7" width="37">
<p style="text-align: center"><span style="color: #000000"><strong>F1</strong></span></p>
</td>
<td style="background-color: #ffcccc;width: 285px;border-color: black" width="285">
<p><span style="color: #000000"><strong>Vorschläge bearbeiten</strong></span></p>
</td>
</tr>
<tr>
<td style="border-color: black;width: 285px" width="285">
<p><span style="color: #000000"><strong>Vorschläge zur Veränderung sind systematisch erfasst und kommuniziert.</strong></span></p>
</td>
</tr>
<tr>
<td style="border-color: black;width: 285px" width="285"><span style="color: #000000"><strong>Anforderung (A):</strong></span><br><span style="color: #000000"> Es liegen schulinterne Regelungen zum Umgang mit Vorschlägen zur Verbesserung vor.</span></td>
</tr>
<tr>
<td style="width: 285px;background-color: #dcdcdc;border-color: black;vertical-align: bottom" width="285"><span style="color: #000000">Die folgenden Hinweise dienen den Schulen zur <strong>Unterstützung bei der Bearbeitung der Kernaufgaben</strong>. Sie sind jedoch <strong>nicht verbindlich</strong> und somit <strong>nicht Erlassbestandteil</strong>.</span></td>
</tr>
<tr>
<td style="border-color: black;width: 285px" rowspan="3" width="285">
<ul>
<li><span style="color: #000000"><em>Die Schulleiterin bzw. der Schulleiter hat Kenntnis über die vorliegenden Vorschläge zur Veränderung und entscheidet über das weitere Vorgehen (Bezug zum Qualitätsbereich „Schule entwickeln“, Kernaufgabe S5 „Projekte und Maßnahmen durchführen“).</em></span></li>
<li><span style="color: #000000"><em>Vorschläge können aus eingegangenen Beschwerden (Bezug zu Kernaufgabe F2 „Beschwerden bearbeiten“) abgeleitet werden.</em></span></li>
<li><span style="color: #000000"><em>Die Verantwortlichen und Beteiligten sind über vorliegende Vorschläge zur Verbesserung informiert.</em></span></li>
</ul>
</td>
</tr>
</tbody>
</table>



<hr class="wp-block-separator is-style-wide" />



<table style="height: 278px;border-color: black" width="658">
<tbody>
<tr>
<td style="background-color: #ffcccc;width: 37px;border-color: black;vertical-align: middle" rowspan="7" width="37">
<p style="text-align: center"><span style="color: #000000"><strong>F2</strong></span></p>
</td>
<td style="background-color: #ffcccc;width: 285px;border-color: black" width="285">
<p><span style="color: #000000"><strong>Beschwerden bearbeiten</strong></span></p>
</td>
</tr>
<tr>
<td style="border-color: black;width: 285px" width="285">
<p><span style="color: #000000"><strong>Beschwerden sind systematisch erfasst und zeitnah bearbeitet.</strong></span></p>
</td>
</tr>
<tr>
<td style="border-color: black;width: 285px" width="285"><span style="color: #000000"><strong>Anforderung (A):</strong></span><br><span style="color: #000000">Es bestehen abgestimmte schulinterne Regelungen zum Umgang mit Beschwerden.</span></td>
</tr>
<tr>
<td style="width: 285px;background-color: #dcdcdc;border-color: black;vertical-align: bottom" width="285"><span style="color: #000000">Die folgenden Hinweise dienen den Schulen zur <strong>Unterstützung bei der Bearbeitung der Kernaufgaben</strong>. Sie sind jedoch <strong>nicht verbindlich</strong> und somit <strong>nicht Erlassbestandteil</strong>.</span></td>
</tr>
<tr>
<td style="border-color: black;width: 285px" rowspan="3" width="285">
<ul>
<li><span style="color: #000000"><em>Die Schulleiterin bzw. der Schulleiter und ihr bzw. sein Schulleitungsteam<a style="color: #000000" href="#_ftn1"><sup><strong>[1]</strong></sup></a> sind über die vorliegenden Beschwerden informiert.</em></span></li>
<li><span style="color: #000000"><em>Vorliegende Beschwerden sind von den Verantwortlichen und Beteiligten zeitnah bearbeitet.</em></span></li>
</ul>
</td>
</tr>
</tbody>
</table>
<p><span style="color: #000000"><a style="color: #000000" href="#_ftnref1">[1]</a> Schulleitungsteam: Hier sind die ständige Vertreterin bzw. der ständige Vertreter der Schulleiterin oder des Schulleiters und die Studiendirektorinnen und Studiendirektoren zur Koordinierung schulfachlicher Aufgaben gemeint.</span></p>

<p>F1 Vorschläge bearbeiten Vorschläge zur Veränderung sind systematisch erfasst und kommuniziert. Anforderung (A): Es liegen schulinterne Regelungen zum Umgang mit Vorschlägen zur Verbesserung vor. Die folgenden Hinweise dienen den Schulen zur Unterstützung bei der Bearbeitung der Kernaufgaben. Sie sind jedoch nicht verbindlich und somit nicht Erlassbestandteil. Die Schulleiterin bzw. der Schulleiter hat Kenntnis über die &hellip; <a href="https://wordpress.nibis.de/kam-bbs/veraenderungsbedarfe-ermitteln/" class="more-link"><span class="screen-reader-text">Veränderungsbedarfe ermitteln</span> weiterlesen <span class="meta-nav">&rarr;</span></a></p>
