{"id":55,"date":"2025-04-06T06:52:49","date_gmt":"2025-04-06T04:52:49","guid":{"rendered":"https:\/\/wordpress.nibis.de\/kam-bbs\/?page_id=55"},"modified":"2025-05-13T19:00:15","modified_gmt":"2025-05-13T17:00:15","slug":"bildungsgaenge-verwalten","status":"publish","type":"page","link":"https:\/\/wordpress.nibis.de\/kam-bbs\/bildungsgaenge-verwalten\/","title":{"rendered":"Bildungsg\u00e4nge verwalten"},"content":{"rendered":"\n<div style=\"text-align: center\"><img loading=\"lazy\" decoding=\"async\" width=\"425\" height=\"109\" src=\"https:\/\/wordpress.nibis.de\/kam-bbs\/files\/2025\/04\/Bildungsgaenge-verwalten.png\" alt=\"\" class=\"wp-image-285\" srcset=\"https:\/\/wordpress.nibis.de\/kam-bbs\/files\/2025\/04\/Bildungsgaenge-verwalten.png 425w, https:\/\/wordpress.nibis.de\/kam-bbs\/files\/2025\/04\/Bildungsgaenge-verwalten-300x77.png 300w\" sizes=\"auto, (max-width: 425px) 100vw, 425px\" \/><\/div>\n\n\n\n<table style=\"height: 278px;border-color: black\" border=\"0\" width=\"658\">\n<tbody>\n<tr>\n<td style=\"background-color: #ffcccc;width: 37px;border-color: black;vertical-align: middle\" rowspan=\"7\" width=\"37\">\n<p style=\"text-align: center\"><span style=\"color: #000000\"><strong>F8<\/strong><\/span><\/p>\n<\/td>\n<td style=\"background-color: #ffcccc;width: 285px;border-color: black\" width=\"285\">\n<p><span style=\"color: #000000\"><strong>Daten der Sch\u00fclerinnen und Sch\u00fcler verwalten<\/strong><\/span><\/p>\n<\/td>\n<\/tr>\n<tr>\n<td style=\"border-color: black;width: 285px\" width=\"285\">\n<p><span style=\"color: #000000\"><strong>Die Schule verwaltet die Daten der Sch\u00fclerinnen und Sch\u00fcler und sichert die anforderungsgerechte Bereitstellung der Zeugnisse und anderer Dokumente.<\/strong><\/span><\/p>\n<\/td>\n<\/tr>\n<tr>\n<td style=\"border-color: black;width: 285px\" width=\"285\"><span style=\"color: #000000\"><strong>Anforderung (A):<\/strong><\/span><br><span style=\"color: #000000\"> Es liegen schulinterne Regelungen zum Umgang mit Vorschl\u00e4gen zur Verbesserung vor.<\/span><\/td>\n<\/tr>\n<tr>\n<td style=\"width: 285px;background-color: #dcdcdc;border-color: black;vertical-align: bottom\" width=\"285\"><span style=\"color: #000000\">Die folgenden Hinweise dienen den Schulen zur <strong>Unterst\u00fctzung bei der Bearbeitung der Kernaufgaben<\/strong>. Sie sind jedoch <strong>nicht verbindlich<\/strong> und somit <strong>nicht Erlassbestandteil<\/strong>.<\/span><\/td>\n<\/tr>\n<tr>\n<td style=\"border-color: black;width: 285px\" rowspan=\"3\" width=\"285\">\n<ul>\n<li><span style=\"color: #000000\"><em>Die Regelungen bei Schulvers\u00e4umnissen und Schulpflichtverletzungen sind eingehalten.<\/em><\/span><\/li>\n<li><span style=\"color: #000000\"><em>Das (digitale) Klassenbuch ist ordnungsgem\u00e4\u00df eingerichtet.<\/em><\/span><\/li>\n<li><span style=\"color: #000000\"><em>Die Regelungen zur Zeugniserstellung und Zeugnisausgabe sind eingehalten.<\/em><\/span><\/li>\n<li><span style=\"color: #000000\"><em>Die Regelungen zur Bereitstellung von Dokumenten sind eingehalten.<\/em><\/span><\/li>\n<li><span style=\"color: #000000\"><em>Die Regelungen zum Aufnahmeverfahren sind eingehalten.<\/em><\/span><\/li>\n<\/ul>\n<\/td>\n<\/tr>\n<\/tbody>\n<\/table>\n","protected":false},"excerpt":{"rendered":"<p>F8 Daten der Sch\u00fclerinnen und Sch\u00fcler verwalten Die Schule verwaltet die Daten der Sch\u00fclerinnen und Sch\u00fcler und sichert die anforderungsgerechte Bereitstellung der Zeugnisse und anderer Dokumente. Anforderung (A): Es liegen schulinterne Regelungen zum Umgang mit Vorschl\u00e4gen zur Verbesserung vor. Die folgenden Hinweise dienen den Schulen zur Unterst\u00fctzung bei der Bearbeitung der Kernaufgaben. Sie sind jedoch &hellip; <a href=\"https:\/\/wordpress.nibis.de\/kam-bbs\/bildungsgaenge-verwalten\/\" class=\"more-link\"><span class=\"screen-reader-text\">Bildungsg\u00e4nge verwalten<\/span> weiterlesen <span class=\"meta-nav\">&rarr;<\/span><\/a><\/p>\n","protected":false},"author":9194395,"featured_media":0,"parent":0,"menu_order":0,"comment_status":"closed","ping_status":"closed","template":"","meta":{"footnotes":""},"class_list":["post-55","page","type-page","status-publish","hentry"],"_links":{"self":[{"href":"https:\/\/wordpress.nibis.de\/kam-bbs\/wp-json\/wp\/v2\/pages\/55","targetHints":{"allow":["GET"]}}],"collection":[{"href":"https:\/\/wordpress.nibis.de\/kam-bbs\/wp-json\/wp\/v2\/pages"}],"about":[{"href":"https:\/\/wordpress.nibis.de\/kam-bbs\/wp-json\/wp\/v2\/types\/page"}],"author":[{"embeddable":true,"href":"https:\/\/wordpress.nibis.de\/kam-bbs\/wp-json\/wp\/v2\/users\/9194395"}],"replies":[{"embeddable":true,"href":"https:\/\/wordpress.nibis.de\/kam-bbs\/wp-json\/wp\/v2\/comments?post=55"}],"version-history":[{"count":5,"href":"https:\/\/wordpress.nibis.de\/kam-bbs\/wp-json\/wp\/v2\/pages\/55\/revisions"}],"predecessor-version":[{"id":365,"href":"https:\/\/wordpress.nibis.de\/kam-bbs\/wp-json\/wp\/v2\/pages\/55\/revisions\/365"}],"wp:attachment":[{"href":"https:\/\/wordpress.nibis.de\/kam-bbs\/wp-json\/wp\/v2\/media?parent=55"}],"curies":[{"name":"wp","href":"https:\/\/api.w.org\/{rel}","templated":true}]}}