{"id":72,"date":"2025-04-06T07:01:58","date_gmt":"2025-04-06T05:01:58","guid":{"rendered":"https:\/\/wordpress.nibis.de\/kam-bbs\/?page_id=72"},"modified":"2025-05-13T19:15:50","modified_gmt":"2025-05-13T17:15:50","slug":"personal-entwickeln","status":"publish","type":"page","link":"https:\/\/wordpress.nibis.de\/kam-bbs\/personal-entwickeln\/","title":{"rendered":"Personal entwickeln"},"content":{"rendered":"\n<div style=\"text-align: center\"><img loading=\"lazy\" decoding=\"async\" width=\"446\" height=\"242\" src=\"https:\/\/wordpress.nibis.de\/kam-bbs\/files\/2025\/04\/Personal-entwickeln.png\" alt=\"\" class=\"wp-image-292\" srcset=\"https:\/\/wordpress.nibis.de\/kam-bbs\/files\/2025\/04\/Personal-entwickeln.png 446w, https:\/\/wordpress.nibis.de\/kam-bbs\/files\/2025\/04\/Personal-entwickeln-300x163.png 300w\" sizes=\"auto, (max-width: 446px) 100vw, 446px\" \/><\/div>\n\n\n\n<table style=\"height: 278px;border-color: black\" width=\"658\">\n<tbody>\n<tr>\n<td style=\"background-color: #ccffcc;width: 37px;border-color: black;vertical-align: middle\" rowspan=\"7\" width=\"37\">\n<p style=\"text-align: center\"><span style=\"color: #000000\"><strong>P4<\/strong><\/span><\/p>\n<\/td>\n<td style=\"background-color: #ccffcc;width: 285px;border-color: black\" width=\"285\">\n<p><span style=\"color: #000000\"><strong>Personal individuell f\u00f6rdern<\/strong><\/span><\/p>\n<\/td>\n<\/tr>\n<tr>\n<td style=\"border-color: black;width: 285px\" width=\"285\">\n<p><span style=\"color: #000000\"><strong>Die Schule f\u00f6rdert das lehrende und nicht lehrende Personal entsprechend ihrer individuellen Professionalisierung.<\/strong><\/span><\/p>\n<\/td>\n<\/tr>\n<tr>\n<td style=\"border-color: black;width: 285px\" width=\"285\"><span style=\"color: #000000\"><strong>Anforderung (A):<\/strong><\/span><br><span style=\"color: #000000\">Die Schule f\u00fchrt systematisch Ma\u00dfnahmen zur Personalentwicklung durch.<\/span><\/td>\n<\/tr>\n<tr>\n<td style=\"width: 285px;background-color: #dcdcdc;border-color: black;vertical-align: bottom\" width=\"285\"><span style=\"color: #000000\">Die folgenden Hinweise dienen den Schulen zur <strong>Unterst\u00fctzung bei der Bearbeitung der Kernaufgaben<\/strong>. Sie sind jedoch <strong>nicht verbindlich<\/strong> und somit <strong>nicht Erlassbestandteil<\/strong>.<\/span><\/td>\n<\/tr>\n<tr>\n<td style=\"border-color: black;width: 285px\" rowspan=\"3\" width=\"285\">\n<ul>\n<li><span style=\"color: #000000\"><em>Personale Zust\u00e4ndigkeiten f\u00fcr die Personalentwicklung sind festgelegt.<\/em><\/span><\/li>\n<li><span style=\"color: #000000\"><em>Personalentwicklungsma\u00dfnahmen sind zwischen den Verantwortlichen und Beteiligten abgestimmt und durchgef\u00fchrt.<\/em><\/span><\/li>\n<li><span style=\"color: #000000\"><em>Das lehrende und nicht lehrende Personal wird gef\u00f6rdert, beraten, unterst\u00fctzt und motiviert.<\/em><\/span><\/li>\n<li><span style=\"color: #000000\"><em>Rechtliche Vorgaben sind zu beachten (z. B. Besondere Regelungen f\u00fcr teilzeitbesch\u00e4ftigte und begrenzt dienstf\u00e4hige Lehrkr\u00e4fte an \u00f6ffentlichen Schulen, Nieders\u00e4chsisches Gleichberechtigungsgesetz).<\/em><\/span><\/li>\n<\/ul>\n<\/td>\n<\/tr>\n<\/tbody>\n<\/table>\n\n\n\n<hr class=\"wp-block-separator is-style-wide\" \/>\n\n\n\n<table style=\"height: 278px;border-color: black\" width=\"658\">\n<tbody>\n<tr>\n<td style=\"background-color: #ccffcc;width: 37px;border-color: black;vertical-align: middle\" rowspan=\"7\" width=\"37\">\n<p style=\"text-align: center\"><span style=\"color: #000000\"><strong>P5<\/strong><\/span><\/p>\n<\/td>\n<td style=\"background-color: #ccffcc;width: 285px;border-color: black\" width=\"285\">\n<p><span style=\"color: #000000\"><strong>Personal bedarfsgerecht qualifizieren<\/strong><\/span><\/p>\n<\/td>\n<\/tr>\n<tr>\n<td style=\"border-color: black;width: 285px\" width=\"285\">\n<p><span style=\"color: #000000\"><strong>Das lehrende und nicht lehrende Personal ist nach einem auf die Strategie der Schule abgestimmten Konzept qualifiziert.<\/strong><\/span><\/p>\n<\/td>\n<\/tr>\n<tr>\n<td style=\"border-color: black;width: 285px\" width=\"285\"><span style=\"color: #000000\"><strong>Anforderung (A):<\/strong><\/span><br><span style=\"color: #000000\">Ein Fortbildungskonzept liegt vor.<\/span><\/td>\n<\/tr>\n<tr>\n<td style=\"width: 285px;background-color: #dcdcdc;border-color: black;vertical-align: bottom\" width=\"285\"><span style=\"color: #000000\">Die folgenden Hinweise dienen den Schulen zur <strong>Unterst\u00fctzung bei der Bearbeitung der Kernaufgaben<\/strong>. Sie sind jedoch <strong>nicht verbindlich<\/strong> und somit <strong>nicht Erlassbestandteil<\/strong>.<\/span><\/td>\n<\/tr>\n<tr>\n<td style=\"border-color: black;width: 285px\" rowspan=\"3\" width=\"285\">\n<ul>\n<li><span style=\"color: #000000\"><em>Das Fortbildungskonzept ist innerhalb der Schule kommuniziert (Bezug zum Qualit\u00e4tsbereich \u201eSchule entwickeln\u201c, Kernaufgabe S2 \u201eStrategie und Ziele abstimmen\u201c).<\/em><\/span><\/li>\n<li><span style=\"color: #000000\"><em>Die Ergebnisse aus Fortbildungen sind entsprechend den Erfordernissen der Bildungsg\u00e4nge kommuniziert und bei Bedarf multipliziert.<\/em><\/span><\/li>\n<li><span style=\"color: #000000\"><em>Rechtliche Vorgaben sind zu beachten (z. B. Besondere Regelungen f\u00fcr teilzeitbesch\u00e4ftigte und begrenzt dienstf\u00e4hige Lehrkr\u00e4fte an \u00f6ffentlichen Schulen, Nieders\u00e4chsisches Gleichberechtigungsgesetz).<\/em><\/span><\/li>\n<\/ul>\n<\/td>\n<\/tr>\n<\/tbody>\n<\/table>\n\n\n\n<hr class=\"wp-block-separator is-style-wide\" \/>\n\n\n\n<table style=\"height: 278px;border-color: black\" width=\"658\">\n<tbody>\n<tr>\n<td style=\"background-color: #ccffcc;width: 37px;border-color: black;vertical-align: middle\" rowspan=\"7\" width=\"37\">\n<p style=\"text-align: center\"><span style=\"color: #000000\"><strong>P6<\/strong><\/span><\/p>\n<\/td>\n<td style=\"background-color: #ccffcc;width: 285px;border-color: black\" width=\"285\">\n<p><span style=\"color: #000000\"><strong>Personal einsetzen<\/strong><\/span><\/p>\n<\/td>\n<\/tr>\n<tr>\n<td style=\"border-color: black;width: 285px\" width=\"285\">\n<p><span style=\"color: #000000\"><strong>Bei der Gestaltung der Stunden- und Vertretungspl\u00e4ne erfolgt der Einsatz des lehrenden und nicht lehrenden Personals unter Ber\u00fccksichtigung der Strategie und Ziele der Schule sowie fachlich angemessen auf Basis der individuellen Personalentwicklung.<\/strong><\/span><\/p>\n<\/td>\n<\/tr>\n<tr>\n<td style=\"border-color: black;width: 285px\" width=\"285\"><span style=\"color: #000000\"><strong>Anforderungen (A):<\/strong><\/span><br>\n<p><span style=\"color: #000000\">J\u00e4hrlich wird ein Plan f\u00fcr den Personaleinsatz in den Bildungsg\u00e4ngen erstellt.<\/span><\/p>\n<span style=\"color: #000000\">Der Personaleinsatz erfolgt strukturiert aufgrund der Zusammensetzung der Lerngruppen in den Bildungsg\u00e4ngen, fachlich angemessen und entsprechend den rechtlichen und p\u00e4dagogischen Anforderungen.<\/span><\/td>\n<\/tr>\n<tr>\n<td style=\"width: 285px;background-color: #dcdcdc;border-color: black;vertical-align: bottom\" width=\"285\"><span style=\"color: #000000\">Die folgenden Hinweise dienen den Schulen zur <strong>Unterst\u00fctzung bei der Bearbeitung der Kernaufgaben<\/strong>. Sie sind jedoch <strong>nicht verbindlich<\/strong> und somit <strong>nicht Erlassbestandteil<\/strong>.<\/span><\/td>\n<\/tr>\n<tr>\n<td style=\"border-color: black;width: 285px\" rowspan=\"3\" width=\"285\">\n<ul>\n<li><span style=\"color: #000000\"><em>Es liegen Festlegungen f\u00fcr die Lerngruppenbildung und den Einsatz von lehrendem und nicht lehrendem Personal vor.<\/em><\/span><\/li>\n<li><span style=\"color: #000000\"><em>Abgestimmte Grunds\u00e4tze zur Erstellung von Stunden- und Vertretungspl\u00e4nen liegen vor und sind schulweit kommuniziert (Bezug zum Qualit\u00e4tsbereich \u201eBildungsangebote gestalten\u201c, Kernaufgabe B3 \u201eUnterricht organisieren\u201c).<\/em><\/span><\/li>\n<li><span style=\"color: #000000\"><em>Der Personaleinsatz orientiert sich an den Erfordernissen der Bildungsg\u00e4nge.<\/em><\/span><\/li>\n<li><span style=\"color: #000000\"><em>Die individuellen Kompetenzen des lehrenden und nicht lehrenden Personals sind differenziert erfasst.<\/em><\/span><\/li>\n<li><span style=\"color: #000000\"><em>Die individuellen Entwicklungsziele des lehrenden und nicht lehrenden Personals sind bei der Einsatzplanung ber\u00fccksichtigt.<\/em><\/span><\/li>\n<li><span style=\"color: #000000\"><em>Die verbindlichen Vereinbarungen basieren auf rechtlichen und p\u00e4dagogischen Anforderungen und sind schulweit kommuniziert.<\/em><\/span><\/li>\n<li><span style=\"color: #000000\"><em>Rechtliche Vorgaben sind zu beachten (z. B. Besondere Regelungen f\u00fcr teilzeitbesch\u00e4ftigte und begrenzt dienstf\u00e4hige Lehrkr\u00e4fte an \u00f6ffentlichen Schulen, Nieders\u00e4chsisches Gleichberechtigungsgesetz).<\/em><\/span><\/li>\n<\/ul>\n<\/td>\n<\/tr>\n<\/tbody>\n<\/table>\n\n\n\n<hr class=\"wp-block-separator is-style-wide\" \/>\n\n\n\n<table style=\"height: 278px;border-color: black\" width=\"658\">\n<tbody>\n<tr>\n<td style=\"background-color: #ccffcc;width: 37px;border-color: black;vertical-align: middle\" rowspan=\"7\" width=\"37\">\n<p style=\"text-align: center\"><span style=\"color: #000000\"><strong>P7<\/strong><\/span><\/p>\n<\/td>\n<td style=\"background-color: #ccffcc;width: 285px;border-color: black\" width=\"285\">\n<p><span style=\"color: #000000\"><strong>Personal begleiten<\/strong><\/span><\/p>\n<\/td>\n<\/tr>\n<tr>\n<td style=\"border-color: black;width: 285px\" width=\"285\">\n<p><span style=\"color: #000000\"><strong>Die Schule plant systematisch Ma\u00dfnahmen zur Personalf\u00fcrsorge und f\u00fchrt diese durch. <\/strong><\/span><\/p>\n<\/td>\n<\/tr>\n<tr>\n<td style=\"border-color: black;width: 285px\" width=\"285\"><span style=\"color: #000000\"><strong>Anforderung (A):<\/strong><\/span><br><span style=\"color: #000000\">Die Schule f\u00fchrt die erforderlichen Ma\u00dfnahmen des Arbeitsschutzes und Gesundheitsmanagements durch.<\/span><\/td>\n<\/tr>\n<tr>\n<td style=\"width: 285px;background-color: #dcdcdc;border-color: black;vertical-align: bottom\" width=\"285\"><span style=\"color: #000000\">Die folgenden Hinweise dienen den Schulen zur <strong>Unterst\u00fctzung bei der Bearbeitung der Kernaufgaben<\/strong>. Sie sind jedoch <strong>nicht verbindlich<\/strong> und somit <strong>nicht Erlassbestandteil<\/strong>.<\/span><\/td>\n<\/tr>\n<tr>\n<td style=\"border-color: black;width: 285px\" rowspan=\"3\" width=\"285\">\n<ul>\n<li><span style=\"color: #000000\"><em>In der Schule sind besondere Belastungssituationen des lehrenden und nicht lehrenden Personals erkannt und daraus Ma\u00dfnahmen zur Entlastung abgeleitet.<\/em><\/span><\/li>\n<li><span style=\"color: #000000\"><em>In der Schule sind Gespr\u00e4che mit dem lehrenden und nicht lehrenden Personal sowie Befragungen (z. B. BUGIS) zur Personalf\u00fcrsorge durchgef\u00fchrt. Aus den Ergebnissen werden Ma\u00dfnahmen der Personalf\u00fcrsorge abgeleitet.<\/em><\/span><\/li>\n<li><span style=\"color: #000000\"><em>Die Schule bindet die schulischen Gremien ein.<\/em><\/span><\/li>\n<li><span style=\"color: #000000\"><em>Beratungs- und Unterst\u00fctzungsangebote sind bekannt.<\/em><\/span><\/li>\n<\/ul>\n<\/td>\n<\/tr>\n<\/tbody>\n<\/table>\n","protected":false},"excerpt":{"rendered":"<p>P4 Personal individuell f\u00f6rdern Die Schule f\u00f6rdert das lehrende und nicht lehrende Personal entsprechend ihrer individuellen Professionalisierung. Anforderung (A):Die Schule f\u00fchrt systematisch Ma\u00dfnahmen zur Personalentwicklung durch. Die folgenden Hinweise dienen den Schulen zur Unterst\u00fctzung bei der Bearbeitung der Kernaufgaben. Sie sind jedoch nicht verbindlich und somit nicht Erlassbestandteil. Personale Zust\u00e4ndigkeiten f\u00fcr die Personalentwicklung sind festgelegt. &hellip; <a href=\"https:\/\/wordpress.nibis.de\/kam-bbs\/personal-entwickeln\/\" class=\"more-link\"><span class=\"screen-reader-text\">Personal entwickeln<\/span> weiterlesen <span class=\"meta-nav\">&rarr;<\/span><\/a><\/p>\n","protected":false},"author":9194395,"featured_media":0,"parent":0,"menu_order":0,"comment_status":"closed","ping_status":"closed","template":"","meta":{"footnotes":""},"class_list":["post-72","page","type-page","status-publish","hentry"],"_links":{"self":[{"href":"https:\/\/wordpress.nibis.de\/kam-bbs\/wp-json\/wp\/v2\/pages\/72","targetHints":{"allow":["GET"]}}],"collection":[{"href":"https:\/\/wordpress.nibis.de\/kam-bbs\/wp-json\/wp\/v2\/pages"}],"about":[{"href":"https:\/\/wordpress.nibis.de\/kam-bbs\/wp-json\/wp\/v2\/types\/page"}],"author":[{"embeddable":true,"href":"https:\/\/wordpress.nibis.de\/kam-bbs\/wp-json\/wp\/v2\/users\/9194395"}],"replies":[{"embeddable":true,"href":"https:\/\/wordpress.nibis.de\/kam-bbs\/wp-json\/wp\/v2\/comments?post=72"}],"version-history":[{"count":4,"href":"https:\/\/wordpress.nibis.de\/kam-bbs\/wp-json\/wp\/v2\/pages\/72\/revisions"}],"predecessor-version":[{"id":375,"href":"https:\/\/wordpress.nibis.de\/kam-bbs\/wp-json\/wp\/v2\/pages\/72\/revisions\/375"}],"wp:attachment":[{"href":"https:\/\/wordpress.nibis.de\/kam-bbs\/wp-json\/wp\/v2\/media?parent=72"}],"curies":[{"name":"wp","href":"https:\/\/api.w.org\/{rel}","templated":true}]}}

<div style="text-align: center"><img loading="lazy" decoding="async" width="446" height="242" src="https://wordpress.nibis.de/kam-bbs/files/2025/04/Personal-entwickeln.png" alt="" class="wp-image-292" srcset="https://wordpress.nibis.de/kam-bbs/files/2025/04/Personal-entwickeln.png 446w, https://wordpress.nibis.de/kam-bbs/files/2025/04/Personal-entwickeln-300x163.png 300w" sizes="auto, (max-width: 446px) 100vw, 446px" /></div>



<table style="height: 278px;border-color: black" width="658">
<tbody>
<tr>
<td style="background-color: #ccffcc;width: 37px;border-color: black;vertical-align: middle" rowspan="7" width="37">
<p style="text-align: center"><span style="color: #000000"><strong>P4</strong></span></p>
</td>
<td style="background-color: #ccffcc;width: 285px;border-color: black" width="285">
<p><span style="color: #000000"><strong>Personal individuell fördern</strong></span></p>
</td>
</tr>
<tr>
<td style="border-color: black;width: 285px" width="285">
<p><span style="color: #000000"><strong>Die Schule fördert das lehrende und nicht lehrende Personal entsprechend ihrer individuellen Professionalisierung.</strong></span></p>
</td>
</tr>
<tr>
<td style="border-color: black;width: 285px" width="285"><span style="color: #000000"><strong>Anforderung (A):</strong></span><br><span style="color: #000000">Die Schule führt systematisch Maßnahmen zur Personalentwicklung durch.</span></td>
</tr>
<tr>
<td style="width: 285px;background-color: #dcdcdc;border-color: black;vertical-align: bottom" width="285"><span style="color: #000000">Die folgenden Hinweise dienen den Schulen zur <strong>Unterstützung bei der Bearbeitung der Kernaufgaben</strong>. Sie sind jedoch <strong>nicht verbindlich</strong> und somit <strong>nicht Erlassbestandteil</strong>.</span></td>
</tr>
<tr>
<td style="border-color: black;width: 285px" rowspan="3" width="285">
<ul>
<li><span style="color: #000000"><em>Personale Zuständigkeiten für die Personalentwicklung sind festgelegt.</em></span></li>
<li><span style="color: #000000"><em>Personalentwicklungsmaßnahmen sind zwischen den Verantwortlichen und Beteiligten abgestimmt und durchgeführt.</em></span></li>
<li><span style="color: #000000"><em>Das lehrende und nicht lehrende Personal wird gefördert, beraten, unterstützt und motiviert.</em></span></li>
<li><span style="color: #000000"><em>Rechtliche Vorgaben sind zu beachten (z. B. Besondere Regelungen für teilzeitbeschäftigte und begrenzt dienstfähige Lehrkräfte an öffentlichen Schulen, Niedersächsisches Gleichberechtigungsgesetz).</em></span></li>
</ul>
</td>
</tr>
</tbody>
</table>



<hr class="wp-block-separator is-style-wide" />



<table style="height: 278px;border-color: black" width="658">
<tbody>
<tr>
<td style="background-color: #ccffcc;width: 37px;border-color: black;vertical-align: middle" rowspan="7" width="37">
<p style="text-align: center"><span style="color: #000000"><strong>P5</strong></span></p>
</td>
<td style="background-color: #ccffcc;width: 285px;border-color: black" width="285">
<p><span style="color: #000000"><strong>Personal bedarfsgerecht qualifizieren</strong></span></p>
</td>
</tr>
<tr>
<td style="border-color: black;width: 285px" width="285">
<p><span style="color: #000000"><strong>Das lehrende und nicht lehrende Personal ist nach einem auf die Strategie der Schule abgestimmten Konzept qualifiziert.</strong></span></p>
</td>
</tr>
<tr>
<td style="border-color: black;width: 285px" width="285"><span style="color: #000000"><strong>Anforderung (A):</strong></span><br><span style="color: #000000">Ein Fortbildungskonzept liegt vor.</span></td>
</tr>
<tr>
<td style="width: 285px;background-color: #dcdcdc;border-color: black;vertical-align: bottom" width="285"><span style="color: #000000">Die folgenden Hinweise dienen den Schulen zur <strong>Unterstützung bei der Bearbeitung der Kernaufgaben</strong>. Sie sind jedoch <strong>nicht verbindlich</strong> und somit <strong>nicht Erlassbestandteil</strong>.</span></td>
</tr>
<tr>
<td style="border-color: black;width: 285px" rowspan="3" width="285">
<ul>
<li><span style="color: #000000"><em>Das Fortbildungskonzept ist innerhalb der Schule kommuniziert (Bezug zum Qualitätsbereich „Schule entwickeln“, Kernaufgabe S2 „Strategie und Ziele abstimmen“).</em></span></li>
<li><span style="color: #000000"><em>Die Ergebnisse aus Fortbildungen sind entsprechend den Erfordernissen der Bildungsgänge kommuniziert und bei Bedarf multipliziert.</em></span></li>
<li><span style="color: #000000"><em>Rechtliche Vorgaben sind zu beachten (z. B. Besondere Regelungen für teilzeitbeschäftigte und begrenzt dienstfähige Lehrkräfte an öffentlichen Schulen, Niedersächsisches Gleichberechtigungsgesetz).</em></span></li>
</ul>
</td>
</tr>
</tbody>
</table>



<hr class="wp-block-separator is-style-wide" />



<table style="height: 278px;border-color: black" width="658">
<tbody>
<tr>
<td style="background-color: #ccffcc;width: 37px;border-color: black;vertical-align: middle" rowspan="7" width="37">
<p style="text-align: center"><span style="color: #000000"><strong>P6</strong></span></p>
</td>
<td style="background-color: #ccffcc;width: 285px;border-color: black" width="285">
<p><span style="color: #000000"><strong>Personal einsetzen</strong></span></p>
</td>
</tr>
<tr>
<td style="border-color: black;width: 285px" width="285">
<p><span style="color: #000000"><strong>Bei der Gestaltung der Stunden- und Vertretungspläne erfolgt der Einsatz des lehrenden und nicht lehrenden Personals unter Berücksichtigung der Strategie und Ziele der Schule sowie fachlich angemessen auf Basis der individuellen Personalentwicklung.</strong></span></p>
</td>
</tr>
<tr>
<td style="border-color: black;width: 285px" width="285"><span style="color: #000000"><strong>Anforderungen (A):</strong></span><br>
<p><span style="color: #000000">Jährlich wird ein Plan für den Personaleinsatz in den Bildungsgängen erstellt.</span></p>
<span style="color: #000000">Der Personaleinsatz erfolgt strukturiert aufgrund der Zusammensetzung der Lerngruppen in den Bildungsgängen, fachlich angemessen und entsprechend den rechtlichen und pädagogischen Anforderungen.</span></td>
</tr>
<tr>
<td style="width: 285px;background-color: #dcdcdc;border-color: black;vertical-align: bottom" width="285"><span style="color: #000000">Die folgenden Hinweise dienen den Schulen zur <strong>Unterstützung bei der Bearbeitung der Kernaufgaben</strong>. Sie sind jedoch <strong>nicht verbindlich</strong> und somit <strong>nicht Erlassbestandteil</strong>.</span></td>
</tr>
<tr>
<td style="border-color: black;width: 285px" rowspan="3" width="285">
<ul>
<li><span style="color: #000000"><em>Es liegen Festlegungen für die Lerngruppenbildung und den Einsatz von lehrendem und nicht lehrendem Personal vor.</em></span></li>
<li><span style="color: #000000"><em>Abgestimmte Grundsätze zur Erstellung von Stunden- und Vertretungsplänen liegen vor und sind schulweit kommuniziert (Bezug zum Qualitätsbereich „Bildungsangebote gestalten“, Kernaufgabe B3 „Unterricht organisieren“).</em></span></li>
<li><span style="color: #000000"><em>Der Personaleinsatz orientiert sich an den Erfordernissen der Bildungsgänge.</em></span></li>
<li><span style="color: #000000"><em>Die individuellen Kompetenzen des lehrenden und nicht lehrenden Personals sind differenziert erfasst.</em></span></li>
<li><span style="color: #000000"><em>Die individuellen Entwicklungsziele des lehrenden und nicht lehrenden Personals sind bei der Einsatzplanung berücksichtigt.</em></span></li>
<li><span style="color: #000000"><em>Die verbindlichen Vereinbarungen basieren auf rechtlichen und pädagogischen Anforderungen und sind schulweit kommuniziert.</em></span></li>
<li><span style="color: #000000"><em>Rechtliche Vorgaben sind zu beachten (z. B. Besondere Regelungen für teilzeitbeschäftigte und begrenzt dienstfähige Lehrkräfte an öffentlichen Schulen, Niedersächsisches Gleichberechtigungsgesetz).</em></span></li>
</ul>
</td>
</tr>
</tbody>
</table>



<hr class="wp-block-separator is-style-wide" />



<table style="height: 278px;border-color: black" width="658">
<tbody>
<tr>
<td style="background-color: #ccffcc;width: 37px;border-color: black;vertical-align: middle" rowspan="7" width="37">
<p style="text-align: center"><span style="color: #000000"><strong>P7</strong></span></p>
</td>
<td style="background-color: #ccffcc;width: 285px;border-color: black" width="285">
<p><span style="color: #000000"><strong>Personal begleiten</strong></span></p>
</td>
</tr>
<tr>
<td style="border-color: black;width: 285px" width="285">
<p><span style="color: #000000"><strong>Die Schule plant systematisch Maßnahmen zur Personalfürsorge und führt diese durch. </strong></span></p>
</td>
</tr>
<tr>
<td style="border-color: black;width: 285px" width="285"><span style="color: #000000"><strong>Anforderung (A):</strong></span><br><span style="color: #000000">Die Schule führt die erforderlichen Maßnahmen des Arbeitsschutzes und Gesundheitsmanagements durch.</span></td>
</tr>
<tr>
<td style="width: 285px;background-color: #dcdcdc;border-color: black;vertical-align: bottom" width="285"><span style="color: #000000">Die folgenden Hinweise dienen den Schulen zur <strong>Unterstützung bei der Bearbeitung der Kernaufgaben</strong>. Sie sind jedoch <strong>nicht verbindlich</strong> und somit <strong>nicht Erlassbestandteil</strong>.</span></td>
</tr>
<tr>
<td style="border-color: black;width: 285px" rowspan="3" width="285">
<ul>
<li><span style="color: #000000"><em>In der Schule sind besondere Belastungssituationen des lehrenden und nicht lehrenden Personals erkannt und daraus Maßnahmen zur Entlastung abgeleitet.</em></span></li>
<li><span style="color: #000000"><em>In der Schule sind Gespräche mit dem lehrenden und nicht lehrenden Personal sowie Befragungen (z. B. BUGIS) zur Personalfürsorge durchgeführt. Aus den Ergebnissen werden Maßnahmen der Personalfürsorge abgeleitet.</em></span></li>
<li><span style="color: #000000"><em>Die Schule bindet die schulischen Gremien ein.</em></span></li>
<li><span style="color: #000000"><em>Beratungs- und Unterstützungsangebote sind bekannt.</em></span></li>
</ul>
</td>
</tr>
</tbody>
</table>

<p>P4 Personal individuell fördern Die Schule fördert das lehrende und nicht lehrende Personal entsprechend ihrer individuellen Professionalisierung. Anforderung (A):Die Schule führt systematisch Maßnahmen zur Personalentwicklung durch. Die folgenden Hinweise dienen den Schulen zur Unterstützung bei der Bearbeitung der Kernaufgaben. Sie sind jedoch nicht verbindlich und somit nicht Erlassbestandteil. Personale Zuständigkeiten für die Personalentwicklung sind festgelegt. &hellip; <a href="https://wordpress.nibis.de/kam-bbs/personal-entwickeln/" class="more-link"><span class="screen-reader-text">Personal entwickeln</span> weiterlesen <span class="meta-nav">&rarr;</span></a></p>
