{"id":1523,"date":"2024-07-30T21:13:30","date_gmt":"2024-07-30T19:13:30","guid":{"rendered":"https:\/\/wordpress.nibis.de\/kgssalzh\/?page_id=1523"},"modified":"2024-11-14T13:14:47","modified_gmt":"2024-11-14T12:14:47","slug":"jennifer-hardt","status":"publish","type":"page","link":"https:\/\/wordpress.nibis.de\/kgssalzh\/jennifer-hardt\/","title":{"rendered":"Jennifer Hardt"},"content":{"rendered":"\n<div class=\"wp-block-media-text alignwide has-media-on-the-right is-stacked-on-mobile tw-stack-md\" style=\"grid-template-columns:auto 30%\"><figure class=\"wp-block-media-text__media\"><img loading=\"lazy\" decoding=\"async\" width=\"1708\" height=\"2560\" src=\"https:\/\/wordpress.nibis.de\/kgssalzh\/files\/2024\/07\/Personen_Hardt-scaled.jpg\" alt=\"\" class=\"wp-image-1520 size-full\" srcset=\"https:\/\/wordpress.nibis.de\/kgssalzh\/files\/2024\/07\/Personen_Hardt-scaled.jpg 1708w, https:\/\/wordpress.nibis.de\/kgssalzh\/files\/2024\/07\/Personen_Hardt-768x1151.jpg 768w, https:\/\/wordpress.nibis.de\/kgssalzh\/files\/2024\/07\/Personen_Hardt-1025x1536.jpg 1025w, https:\/\/wordpress.nibis.de\/kgssalzh\/files\/2024\/07\/Personen_Hardt-1367x2048.jpg 1367w\" sizes=\"auto, (max-width: 1708px) 100vw, 1708px\" \/><\/figure><div class=\"wp-block-media-text__content\">\n<h2 class=\"wp-block-heading\">Hallo!<\/h2>\n\n\n\n<p>Ich bin seit 2016 an der KGS Salzhemmendorf und leite seit 2024 den Realschulzweig mit dem Ziel die Sch\u00fcler*innen zu motivieren und beim Erreichen des Realschulabschlusses zu unterst\u00fctzen. Ich bin die Ansprechpartnerin f\u00fcr alle Realsch\u00fcler*innen und nat\u00fcrlich auch f\u00fcr die Erziehungsberechtigten.<\/p>\n\n\n\n<h3 class=\"tw-mb-4 has-medium-font-size wp-block-heading\">Kontakt<\/h3>\n\n\n\n<p>Lauensteiner Weg 24<br>31020 Salzhemmendorf<\/p>\n\n\n\n<p><a href=\"&#109;&#x61;&#105;&#x6c;&#116;&#x6f;:&#x6a;e&#110;&#x6e;&#105;&#x66;&#101;&#x72;&#46;&#x68;a&#114;&#x64;&#116;&#x40;&#107;&#x67;&#115;&#x2d;s&#x61;l&#122;&#x68;&#101;&#x6d;&#109;&#x65;n&#x64;o&#114;&#x66;&#46;&#x65;&#117;\">&#x6a;e&#x6e;&#110;i&#x66;&#101;&#x72;&#x2e;h&#x61;&#114;d&#x74;&#64;&#x6b;&#103;s&#x2d;&#115;a&#x6c;&#122;&#x68;&#101;m&#x6d;&#101;&#x6e;&#x64;o&#x72;&#102;&#46;&#x65;&#117;<\/a><\/p>\n\n\n\n<p>05153 &#8211; 8076 0<\/p>\n\n\n\n<p><\/p>\n<\/div><\/div>\n\n\n\n<div class=\"wp-block-contact-form-7-contact-form-selector\">\n<div class=\"wpcf7 no-js\" id=\"wpcf7-f1527-o1\" lang=\"de-DE\" dir=\"ltr\" data-wpcf7-id=\"1527\">\n<div class=\"screen-reader-response\"><p role=\"status\" aria-live=\"polite\" aria-atomic=\"true\"><\/p> <ul><\/ul><\/div>\n<form action=\"\/kgssalzh\/wp-json\/wp\/v2\/pages\/1523#wpcf7-f1527-o1\" method=\"post\" class=\"wpcf7-form init\" aria-label=\"Kontaktformular\" novalidate=\"novalidate\" data-status=\"init\">\n<fieldset class=\"hidden-fields-container\"><input type=\"hidden\" name=\"_wpcf7\" value=\"1527\" \/><input type=\"hidden\" name=\"_wpcf7_version\" value=\"6.1.5\" \/><input type=\"hidden\" name=\"_wpcf7_locale\" value=\"de_DE\" \/><input type=\"hidden\" name=\"_wpcf7_unit_tag\" value=\"wpcf7-f1527-o1\" \/><input type=\"hidden\" name=\"_wpcf7_container_post\" value=\"0\" \/><input type=\"hidden\" name=\"_wpcf7_posted_data_hash\" value=\"\" \/>\n<\/fieldset>\n<div class=\"wpcf7-turnstile cf-turnstile\" data-sitekey=\"0x4AAAAAAA0jLh2IoAW-C2aO\" data-response-field-name=\"_wpcf7_turnstile_response\"><\/div>\n\n<p><label> Dein Name<br \/>\n<span class=\"wpcf7-form-control-wrap\" data-name=\"your-name\"><input size=\"40\" maxlength=\"400\" class=\"wpcf7-form-control wpcf7-text wpcf7-validates-as-required\" aria-required=\"true\" aria-invalid=\"false\" value=\"\" type=\"text\" name=\"your-name\" \/><\/span> <\/label>\n<\/p>\n<p><label> Deine E-Mail-Adresse<br \/>\n<span class=\"wpcf7-form-control-wrap\" data-name=\"your-email\"><input size=\"40\" maxlength=\"400\" class=\"wpcf7-form-control wpcf7-email wpcf7-validates-as-required wpcf7-text wpcf7-validates-as-email\" aria-required=\"true\" aria-invalid=\"false\" value=\"\" type=\"email\" name=\"your-email\" \/><\/span> <\/label>\n<\/p>\n<p><label> Betreff<br \/>\n<span class=\"wpcf7-form-control-wrap\" data-name=\"your-subject\"><input size=\"40\" maxlength=\"400\" class=\"wpcf7-form-control wpcf7-text wpcf7-validates-as-required\" aria-required=\"true\" aria-invalid=\"false\" value=\"\" type=\"text\" name=\"your-subject\" \/><\/span> <\/label>\n<\/p>\n<p><label> Deine Nachricht (optional)<br \/>\n<span class=\"wpcf7-form-control-wrap\" data-name=\"your-message\"><textarea cols=\"40\" rows=\"10\" maxlength=\"2000\" class=\"wpcf7-form-control wpcf7-textarea\" aria-invalid=\"false\" name=\"your-message\"><\/textarea><\/span> <\/label>\n<\/p>\n<p><input class=\"wpcf7-form-control wpcf7-submit has-spinner\" type=\"submit\" value=\"Senden\" \/>\n<\/p><div class=\"wpcf7-response-output\" aria-hidden=\"true\"><\/div>\n<\/form>\n<\/div>\n<\/div>\n","protected":false},"excerpt":{"rendered":"<p>Hallo! Ich bin seit 2016 an der KGS Salzhemmendorf und leite seit 2024 den Realschulzweig mit dem Ziel die Sch\u00fcler*innen zu motivieren und beim Erreichen &hellip; <\/p>\n","protected":false},"author":9194300,"featured_media":0,"parent":0,"menu_order":0,"comment_status":"closed","ping_status":"closed","template":"","meta":{"footnotes":""},"class_list":["post-1523","page","type-page","status-publish","hentry"],"_links":{"self":[{"href":"https:\/\/wordpress.nibis.de\/kgssalzh\/wp-json\/wp\/v2\/pages\/1523","targetHints":{"allow":["GET"]}}],"collection":[{"href":"https:\/\/wordpress.nibis.de\/kgssalzh\/wp-json\/wp\/v2\/pages"}],"about":[{"href":"https:\/\/wordpress.nibis.de\/kgssalzh\/wp-json\/wp\/v2\/types\/page"}],"author":[{"embeddable":true,"href":"https:\/\/wordpress.nibis.de\/kgssalzh\/wp-json\/wp\/v2\/users\/9194300"}],"replies":[{"embeddable":true,"href":"https:\/\/wordpress.nibis.de\/kgssalzh\/wp-json\/wp\/v2\/comments?post=1523"}],"version-history":[{"count":5,"href":"https:\/\/wordpress.nibis.de\/kgssalzh\/wp-json\/wp\/v2\/pages\/1523\/revisions"}],"predecessor-version":[{"id":2021,"href":"https:\/\/wordpress.nibis.de\/kgssalzh\/wp-json\/wp\/v2\/pages\/1523\/revisions\/2021"}],"wp:attachment":[{"href":"https:\/\/wordpress.nibis.de\/kgssalzh\/wp-json\/wp\/v2\/media?parent=1523"}],"curies":[{"name":"wp","href":"https:\/\/api.w.org\/{rel}","templated":true}]}}