{"id":1841,"date":"2024-09-28T15:22:04","date_gmt":"2024-09-28T13:22:04","guid":{"rendered":"https:\/\/wordpress.nibis.de\/kgssalzh\/?page_id=1841"},"modified":"2024-09-28T19:03:28","modified_gmt":"2024-09-28T17:03:28","slug":"schulentwicklung","status":"publish","type":"page","link":"https:\/\/wordpress.nibis.de\/kgssalzh\/schulentwicklung\/","title":{"rendered":"Schulentwicklung"},"content":{"rendered":"\n<h2 class=\"has-text-align-center has-large-font-size wp-block-heading\"><strong><span style=\"color:#000000\" class=\"tadv-color\">Schulentwicklung<\/span><\/strong><\/h2>\n\n\n\n<h2 class=\"has-medium-font-size wp-block-heading\"><strong><span style=\"color:#000000\" class=\"tadv-color\">Vision Schule am Kanstein \u2013 KGS Salzhemmendorf:<\/span><\/strong><\/h2>\n\n\n\n<figure class=\"wp-block-pullquote has-text-align-center is-style-plain\"><blockquote><p>Als Kooperative Gesamtschule im l\u00e4ndlichen Raum erm\u00f6glichen wir ganzheitliche Bildung, die sich immer wieder neu an allen Herausforderungen gesellschaftlicher Entwicklungen orientiert und reflektiert und in besonderem Ma\u00dfe die Entfaltung der Pers\u00f6nlichkeit und die Ausbildung von Alltagstauglichkeit f\u00f6rdert.<\/p><\/blockquote><\/figure>\n\n\n\n<p><strong>Unsere Schule&#8230;<\/strong><\/p>\n\n\n\n<ul class=\"wp-block-list\"><li>stellt den Menschen in seiner Individualit\u00e4t und als Teil der Gemeinschaft in den Mittelpunkt.<\/li><li>ist in besonderer Weise der Entwicklung von Pers\u00f6nlichkeit und Alltagstauglichkeit verpflichtet und animiert zum lebenslangen Lernen.<\/li><li>ber\u00fccksichtigt ihre Stellung als Kooperative Gesamtschule im l\u00e4ndlichen Raum und ist eng mit ihrem Standort verbunden.<\/li><li>vermittelt zeitgem\u00e4\u00dfe Bildung, die sich immer wieder neu an allen Herausforderungen gesellschaftlicher Entwicklung orientiert und reflektiert.<\/li><li>richtet ihr Bildungsangebot an den Kompetenzen f\u00fcr das 21. Jahrhundert aus.<\/li><li>erm\u00f6glicht individuelles und selbgesteuertes Lernen in offenen und kollaborativen Lernszenarien.<\/li><li>erm\u00f6glicht Lehren und Lernen unter den Bedingungen der Digitalit\u00e4t.<\/li><\/ul>\n\n\n\n<p><\/p>\n\n\n\n<h2 class=\"has-medium-font-size wp-block-heading\"><strong><span style=\"color:#000000\" class=\"tadv-color\">Unsere derzeit in Bearbeitung bzw. Erprobung befindlichen Schulentwicklungsvorhaben:<\/span><\/strong><\/h2>\n\n\n\n<ul class=\"wp-block-list\"><li>Pers\u00f6nliche Lernzeiten (PerLe)<\/li><li>Raumkonzepte<\/li><li>TeamKlassenLeitung Jg. 5 und 6<\/li><li>Schulfahrten- und Projektwoche<\/li><li>Einrichtung eines Wahlpflichtbereichs in den Jg. 8 bis 10 des Gymnasialzweigs<\/li><li>Schule am Kanstein digital<\/li><\/ul>\n\n\n\n<p><\/p>\n\n\n\n<h2 class=\"has-medium-font-size wp-block-heading\"><strong><span style=\"color:#000000\" class=\"tadv-color\">Ihre\/ Eure Mitgestaltungsm\u00f6glichkeiten:<\/span><\/strong><\/h2>\n\n\n\n<ul class=\"wp-block-list\"><li>Gremienarbeit (Schulvorstand, Gesamtkonferenz, Elternrat, Sch\u00fclervertretung)<\/li><li>Mitarbeit in den Arbeitsgruppen zu den o. g. Schulentwicklungsvorhaben<\/li><li>Teilnahme am &#8222;Forum Schulentwicklung&#8220;<\/li><\/ul>\n\n\n\n<p>Weitere Ideen finden Sie\/ findet Ihr auch im Padlet &#8222;Vision Schule am Kanstein 2027\/28:<\/p>\n\n\n\n<p><a rel=\"noreferrer noopener\" href=\"https:\/\/padlet.com\/michael_ehrhardt\/vision-schule-am-kanstein-2027-28-fz2wzbnoa6rvjz8b\" target=\"_blank\">Vision Schule am Kanstein 2027\/28<\/a><\/p>\n","protected":false},"excerpt":{"rendered":"<p>Schulentwicklung Vision Schule am Kanstein \u2013 KGS Salzhemmendorf: Als Kooperative Gesamtschule im l\u00e4ndlichen Raum erm\u00f6glichen wir ganzheitliche Bildung, die sich immer wieder neu an allen &hellip; <\/p>\n","protected":false},"author":9194465,"featured_media":0,"parent":0,"menu_order":0,"comment_status":"closed","ping_status":"closed","template":"","meta":{"footnotes":""},"class_list":["post-1841","page","type-page","status-publish","hentry"],"_links":{"self":[{"href":"https:\/\/wordpress.nibis.de\/kgssalzh\/wp-json\/wp\/v2\/pages\/1841","targetHints":{"allow":["GET"]}}],"collection":[{"href":"https:\/\/wordpress.nibis.de\/kgssalzh\/wp-json\/wp\/v2\/pages"}],"about":[{"href":"https:\/\/wordpress.nibis.de\/kgssalzh\/wp-json\/wp\/v2\/types\/page"}],"author":[{"embeddable":true,"href":"https:\/\/wordpress.nibis.de\/kgssalzh\/wp-json\/wp\/v2\/users\/9194465"}],"replies":[{"embeddable":true,"href":"https:\/\/wordpress.nibis.de\/kgssalzh\/wp-json\/wp\/v2\/comments?post=1841"}],"version-history":[{"count":15,"href":"https:\/\/wordpress.nibis.de\/kgssalzh\/wp-json\/wp\/v2\/pages\/1841\/revisions"}],"predecessor-version":[{"id":1867,"href":"https:\/\/wordpress.nibis.de\/kgssalzh\/wp-json\/wp\/v2\/pages\/1841\/revisions\/1867"}],"wp:attachment":[{"href":"https:\/\/wordpress.nibis.de\/kgssalzh\/wp-json\/wp\/v2\/media?parent=1841"}],"curies":[{"name":"wp","href":"https:\/\/api.w.org\/{rel}","templated":true}]}}