{"id":328,"date":"2023-10-25T17:19:37","date_gmt":"2023-10-25T15:19:37","guid":{"rendered":"https:\/\/wordpress.nibis.de\/kgssalzh\/?page_id=328"},"modified":"2025-05-19T13:28:54","modified_gmt":"2025-05-19T11:28:54","slug":"realschule","status":"publish","type":"page","link":"https:\/\/wordpress.nibis.de\/kgssalzh\/realschule\/","title":{"rendered":"Realschulzweig"},"content":{"rendered":"\n<p class=\"has-text-align-center has-large-font-size\"><strong>Unser Realschulzweig<\/strong><\/p>\n\n\n\n<div class=\"wp-block-columns is-layout-flex wp-container-core-columns-is-layout-abceabcf wp-block-columns-is-layout-flex\">\n<div class=\"wp-block-column is-layout-flow wp-block-column-is-layout-flow\" style=\"--col-width:66.66%;flex-basis:66.66%\">\n<p>Der Realschulzweig bietet eine grundlegende Allgemeinbildung mit einer zweiten Fremdsprache (Franz\u00f6sisch) mit Profilkursen in Wirtschaft, Technik, Gesundheit und Soziales ab Klasse 9 an.&nbsp; Ein gro\u00dfer Schwerpunkt liegt in der Orientierung auf die Berufs-und Arbeitswelt.<\/p>\n\n\n\n<h3 class=\"wp-block-heading\">Abschl\u00fcsse im Realschulzweig<\/h3>\n\n\n\n<p>Mit der Versetzung in die Klasse 10 des Realschulzweigs erwirbt die Sch\u00fclerin oder der Sch\u00fcler gleichzeitig den Hauptschulabschluss.<\/p>\n\n\n\n<p>Grundvoraussetzung f\u00fcr das Erreichen eines Realschulabschlusses ist die Teilnahme an den Abschlusspr\u00fcfungen.<\/p>\n\n\n\n<p>Den Sekundarabschluss I \u2013 Realschulabschluss&nbsp; erwirbt, wer \u2026<\/p>\n\n\n\n<p>a) in allen F\u00e4chern mindestens ausreichende Leistungen erreicht hat. oder<br>b) nicht mehr als eine F\u00fcnf im Zeugnis hat. oder<br>c) zwei F\u00fcnfen im Zeugnis hat, die beide ausgeglichen werden k\u00f6nnen.<br>Hierzu ist die Zustimmung der Klassenkonferenz n\u00f6tig.<\/p>\n<\/div>\n\n\n\n<div class=\"wp-block-column is-layout-flow wp-block-column-is-layout-flow\" style=\"--col-width:33.33%;flex-basis:33.33%\">\n<figure class=\"wp-block-image size-full\"><a href=\"https:\/\/wordpress.nibis.de\/kgssalzh\/jennifer-hardt\/\"><img loading=\"lazy\" decoding=\"async\" width=\"1708\" height=\"2560\" src=\"https:\/\/wordpress.nibis.de\/kgssalzh\/files\/2024\/07\/Personen_Hardt-scaled.jpg\" alt=\"\" class=\"wp-image-1520\" srcset=\"https:\/\/wordpress.nibis.de\/kgssalzh\/files\/2024\/07\/Personen_Hardt-scaled.jpg 1708w, https:\/\/wordpress.nibis.de\/kgssalzh\/files\/2024\/07\/Personen_Hardt-768x1151.jpg 768w, https:\/\/wordpress.nibis.de\/kgssalzh\/files\/2024\/07\/Personen_Hardt-1025x1536.jpg 1025w, https:\/\/wordpress.nibis.de\/kgssalzh\/files\/2024\/07\/Personen_Hardt-1367x2048.jpg 1367w\" sizes=\"auto, (max-width: 1708px) 100vw, 1708px\" \/><\/a><figcaption>Realschulzweigleitung: Frau Hardt<a href=\"https:\/\/wordpress.nibis.de\/kgssalzh\/jennifer-hardt\/\" data-type=\"page\" data-id=\"1523\">Jennifer Hardt<\/a><\/figcaption><\/figure>\n<\/div>\n<\/div>\n\n\n\n<p>Der Sekundarabschluss I \u2013 Realschulabschluss erm\u00f6glicht neben einer Berufsausbildung den Besuch einer Fachoberschule, einer Fachschule oder der Handelsschule. (z.B. Eugen Reintjes Schule\/ Elisabeth Selbert Schule in Hameln)<\/p>\n\n\n\n<p>Den Sekundarabschluss I \u2013 Erweiterter Realschulabschluss&nbsp;&nbsp;&nbsp;erwirbt, wer \u2026<\/p>\n\n\n\n<p>a) die Voraussetzungen f\u00fcr den Sekundarabschluss I \u2013 Realschulabschluss erf\u00fcllt und<br>b) in den F\u00e4chern Deutsch, Englisch und Mathematik einen Notendurchschnitt von maximal 3,0 erreicht. und<br>c) im gesamten Zeugnis einen Notendurchschnitt von maximal 3,0 erreicht.<\/p>\n\n\n\n<p>&gt; Der Sekundarabschluss I \u2013 Erweiterter Realschulabschluss ist Voraussetzung f\u00fcr den Besuch der Sekundarstufe II an einem allgemeinbildenden Gymnasium oder einem Fachgymnasium.<\/p>\n\n\n\n<p>F\u00fcr den Besuch der Sekundarstufe II der Schule am Kanstein ist zus\u00e4tzlich der Nachweis \u00fcber die&nbsp;f\u00fcnfj\u00e4hrige Teilnahme am Franz\u00f6sischunterricht Voraussetzung.<\/p>\n\n\n\n<p>Wer keinen Realschulabschluss erreicht, bekommt den Hauptschulabschuss nach Klasse 10 der Hauptschule erteilt, wenn die Konferenz feststellt, dass er die Voraussetzungen hierf\u00fcr erf\u00fcllt.<\/p>\n\n\n\n<p>Grunds\u00e4tzlich hat jeder Sch\u00fcler\/ jede Sch\u00fclerin das Recht, den 10. Realschuljahrgang zu wiederholen, um einen besseren Abschluss zu erlangen.<br>Dies gilt auch, wenn das 9. Schuljahr schon einmal wiederholt wurde.<br>Au\u00dferdem gibt es die M\u00f6glichkeit, einen Antrag auf Wechsel in den 10. Jahrgang des Gymnasialzweigs zu stellen, um dort eine Basis f\u00fcr den Wechsel in die 11. Klasse der Sekundarstufe II zu schaffen. Voraussetzung hierf\u00fcr ist die Teilnahme am Franz\u00f6sischunterricht. \u00dcber die Bewilligung des Antrags entscheidet die Klassenkonferenz.<\/p>\n\n\n\n<p><br>Im November erfolgt jeweils f\u00fcr die 9. Realschulklassen im Forum unserer Schule eine ausf\u00fchrliche Informationsveranstaltung \u00fcber alle weiterf\u00fchrenden Schulen der Region. Hier werden auch die Termine der Informationsveranstaltungen an diesen Schulen und die Anmeldefristen bekannt gegeben.<\/p>\n\n\n\n<p>Grunds\u00e4tzlich gilt:<br>&#8211; <strong>Anmeldemonat f\u00fcr alle weiterf\u00fchrenden Schulen ist der Februar des laufenden Schuljahres.<\/strong><br>&#8211; Sch\u00fclerinnen und Sch\u00fcler, die sich an einer Sekundarstufe II anmelden, sollten sich sicherheitshalber immer zus\u00e4tzlich an einer Schule anmelden, die nicht den Erweiterten Realschulabschluss verlangt.<\/p>\n","protected":false},"excerpt":{"rendered":"<p>Unser Realschulzweig Der Realschulzweig bietet eine grundlegende Allgemeinbildung mit einer zweiten Fremdsprache (Franz\u00f6sisch) mit Profilkursen in Wirtschaft, Technik, Gesundheit und Soziales ab Klasse 9 an.&nbsp; &hellip; <\/p>\n","protected":false},"author":9194300,"featured_media":0,"parent":0,"menu_order":0,"comment_status":"closed","ping_status":"closed","template":"","meta":{"footnotes":""},"class_list":["post-328","page","type-page","status-publish","hentry"],"_links":{"self":[{"href":"https:\/\/wordpress.nibis.de\/kgssalzh\/wp-json\/wp\/v2\/pages\/328","targetHints":{"allow":["GET"]}}],"collection":[{"href":"https:\/\/wordpress.nibis.de\/kgssalzh\/wp-json\/wp\/v2\/pages"}],"about":[{"href":"https:\/\/wordpress.nibis.de\/kgssalzh\/wp-json\/wp\/v2\/types\/page"}],"author":[{"embeddable":true,"href":"https:\/\/wordpress.nibis.de\/kgssalzh\/wp-json\/wp\/v2\/users\/9194300"}],"replies":[{"embeddable":true,"href":"https:\/\/wordpress.nibis.de\/kgssalzh\/wp-json\/wp\/v2\/comments?post=328"}],"version-history":[{"count":7,"href":"https:\/\/wordpress.nibis.de\/kgssalzh\/wp-json\/wp\/v2\/pages\/328\/revisions"}],"predecessor-version":[{"id":2670,"href":"https:\/\/wordpress.nibis.de\/kgssalzh\/wp-json\/wp\/v2\/pages\/328\/revisions\/2670"}],"wp:attachment":[{"href":"https:\/\/wordpress.nibis.de\/kgssalzh\/wp-json\/wp\/v2\/media?parent=328"}],"curies":[{"name":"wp","href":"https:\/\/api.w.org\/{rel}","templated":true}]}}