{"id":575,"date":"2023-11-26T18:47:01","date_gmt":"2023-11-26T17:47:01","guid":{"rendered":"https:\/\/wordpress.nibis.de\/kgssalzh\/?page_id=575"},"modified":"2026-02-25T10:48:38","modified_gmt":"2026-02-25T09:48:38","slug":"a-w-t","status":"publish","type":"page","link":"https:\/\/wordpress.nibis.de\/kgssalzh\/a-w-t\/","title":{"rendered":"AWT"},"content":{"rendered":"\n<p class=\"has-text-align-center has-large-font-size\"><strong>Der Fachbereich Arbeit-Wirtschaft-Technik<\/strong><\/p>\n\n\n\n<div class=\"wp-block-columns is-layout-flex wp-container-core-columns-is-layout-abceabcf wp-block-columns-is-layout-flex\">\n<div class=\"wp-block-column is-layout-flow wp-block-column-is-layout-flow\" style=\"--col-width:66.66%;flex-basis:66.66%\">\n<h4 class=\"wp-block-heading\">Wer oder was ist der Fachbereich AWT?<\/h4>\n\n\n\n<p>Der Fachbereich AWT umfasst f\u00fcr den Haupt- und den Realschulzweig die F\u00e4cher \u201eWirtschaft\u201c, \u201eTechnik\u201c, \u201eHauswirtschaft\u201c sowie die Profile \u201eTechnik\u201c, \u201eGesundheit und Soziales\u201c und \u201eWirtschaft\u201c, die derzeit in der Realschule im 9. und 10. Jahrgang angeboten werden. Auch einige Wahlpflichtkurse wie z. B. \u201eWirtschaft im Alltag\u201c werden im Rahmen des Fachbereichs AWT angeboten.<\/p>\n\n\n\n<p>Neben der Berufsorientierung in der Haupt- und Realschule ist Sabrina Niemeyer als Fachbereichsleiterin f\u00fcr AWT verantwortlich.<\/p>\n\n\n\n<h4 class=\"wp-block-heading\">Was sind unsere Ziele?<\/h4>\n\n\n\n<p>Unser oberstes Ziel ist die umfassende F\u00f6rderung der Ausbildungsreife sowie die Vorbereitung auf das selbstst\u00e4ndige Leben nach der Schulzeit f\u00fcr aller Sch\u00fclerinnen und Sch\u00fcler unserer Schule. Um das zu erreichen, hat der Fachbereich AWT folgende Schwerpunkte:<\/p>\n\n\n\n<ul class=\"wp-block-list\">\n<li>Vermittlung \u00f6konomischer, technischer\/handwerklicher und hauswirtschaftlichen Grundkenntnisse<\/li>\n\n\n\n<li>Praktische Anwendung der Grundkenntnisse im Rahmen von handlungsorientier-ten Unterricht, z. B. Projektarbeit<\/li>\n\n\n\n<li>Enge Verkn\u00fcpfung von Theorie und Praxis<\/li>\n\n\n\n<li>Finanzielle Allgemeinbildung<\/li>\n\n\n\n<li>Nachhaltiges Denken und Handeln<\/li>\n\n\n\n<li>Einblicke in die Arbeits- und Lebenswelt schaffen<\/li>\n\n\n\n<li>Auseinandersetzung mit Interessen, F\u00e4hig- und Fertigkeiten<\/li>\n\n\n\n<li>Entwicklung pers\u00f6nlicher Lebenskonzepte<\/li>\n<\/ul>\n<\/div>\n\n\n\n<div class=\"wp-block-column is-layout-flow wp-block-column-is-layout-flow\" style=\"--col-width:33.33%;flex-basis:33.33%\">\n<figure class=\"wp-block-image size-full is-resized\"><a href=\"https:\/\/wordpress.nibis.de\/kgssalzh\/sabrina-niemeyer\/\"><img loading=\"lazy\" decoding=\"async\" width=\"400\" height=\"600\" src=\"https:\/\/wordpress.nibis.de\/kgssalzh\/files\/2026\/02\/Ni.jpg\" alt=\"\" class=\"wp-image-5004\" srcset=\"https:\/\/wordpress.nibis.de\/kgssalzh\/files\/2026\/02\/Ni.jpg 400w, https:\/\/wordpress.nibis.de\/kgssalzh\/files\/2026\/02\/Ni-100x150.jpg 100w\" sizes=\"auto, (max-width: 400px) 100vw, 400px\" \/><\/a><figcaption class=\"wp-element-caption\">Fachbereichsleitung: Frau Niemeyer<\/figcaption><\/figure>\n\n\n\n<figure class=\"wp-block-embed is-type-video is-provider-youtube wp-block-embed-youtube wp-embed-aspect-16-9 wp-has-aspect-ratio\"><div class=\"wp-block-embed__wrapper\">\n<iframe loading=\"lazy\"  style=\"display: block; margin: 0px auto;\"  id=\"_ytid_47471\"  width=\"800\" height=\"450\"  data-origwidth=\"800\" data-origheight=\"450\" src=\"https:\/\/www.youtube.com\/embed\/GdaRlbDya1E?enablejsapi=1&#038;autoplay=0&#038;cc_load_policy=0&#038;cc_lang_pref=&#038;iv_load_policy=1&#038;loop=0&#038;rel=1&#038;fs=1&#038;playsinline=0&#038;autohide=2&#038;theme=dark&#038;color=red&#038;controls=1&#038;disablekb=0&#038;\" class=\"__youtube_prefs__  epyt-is-override  no-lazyload\" title=\"YouTube player\"  allow=\"fullscreen; accelerometer; autoplay; clipboard-write; encrypted-media; gyroscope; picture-in-picture; web-share\" referrerpolicy=\"strict-origin-when-cross-origin\" allowfullscreen data-no-lazy=\"1\" data-skipgform_ajax_framebjll=\"\"><\/iframe>\n<\/div><\/figure>\n<\/div>\n<\/div>\n\n\n\n<p class=\"has-text-align-center has-background has-large-font-size\" style=\"background-color:#a8d18e\">Berichte aus dem Fachbereich AWT<\/p>\n\n\n\n<div class=\"wp-block-group alignfull\"><div class=\"wp-block-group__inner-container is-layout-flow wp-block-group-is-layout-flow\"><ul class=\"wp-block-latest-posts__list is-grid columns-4 has-dates alignwide tw-heading-size-small tw-img-ratio-3-2 tw-stretched-link wp-block-latest-posts\"><li><div class=\"wp-block-latest-posts__featured-image\"><img loading=\"lazy\" decoding=\"async\" width=\"1200\" height=\"675\" src=\"https:\/\/wordpress.nibis.de\/kgssalzh\/files\/2026\/01\/Aushang-Spiel-das-Leben-1-pdf-1200x675.jpg\" class=\"attachment-large size-large wp-post-image\" alt=\"\" style=\"\" \/><\/div><a class=\"wp-block-latest-posts__post-title\" href=\"https:\/\/wordpress.nibis.de\/kgssalzh\/bericht-zum-projekt-spiel-das-leben-06-08-01-2026\/\">Bericht zum Projekt \u201eSpiel das Leben\u201c (06.\u201308.01.2026)<\/a><time datetime=\"2026-01-28T12:01:01+01:00\" class=\"wp-block-latest-posts__post-date\">28. Januar 2026<\/time><\/li>\n<li><div class=\"wp-block-latest-posts__featured-image\"><img loading=\"lazy\" decoding=\"async\" width=\"1200\" height=\"675\" src=\"https:\/\/wordpress.nibis.de\/kgssalzh\/files\/2025\/12\/Logocos_Besuch-e1765307770386-1200x675.jpg\" class=\"attachment-large size-large wp-post-image\" alt=\"\" style=\"\" srcset=\"https:\/\/wordpress.nibis.de\/kgssalzh\/files\/2025\/12\/Logocos_Besuch-e1765307770386-1200x675.jpg 1200w, https:\/\/wordpress.nibis.de\/kgssalzh\/files\/2025\/12\/Logocos_Besuch-e1765307770386-850x478.jpg 850w, https:\/\/wordpress.nibis.de\/kgssalzh\/files\/2025\/12\/Logocos_Besuch-e1765307770386-250x141.jpg 250w\" sizes=\"auto, (max-width: 1200px) 100vw, 1200px\" \/><\/div><a class=\"wp-block-latest-posts__post-title\" href=\"https:\/\/wordpress.nibis.de\/kgssalzh\/gemeinsam-fuer-eine-smartere-zukunft-projekttag-verbindet-schule-smart-city-und-unternehmen\/\">Gemeinsam f\u00fcr eine smartere Zukunft \u2013 Projekttag verbindet Schule, Smart City und Unternehmen<\/a><time datetime=\"2025-12-09T20:11:51+01:00\" class=\"wp-block-latest-posts__post-date\">9. Dezember 2025<\/time><\/li>\n<li><div class=\"wp-block-latest-posts__featured-image\"><img loading=\"lazy\" decoding=\"async\" width=\"640\" height=\"360\" src=\"https:\/\/wordpress.nibis.de\/kgssalzh\/files\/2025\/09\/Praktische_Berufsweltmesse-4-1.jpeg\" class=\"attachment-large size-large wp-post-image\" alt=\"\" style=\"\" srcset=\"https:\/\/wordpress.nibis.de\/kgssalzh\/files\/2025\/09\/Praktische_Berufsweltmesse-4-1.jpeg 640w, https:\/\/wordpress.nibis.de\/kgssalzh\/files\/2025\/09\/Praktische_Berufsweltmesse-4-1-250x141.jpeg 250w\" sizes=\"auto, (max-width: 640px) 100vw, 640px\" \/><\/div><a class=\"wp-block-latest-posts__post-title\" href=\"https:\/\/wordpress.nibis.de\/kgssalzh\/messe-praktische-berufsweltorientierung-an-der-kgs-salzhemmendorf\/\">Messe \u201ePraktische Berufsweltorientierung\u201c an der KGS Salzhemmendorf<\/a><time datetime=\"2025-09-24T15:33:22+02:00\" class=\"wp-block-latest-posts__post-date\">24. September 2025<\/time><\/li>\n<li><div class=\"wp-block-latest-posts__featured-image\"><img loading=\"lazy\" decoding=\"async\" width=\"600\" height=\"600\" src=\"https:\/\/wordpress.nibis.de\/kgssalzh\/files\/2025\/02\/Flyer-Offene-Werkstatt-KGS_02_2025-1.jpg\" class=\"attachment-large size-large wp-post-image\" alt=\"\" style=\"\" \/><\/div><a class=\"wp-block-latest-posts__post-title\" href=\"https:\/\/wordpress.nibis.de\/kgssalzh\/offene-werkstatt-in-der-kgs-salzhemmendorf\/\">Offene Werkstatt in der KGS Salzhemmendorf<\/a><time datetime=\"2025-02-27T09:55:13+01:00\" class=\"wp-block-latest-posts__post-date\">27. Februar 2025<\/time><\/li>\n<\/ul><\/div><\/div>\n\n\n\n<p class=\"has-text-align-center has-large-font-size\"><\/p>\n","protected":false},"excerpt":{"rendered":"<p>Der Fachbereich Arbeit-Wirtschaft-Technik Wer oder was ist der Fachbereich AWT? Der Fachbereich AWT umfasst f\u00fcr den Haupt- und den Realschulzweig die F\u00e4cher \u201eWirtschaft\u201c, \u201eTechnik\u201c, \u201eHauswirtschaft\u201c &hellip; <\/p>\n","protected":false},"author":9194300,"featured_media":0,"parent":0,"menu_order":0,"comment_status":"closed","ping_status":"closed","template":"","meta":{"footnotes":""},"class_list":["post-575","page","type-page","status-publish","hentry"],"_links":{"self":[{"href":"https:\/\/wordpress.nibis.de\/kgssalzh\/wp-json\/wp\/v2\/pages\/575","targetHints":{"allow":["GET"]}}],"collection":[{"href":"https:\/\/wordpress.nibis.de\/kgssalzh\/wp-json\/wp\/v2\/pages"}],"about":[{"href":"https:\/\/wordpress.nibis.de\/kgssalzh\/wp-json\/wp\/v2\/types\/page"}],"author":[{"embeddable":true,"href":"https:\/\/wordpress.nibis.de\/kgssalzh\/wp-json\/wp\/v2\/users\/9194300"}],"replies":[{"embeddable":true,"href":"https:\/\/wordpress.nibis.de\/kgssalzh\/wp-json\/wp\/v2\/comments?post=575"}],"version-history":[{"count":9,"href":"https:\/\/wordpress.nibis.de\/kgssalzh\/wp-json\/wp\/v2\/pages\/575\/revisions"}],"predecessor-version":[{"id":5013,"href":"https:\/\/wordpress.nibis.de\/kgssalzh\/wp-json\/wp\/v2\/pages\/575\/revisions\/5013"}],"wp:attachment":[{"href":"https:\/\/wordpress.nibis.de\/kgssalzh\/wp-json\/wp\/v2\/media?parent=575"}],"curies":[{"name":"wp","href":"https:\/\/api.w.org\/{rel}","templated":true}]}}