{"id":111,"date":"2019-09-18T09:12:26","date_gmt":"2019-09-18T07:12:26","guid":{"rendered":"https:\/\/wordpress.nibis.de\/klunkau\/?page_id=111"},"modified":"2019-09-18T22:34:44","modified_gmt":"2019-09-18T20:34:44","slug":"cookie-richtlinie","status":"publish","type":"page","link":"https:\/\/wordpress.nibis.de\/klunkau\/cookie-richtlinie\/","title":{"rendered":"Cookie Richtlinie"},"content":{"rendered":"\n<div class=\"wD_Iu f8ElW css-1c375l0\">\n<section class=\"_1AraQ\">\n<div class=\"_2CtTI\">\n<div class=\"_1fgZZ\">\n<div class=\"Te80D\">\n<div class=\"css-2vo0gs _3l4Fr\">\n<div class=\"\">\n<p>Mit dieser Cookie Richtlinie informiert der Website-Betreiber den Nutzer der Website \u00fcber den Einsatz von Cookies oder \u00e4hnlichen Speichertechnologien (nachfolgend \u201eCookies\u201c) auf dieser Website.<\/p>\n<h2 id=\"was-sind-cookies\">Was sind Cookies?<\/h2>\n<p>Cookies sind kleine Textdateien, die vom Webbrowser auf dem Endger\u00e4t des Nutzers zur Speicherung von bestimmten Informationen abgelegt werden. Beim n\u00e4chsten Aufruf unserer Website mit demselben Endger\u00e4t werden die in Cookies gespeicherten Informationen an unsere Website (\u201eFirst Party Cookie\u201c) oder eine andere Website, zu der das Cookie geh\u00f6rt (\u201eThird Party Cookie\u201c), zur\u00fcckgesandt.<\/p>\n<p>Durch die im Cookie gespeicherten und zur\u00fcckgesandten Informationen erkennt die jeweilige Website, dass der Nutzer diese mit dem Webbrowser seines Endger\u00e4ts bereits aufgerufen und besucht hat. Diese Informationen nutzen wir, um dem Nutzer die Website gem\u00e4\u00df seinen Pr\u00e4ferenzen optimal anzeigen zu k\u00f6nnen.<\/p>\n<p>Es wird hierbei aber nur das Cookie selbst auf dem Endger\u00e4t identifiziert. Eine dar\u00fcber hinausgehende Speicherung von personenbezogenen Daten erfolgt nur, wenn der Nutzer uns seine ausdr\u00fcckliche Zustimmung daf\u00fcr gibt oder wenn diese Speicherung unbedingt erforderlich ist, um den angebotenen und aufgerufenen Dienst nutzen zu k\u00f6nnen.<\/p>\n<h2 id=\"zustimmung-zur-verwendung-von-cookies\">Zustimmung zur Verwendung von Cookies<\/h2>\n<p>Cookies, die nicht unbedingt erforderlich sind, um die Dienste auf dieser Website zur Verf\u00fcgung zu stellen, werden erst nach Einwilligung verwendet. Indem der Nutzer auf Grundlage eines von uns auf der Website erteilten Hinweises (\u201eCookie-Banner\u201c) eine Einwilligung zur Verwendung von Cookies erteilt hat, stimmt er der Verwendung von Cookies zu.<\/p>\n<p>Seine <a href=\"https:\/\/www.hsklunkau.com\/cookie-einstellungen\/\">Cookie Einstellungen<\/a> kann der Nutzer jederzeit individuell anpassen, indem er zum Beispiel einzelne Cookie-Kategorien aktiviert oder deaktiviert.<\/p>\n<p>Wie der Nutzer Cookies generell (inklusive der unbedingt erforderlichen Cookies) in seinem Browser deaktivieren oder l\u00f6schen kann, wird unter dem Punkt &#8222;Deaktivierung oder L\u00f6schung s\u00e4mtlicher Cookies&#8220; beschrieben.<\/p>\n<h2 id=\"rechtsgrundlage\">Rechtsgrundlage<\/h2>\n<p>Wenn der Nutzer auf Grundlage eines von uns auf der Website erteilten Hinweises (\u201eCookie-Banner\u201c) eine Einwilligung zur Verwendung von Cookies erteilt hat, richtet sich die Rechtm\u00e4\u00dfigkeit der Datenverarbeitung nach Art. 6 Abs. 1 S. 1 lit. a DSGVO. Wenn keine Einwilligung angefordert wird, stellt unser berechtigtes Interesse (d. h. Interesse an der Analyse, Optimierung und dem wirtschaftlichen Betrieb dieser Website und Leistungen) im Sinne des Art. 6 Abs. 1 S. 1 lit. f DSGVO die Rechtsgrundlage f\u00fcr die Nutzung der Cookies dar.<\/p>\n<h2 id=\"kategorien-der-verwendeten-cookies\">Kategorien der verwendeten Cookies<\/h2>\n<p>Je nach Verwendungszweck und Funktion unterteilen wir die von der Website verwendeten Cookies in die folgenden Kategorien:<\/p>\n<ul>\n<li>Unbedingt erforderliche Cookies;<\/li>\n<li>Funktionale-Cookies;<\/li>\n<li>Performance-Cookies;<\/li>\n<li>Marketing- \/ Third Party- \/ Zustimmungspflichtige-Cookies<\/li>\n<\/ul>\n<h3 id=\"unbedingt-erforderliche-cookies\">Unbedingt erforderliche Cookies<\/h3>\n<p>Unbedingt erforderliche Cookies sorgen daf\u00fcr, dass diese Website, beziehungsweise der Dienst, ordnungsgem\u00e4\u00df funktioniert. Das hei\u00dft, ohne diese Cookies ist diese Website, beziehungsweise der Dienst, nicht wie vorgesehen nutzbar. Diese Art von Cookies wird ausschlie\u00dflich von dem Betreiber der Website verwendet (First Party Cookies) und s\u00e4mtliche Informationen, die in den Cookies gespeichert sind, werden nur an diese Website gesendet.<\/p>\n<p>Auf unserer Webseite kommen folgende unbedingt erforderlichen Cookies zum Einsatz:<\/p>\n<table>\n<thead>\n<tr>\n<th>Name<\/th>\n<th>Zweck<\/th>\n<th>Laufzeit<\/th>\n<\/tr>\n<\/thead>\n<tbody>\n<tr>\n<td>lduser<\/td>\n<td>Dieses Cookie ist notwending, um die passenden Features auszuliefern.<\/td>\n<td>30 Tage<\/td>\n<\/tr>\n<\/tbody>\n<\/table>\n<p>Unbedingt erforderliche Cookies k\u00f6nnen nicht einzeln deaktiviert bzw. aktiviert werden. Der Nutzer hat jederzeit die M\u00f6glichkeit, seine <a href=\"https:\/\/www.hsklunkau.com\/cookie-einstellungen\/\">Cookie Einstellungen<\/a> anzupassen oder Cookies generell in seinem Browser zu deaktivieren (siehe Punkt &#8222;Deaktivierung oder L\u00f6schung s\u00e4mtlicher Cookies&#8220;).<\/p>\n<h3 id=\"funktionale-cookies\">Funktionale Cookies<\/h3>\n<p>Funktionale Cookies erm\u00f6glichen dieser Webseite, get\u00e4tigte Angaben, wie z. B. den Benutzernamen oder die Sprachauswahl, zu speichern und dem Nutzer darauf basierend verbesserte und personalisierte Funktionen anzubieten. Diese Cookies sammeln und speichern ausschlie\u00dflich anonymisierte Informationen.<\/p>\n<p>Auf unserer Webseite kommen keine Funktionale Cookies zum Einsatz.<\/p>\n<p>Der Nutzer kann der Verwendung von Funktionalen Cookies jederzeit widersprechen, indem er seine <a href=\"https:\/\/www.hsklunkau.com\/cookie-einstellungen\/\">Cookie Einstellungen<\/a> entsprechend anpasst.<\/p>\n<h3 id=\"performance-cookies\">Performance Cookies<\/h3>\n<p>Performance Cookies sammeln Informationen dar\u00fcber, wie unsere Webseiten genutzt werden, um darauf basierend deren Attraktivit\u00e4t, Inhalt und Funktionalit\u00e4t zu verbessern. Diese Cookies helfen uns beispielsweise festzustellen, ob und welche Unterseiten unserer Webseite besucht werden und f\u00fcr welche Inhalte sich die Nutzer besonders interessieren. Wir erfassen die Anzahl der Zugriffe auf eine Seite, die Anzahl der aufgerufenen Unterseiten, die auf unserer Webseite verbrachte Zeit, die Reihenfolge der besuchten Seiten, welche Suchbegriffe unsere Nutzer zu uns gef\u00fchrt haben, das Land, die Region und gegebenenfalls die Stadt aus der der Zugriff erfolgt, sowie den Anteil von mobilen Endger\u00e4ten, die auf unsere Webseiten zugreifen. Die aus technischen Gr\u00fcnden \u00fcbermittelte IP-Adresse eines Rechners wird automatisch anonymisiert und erm\u00f6glicht uns keinen R\u00fcckschluss auf den einzelnen Nutzer.<\/p>\n<p>Auf unserer Webseite kommen folgende Performance Cookies zum Einsatz:<\/p>\n<table>\n<thead>\n<tr>\n<th>Name<\/th>\n<th>Zweck<\/th>\n<th>Laufzeit<\/th>\n<\/tr>\n<\/thead>\n<tbody>\n<tr>\n<td>_ga<\/td>\n<td>Dieses Cookie sammelt zu Analysezwecken anonymisierte Informationen dar\u00fcber, wie Nutzer diese Website verwenden.<\/td>\n<td>2 Jahre<\/td>\n<\/tr>\n<tr>\n<td>_gat<\/td>\n<td>Dieses Cookie schr\u00e4nkt die Datenerhebung ein, wenn zu viele Anfragen auf einer Seite eingehen. Einige Anfragen werden abgeblockt und die Ergebnisse hochgerechnet.<\/td>\n<td>10 Minuten<\/td>\n<\/tr>\n<\/tbody>\n<\/table>\n<p>Der Nutzer der Website kann der Verwendung von Performance-Cookies jederzeit widersprechen, indem er seine <a href=\"https:\/\/www.hsklunkau.com\/cookie-einstellungen\/\">Cookie Einstellungen<\/a> entsprechend anpasst.<\/p>\n<h3 id=\"marketing-third-party-cookies\">Marketing- \/ Third Party-Cookies<\/h3>\n<p>Marketing- \/ Third Party- \/ Zustimmungspflichtige-Cookies stammen unter anderem von externen Werbeunternehmen und werden verwendet, um Informationen \u00fcber die vom Nutzer besuchten Websites zu sammeln, um z. B. zielgruppenorientierte Werbung f\u00fcr den Benutzer zu erstellen.<\/p>\n<p>Auf unserer Webseite kommen keine Marketing- \/ Third Party- \/ Zustimmungspflichtige-Cookies zum Einsatz.<\/p>\n<p>Der Nutzer kann der Verwendung von Marketing-Cookies jederzeit widersprechen, indem er seine <a href=\"https:\/\/www.hsklunkau.com\/cookie-einstellungen\/\">Cookie Einstellungen<\/a> entsprechend anpasst.<\/p>\n<h2 id=\"deaktivierung-oder-l\u00f6schung-s\u00e4mtlicher-cookies\">Deaktivierung oder L\u00f6schung s\u00e4mtlicher Cookies<\/h2>\n<p>Der Nutzer kann seinen Webbrowser so einstellen, dass das Speichern von Cookies auf seinem Endger\u00e4t generell verhindert wird beziehungsweise er jedes Mal gefragt wird, ob er mit dem Setzen von Cookies einverstanden ist. Einmal gesetzte Cookies kann der Nutzer jederzeit wieder l\u00f6schen. Wie das Ganze funktioniert, wird in Hilfe-Funktion des jeweiligen Webbrowsers beschrieben.<\/p>\n<p>Eine generelle Deaktivierung von Cookies kann gegebenenfalls zu Funktionseinschr\u00e4nkungen dieser Website f\u00fchren.<\/p>\n<\/div>\n<\/div>\n<\/div>\n<\/div>\n<\/div>\n<\/section>\n<\/div>\n","protected":false},"excerpt":{"rendered":"<p>Mit dieser Cookie Richtlinie informiert der Website-Betreiber den Nutzer der Website \u00fcber den Einsatz von Cookies oder \u00e4hnlichen Speichertechnologien (nachfolgend \u201eCookies\u201c) auf dieser Website. Was sind Cookies? Cookies sind kleine Textdateien, die vom Webbrowser auf dem Endger\u00e4t des Nutzers zur Speicherung von bestimmten Informationen abgelegt werden. Beim n\u00e4chsten Aufruf unserer Website mit demselben Endger\u00e4t werden [&hellip;]<\/p>\n","protected":false},"author":9192891,"featured_media":0,"parent":0,"menu_order":0,"comment_status":"closed","ping_status":"closed","template":"","meta":{"footnotes":""},"class_list":["post-111","page","type-page","status-publish","hentry"],"_links":{"self":[{"href":"https:\/\/wordpress.nibis.de\/klunkau\/wp-json\/wp\/v2\/pages\/111","targetHints":{"allow":["GET"]}}],"collection":[{"href":"https:\/\/wordpress.nibis.de\/klunkau\/wp-json\/wp\/v2\/pages"}],"about":[{"href":"https:\/\/wordpress.nibis.de\/klunkau\/wp-json\/wp\/v2\/types\/page"}],"author":[{"embeddable":true,"href":"https:\/\/wordpress.nibis.de\/klunkau\/wp-json\/wp\/v2\/users\/9192891"}],"replies":[{"embeddable":true,"href":"https:\/\/wordpress.nibis.de\/klunkau\/wp-json\/wp\/v2\/comments?post=111"}],"version-history":[{"count":1,"href":"https:\/\/wordpress.nibis.de\/klunkau\/wp-json\/wp\/v2\/pages\/111\/revisions"}],"predecessor-version":[{"id":112,"href":"https:\/\/wordpress.nibis.de\/klunkau\/wp-json\/wp\/v2\/pages\/111\/revisions\/112"}],"wp:attachment":[{"href":"https:\/\/wordpress.nibis.de\/klunkau\/wp-json\/wp\/v2\/media?parent=111"}],"curies":[{"name":"wp","href":"https:\/\/api.w.org\/{rel}","templated":true}]}}