{"id":1808,"date":"2025-06-27T20:31:32","date_gmt":"2025-06-27T18:31:32","guid":{"rendered":"https:\/\/wordpress.nibis.de\/klunkau\/?page_id=1808"},"modified":"2025-06-27T20:31:32","modified_gmt":"2025-06-27T18:31:32","slug":"post-vom-bundespraesidenten","status":"publish","type":"page","link":"https:\/\/wordpress.nibis.de\/klunkau\/post-vom-bundespraesidenten\/","title":{"rendered":"Post vom Bundespr\u00e4sidenten"},"content":{"rendered":"\n<p>Ehre vom Bundespr\u00e4sidenten \u2013 Unsere Sch\u00fcler erhalten Auszeichnung f\u00fcr ihre Geschichte<\/p>\n\n\n\n<p>Gro\u00dfe Freude an unserer Schule: Unsere Sch\u00fcler Basel Al Rifi (10. Klasse) und Rossin Hussny (9. Klasse) haben f\u00fcr ihren Beitrag zum Geschichtswettbewerb des Bundespr\u00e4sidenten eine ganz besondere Anerkennung erhalten \u2013 eine pers\u00f6nliche Urkunde vom Bundespr\u00e4sidenten Frank-Walter Steinmeier.<\/p>\n\n\n\n<p>Mit ihrem selbstgedrehten Video \u201eVon Syrien nach Deutschland: Eine Geschichte des Neuanfangs\u201c erz\u00e4hlten sie mutig und ber\u00fchrend von ihrer Flucht aus Syrien, dem Ankommen in Deutschland und den Herausforderungen, die sie auf ihrem Weg gemeistert haben.<\/p>\n\n\n\n<p>Auch wenn es nicht f\u00fcr einen der Hauptpreise gereicht hat \u2013 die pers\u00f6nliche Auszeichnung durch den Bundespr\u00e4sidenten ist eine gro\u00dfe Ehre, die Basel und Rossin mit Stolz erf\u00fcllt.<\/p>\n\n\n\n<p>Wir als Schule sind sehr stolz auf die beiden. Sie haben gezeigt, was es hei\u00dft, Geschichte lebendig zu machen \u2013 und dass wahre St\u00e4rke darin liegt, seine Geschichte zu erz\u00e4hlen.<\/p>\n\n\n\n<p>Herzlichen Gl\u00fcckwunsch!<br>Euer Mut, eure Offenheit und euer Engagement wurden gesehen und gew\u00fcrdigt.<br><img loading=\"lazy\" decoding=\"async\" width=\"800\" height=\"1066\" class=\"wp-image-1806\" style=\"width: 172px\" src=\"https:\/\/wordpress.nibis.de\/klunkau\/files\/2025\/06\/IMG_9920.jpeg\" alt=\"\" srcset=\"https:\/\/wordpress.nibis.de\/klunkau\/files\/2025\/06\/IMG_9920.jpeg 800w, https:\/\/wordpress.nibis.de\/klunkau\/files\/2025\/06\/IMG_9920-225x300.jpeg 225w, https:\/\/wordpress.nibis.de\/klunkau\/files\/2025\/06\/IMG_9920-768x1023.jpeg 768w\" sizes=\"auto, (max-width: 800px) 100vw, 800px\" \/><img loading=\"lazy\" decoding=\"async\" width=\"700\" height=\"1070\" class=\"wp-image-1803\" style=\"width: 150px\" src=\"https:\/\/wordpress.nibis.de\/klunkau\/files\/2025\/06\/IMG_9917.jpeg\" alt=\"\" srcset=\"https:\/\/wordpress.nibis.de\/klunkau\/files\/2025\/06\/IMG_9917.jpeg 700w, https:\/\/wordpress.nibis.de\/klunkau\/files\/2025\/06\/IMG_9917-196x300.jpeg 196w, https:\/\/wordpress.nibis.de\/klunkau\/files\/2025\/06\/IMG_9917-670x1024.jpeg 670w\" sizes=\"auto, (max-width: 700px) 100vw, 700px\" \/><img loading=\"lazy\" decoding=\"async\" width=\"478\" height=\"690\" class=\"wp-image-1805\" style=\"width: 159px\" src=\"https:\/\/wordpress.nibis.de\/klunkau\/files\/2025\/06\/78F78DCD-36C8-45AF-A3F0-0BAA9458AF7D.jpeg\" alt=\"\" srcset=\"https:\/\/wordpress.nibis.de\/klunkau\/files\/2025\/06\/78F78DCD-36C8-45AF-A3F0-0BAA9458AF7D.jpeg 478w, https:\/\/wordpress.nibis.de\/klunkau\/files\/2025\/06\/78F78DCD-36C8-45AF-A3F0-0BAA9458AF7D-208x300.jpeg 208w\" sizes=\"auto, (max-width: 478px) 100vw, 478px\" \/><\/p>\n","protected":false},"excerpt":{"rendered":"<p>Ehre vom Bundespr\u00e4sidenten \u2013 Unsere Sch\u00fcler erhalten Auszeichnung f\u00fcr ihre Geschichte Gro\u00dfe Freude an unserer Schule: Unsere Sch\u00fcler Basel Al Rifi (10. Klasse) und Rossin Hussny (9. Klasse) haben f\u00fcr ihren Beitrag zum Geschichtswettbewerb des Bundespr\u00e4sidenten eine ganz besondere Anerkennung erhalten \u2013 eine pers\u00f6nliche Urkunde vom Bundespr\u00e4sidenten Frank-Walter Steinmeier. Mit ihrem selbstgedrehten Video \u201eVon Syrien [&hellip;]<\/p>\n","protected":false},"author":9192891,"featured_media":0,"parent":0,"menu_order":0,"comment_status":"closed","ping_status":"closed","template":"","meta":{"footnotes":""},"class_list":["post-1808","page","type-page","status-publish","hentry"],"_links":{"self":[{"href":"https:\/\/wordpress.nibis.de\/klunkau\/wp-json\/wp\/v2\/pages\/1808","targetHints":{"allow":["GET"]}}],"collection":[{"href":"https:\/\/wordpress.nibis.de\/klunkau\/wp-json\/wp\/v2\/pages"}],"about":[{"href":"https:\/\/wordpress.nibis.de\/klunkau\/wp-json\/wp\/v2\/types\/page"}],"author":[{"embeddable":true,"href":"https:\/\/wordpress.nibis.de\/klunkau\/wp-json\/wp\/v2\/users\/9192891"}],"replies":[{"embeddable":true,"href":"https:\/\/wordpress.nibis.de\/klunkau\/wp-json\/wp\/v2\/comments?post=1808"}],"version-history":[{"count":1,"href":"https:\/\/wordpress.nibis.de\/klunkau\/wp-json\/wp\/v2\/pages\/1808\/revisions"}],"predecessor-version":[{"id":1809,"href":"https:\/\/wordpress.nibis.de\/klunkau\/wp-json\/wp\/v2\/pages\/1808\/revisions\/1809"}],"wp:attachment":[{"href":"https:\/\/wordpress.nibis.de\/klunkau\/wp-json\/wp\/v2\/media?parent=1808"}],"curies":[{"name":"wp","href":"https:\/\/api.w.org\/{rel}","templated":true}]}}