{"id":288,"date":"2020-02-20T20:42:00","date_gmt":"2020-02-20T19:42:00","guid":{"rendered":"https:\/\/wordpress.nibis.de\/klunkau\/?page_id=288"},"modified":"2026-04-09T09:11:43","modified_gmt":"2026-04-09T07:11:43","slug":"anmeldung","status":"publish","type":"page","link":"https:\/\/wordpress.nibis.de\/klunkau\/anmeldung\/","title":{"rendered":"Anmeldung"},"content":{"rendered":"<h2 style=\"text-align: center\">Hier k\u00f6nnen Sie sich die Formulare f\u00fcr die Anmeldung herunterladen.<\/h2>\n<p><a href=\"https:\/\/wordpress.nibis.de\/klunkau\/files\/2023\/05\/Anmeldung-Checkliste-Klasse-5-2023-24.pdf\">1a. Anmeldung Checkliste Klasse 5<\/a><\/p>\n<p><a href=\"https:\/\/wordpress.nibis.de\/klunkau\/files\/2023\/05\/Anmeldung-Checkliste-ab-Klasse-6-2023-24.pdf\">1b. Anmeldung Checkliste ab Klasse 6<\/a><\/p>\n<p><a href=\"https:\/\/wordpress.nibis.de\/klunkau\/files\/2026\/04\/Anmeldeformular-2026-2027_komplett.pdf\">2. Anmeldungsformular<\/a><\/p>\n<p><a href=\"https:\/\/wordpress.nibis.de\/klunkau\/files\/2025\/05\/Information-zur-Schuelerbefoerderung.pdf\">3. Information zur Sch\u00fclerbef\u00f6rderung<\/a><\/p>\n<h2 class=\"text-align-center\" style=\"text-align: center\"><strong>Zeitraum f\u00fcr die Anmeldungen der 5. Klassen: <\/strong><\/h2>\n<h2 class=\"text-align-center\" style=\"text-align: center\"><strong>18.05. &#8211; 22.05.2026<\/strong><\/h2>\n<h2 class=\"text-align-center\" style=\"text-align: center\"><span style=\"font-size: small\">Montag &#8211; Freitag 08:00 bis 14:00 Uhr<\/span><\/h2>\n<h2 class=\"text-align-center\" style=\"text-align: center\"><span style=\"font-size: small\"><br \/>\n<\/span><strong>Zur Anmeldung bringen Sie bitte mit: <\/strong><\/h2>\n<p class=\"text-align-center\" style=\"text-align: center\"><strong>Originalzeugnis 1. Halbjahr, <\/strong><\/p>\n<p class=\"text-align-center\" style=\"text-align: center\"><strong>Beratungsprotokoll der Grundschule im Original, <\/strong><\/p>\n<p class=\"text-align-center\" style=\"text-align: center\"><strong>Impfpass, Geburtsurkunde, <\/strong><\/p>\n<p class=\"text-align-center\" style=\"text-align: center\"><strong>ggf. Lichtbild f\u00fcr Fahrkarte<\/strong><\/p>\n<h2 style=\"text-align: center\"><span class=\"st\">Unter Beachtung der erforderlichen <\/span>Schutzma\u00dfnahmen k\u00f6nnen Sie sich auch ein Anmeldeformular in der Schule abholen.<\/h2>\n","protected":false},"excerpt":{"rendered":"<p>Hier k\u00f6nnen Sie sich die Formulare f\u00fcr die Anmeldung herunterladen. 1a. Anmeldung Checkliste Klasse 5 1b. Anmeldung Checkliste ab Klasse 6 2. Anmeldungsformular 3. Information zur Sch\u00fclerbef\u00f6rderung Zeitraum f\u00fcr die Anmeldungen der 5. Klassen: 18.05. &#8211; 22.05.2026 Montag &#8211; Freitag 08:00 bis 14:00 Uhr Zur Anmeldung bringen Sie bitte mit: Originalzeugnis 1. Halbjahr, Beratungsprotokoll der [&hellip;]<\/p>\n","protected":false},"author":9192891,"featured_media":0,"parent":0,"menu_order":0,"comment_status":"closed","ping_status":"closed","template":"template-full-width.php","meta":{"footnotes":""},"class_list":["post-288","page","type-page","status-publish","hentry"],"_links":{"self":[{"href":"https:\/\/wordpress.nibis.de\/klunkau\/wp-json\/wp\/v2\/pages\/288","targetHints":{"allow":["GET"]}}],"collection":[{"href":"https:\/\/wordpress.nibis.de\/klunkau\/wp-json\/wp\/v2\/pages"}],"about":[{"href":"https:\/\/wordpress.nibis.de\/klunkau\/wp-json\/wp\/v2\/types\/page"}],"author":[{"embeddable":true,"href":"https:\/\/wordpress.nibis.de\/klunkau\/wp-json\/wp\/v2\/users\/9192891"}],"replies":[{"embeddable":true,"href":"https:\/\/wordpress.nibis.de\/klunkau\/wp-json\/wp\/v2\/comments?post=288"}],"version-history":[{"count":42,"href":"https:\/\/wordpress.nibis.de\/klunkau\/wp-json\/wp\/v2\/pages\/288\/revisions"}],"predecessor-version":[{"id":1976,"href":"https:\/\/wordpress.nibis.de\/klunkau\/wp-json\/wp\/v2\/pages\/288\/revisions\/1976"}],"wp:attachment":[{"href":"https:\/\/wordpress.nibis.de\/klunkau\/wp-json\/wp\/v2\/media?parent=288"}],"curies":[{"name":"wp","href":"https:\/\/api.w.org\/{rel}","templated":true}]}}