{"id":34,"date":"2019-09-17T20:10:30","date_gmt":"2019-09-17T18:10:30","guid":{"rendered":"https:\/\/wordpress.nibis.de\/klunkau\/?page_id=34"},"modified":"2026-01-29T07:46:02","modified_gmt":"2026-01-29T06:46:02","slug":"abschlusspruefungen-2020","status":"publish","type":"page","link":"https:\/\/wordpress.nibis.de\/klunkau\/abschlusspruefungen-2020\/","title":{"rendered":"Abschlusspr\u00fcfungen 2026"},"content":{"rendered":"\n<p style=\"text-align: center\">Termine f\u00fcr die Abschlusspr\u00fcfungen 2026 im Sekundarbereich I<br \/>Bek. d. MK v. 4.5.2023 \u2013 32\/33\/53 \u2013 83212<br \/>Nach \u00a7 28 AVO-Sek I und Nr. 4 EB-AVO-Sek I<\/p>\n<p style=\"text-align: center\">werden die Termine f\u00fcr die Pr\u00fcfungen zum Erwerb<br \/>&#8211; des Hauptschulabschlusses und des Abschlusses der F\u00f6rderschule im F\u00f6rderschwerpunkt<br \/>Lernen am Ende des 9. Schuljahrgangs sowie<br \/>&#8211; des Hauptschulabschlusses f\u00fcr Sch\u00fclerinnen und Sch\u00fcler mit Bedarf an sonderp\u00e4dagogi-<br \/>scher Unterst\u00fctzung im F\u00f6rderschwerpunkt Lernen, des Sekundarabschlusses I \u2013 Haupt-<br \/>schulabschluss, des Sekundarabschlusses I \u2013 Realschulabschluss und des Erweiterten<br \/>Sekundarabschlusses I am Ende des 10. Schuljahrgangs<br \/>an Hauptschulen, an Realschulen, an Oberschulen, an Integrierten Gesamtschulen, am<br \/>Hauptschul- und Realschulzweig der Kooperativen Gesamtschulen und an F\u00f6rderschulen sowie<br \/>&#8211; des Sekundarabschlusses I \u2013 Hauptschulabschluss und des Sekundarabschlusses I \u2013 Realschulabschluss am Ende des 11. oder 12. Schuljahrgangs sowie<br \/>&#8211; des Erweiterten Sekundarabschlusses I am Ende des 12. Schuljahrgangs<br \/>an Freien Waldorfschulen f\u00fcr das Schuljahr 2025\/2026 wie folgt festgesetzt:<br \/>1. Pr\u00fcfung in den schriftlichen Pr\u00fcfungsf\u00e4chern mit landesweit einheitlicher Aufgabenstellung<br \/><span id=\"page3R_mcid2\" class=\"markedContent\"><\/span><\/p>\n\n\n\n<ol class=\"wp-block-list\">\n<li>Pr\u00fcfung in den schriftlichen Pr\u00fcfungsf\u00e4chern mit landesweit einheitlicher Aufgabenstellung<br>(Haupttermin):<br>Montag 11.5.2026 Deutsch<br>Mittwoch 13.5.2026 Englisch<br>Montag 18.5.2026 Mathematik<\/li>\n\n\n\n<li>Pr\u00fcfung in den schriftlichen Pr\u00fcfungsf\u00e4chern mit landesweit einheitlicher Aufgabenstellung<br>(1. Nachschreibtermin):<br>Donnerstag 21.5.2026 Deutsch<br>Mittwoch 27.5.2026 Englisch<br>Freitag 29.5.2026 Mathematik<\/li>\n\n\n\n<li>Verbindliche m\u00fcndliche Pr\u00fcfung im Fach Englisch:<br>Montag, 2.3.2026 \u2013 Freitag, 20.3.2026<\/li>\n\n\n\n<li>Bekanntgabe der Vornoten und Pr\u00fcfungsleistungen in den schriftlichen Pr\u00fcfungsf\u00e4chern:<br>Mittwoch, 3.6.2026<\/li>\n\n\n\n<li>Pr\u00fcfung in den m\u00fcndlichen Pr\u00fcfungsf\u00e4chern und zus\u00e4tzliche m\u00fcndliche Pr\u00fcfungen in den<br>schriftlichen Pr\u00fcfungsf\u00e4chern:<br>Montag, 8.6.2026 \u2013 Mittwoch, 17.6.2026<\/li>\n\n\n\n<li>Beginn der schriftlichen Pr\u00fcfungen:<br>jeweils 8.00 Uhr bis 8.15 Uhr<\/li>\n\n\n\n<li>Ausgabe der Abschlusszeugnisse:<br>Freitag, 19.6.2026<\/li>\n<\/ol>\n","protected":false},"excerpt":{"rendered":"<p>Termine f\u00fcr die Abschlusspr\u00fcfungen 2026 im Sekundarbereich IBek. d. MK v. 4.5.2023 \u2013 32\/33\/53 \u2013 83212Nach \u00a7 28 AVO-Sek I und Nr. 4 EB-AVO-Sek I werden die Termine f\u00fcr die Pr\u00fcfungen zum Erwerb&#8211; des Hauptschulabschlusses und des Abschlusses der F\u00f6rderschule im F\u00f6rderschwerpunktLernen am Ende des 9. Schuljahrgangs sowie&#8211; des Hauptschulabschlusses f\u00fcr Sch\u00fclerinnen und Sch\u00fcler mit [&hellip;]<\/p>\n","protected":false},"author":9192891,"featured_media":0,"parent":0,"menu_order":0,"comment_status":"closed","ping_status":"closed","template":"template-sidebar-right.php","meta":{"footnotes":""},"class_list":["post-34","page","type-page","status-publish","hentry"],"_links":{"self":[{"href":"https:\/\/wordpress.nibis.de\/klunkau\/wp-json\/wp\/v2\/pages\/34","targetHints":{"allow":["GET"]}}],"collection":[{"href":"https:\/\/wordpress.nibis.de\/klunkau\/wp-json\/wp\/v2\/pages"}],"about":[{"href":"https:\/\/wordpress.nibis.de\/klunkau\/wp-json\/wp\/v2\/types\/page"}],"author":[{"embeddable":true,"href":"https:\/\/wordpress.nibis.de\/klunkau\/wp-json\/wp\/v2\/users\/9192891"}],"replies":[{"embeddable":true,"href":"https:\/\/wordpress.nibis.de\/klunkau\/wp-json\/wp\/v2\/comments?post=34"}],"version-history":[{"count":16,"href":"https:\/\/wordpress.nibis.de\/klunkau\/wp-json\/wp\/v2\/pages\/34\/revisions"}],"predecessor-version":[{"id":1892,"href":"https:\/\/wordpress.nibis.de\/klunkau\/wp-json\/wp\/v2\/pages\/34\/revisions\/1892"}],"wp:attachment":[{"href":"https:\/\/wordpress.nibis.de\/klunkau\/wp-json\/wp\/v2\/media?parent=34"}],"curies":[{"name":"wp","href":"https:\/\/api.w.org\/{rel}","templated":true}]}}