{"id":35,"date":"2019-09-17T20:10:30","date_gmt":"2019-09-17T18:10:30","guid":{"rendered":"https:\/\/wordpress.nibis.de\/klunkau\/?page_id=35"},"modified":"2023-08-18T08:06:26","modified_gmt":"2023-08-18T06:06:26","slug":"elternbriefe-dokumente","status":"publish","type":"page","link":"https:\/\/wordpress.nibis.de\/klunkau\/elternbriefe-dokumente\/","title":{"rendered":"Elternbriefe \/ Dokumente"},"content":{"rendered":"\n<figure class=\"wp-block-table is-style-stripes\"><table class=\"has-fixed-layout\"><tbody><tr><td><a href=\"https:\/\/wordpress.nibis.de\/klunkau\/files\/2021\/02\/Anmeldeformular_neu_22022021.pdf\">Anmeldeformular<\/a><\/td><td>Anmeldeformular f\u00fcr die Schule<\/td><\/tr><tr><td><a href=\"https:\/\/wordpress.nibis.de\/klunkau\/files\/2021\/05\/Abfrage-Religion_neu_19052021.pdf\">Religionsanmeldung<\/a> <br>Abfrage Religionsunterricht<\/td><td>Grunds\u00e4tzlich besteht die<br>M\u00f6glichkeit am Religionsunterricht oder am Unterricht im Fach Werte und Normen teilzunehmen.<br>Ab 14 Jahren d\u00fcrfen Sch\u00fclerinnen und Sch\u00fcler selbst entscheiden, an welcher Unterrichtsform sie<br>teilnehmen m\u00f6chten. Unter 14 Jahren entscheiden die Eltern.<br><\/td><\/tr><tr><td><a href=\"https:\/\/drive.google.com\/file\/d\/1XZ9Tsi4Gq2WYCNhLQNH5COoceMuNvb5N\/view\/\">Elterninformation zu Schuljahresbeginn<\/a><\/td><td><strong>Verschiedenes<\/strong><\/td><\/tr><tr><td><a href=\"https:\/\/workupload.com\/pdf\/HpEP8nq\">Schule klar und knapp!<\/a><\/td><td><strong>Brosch\u00fcre zu den Themen: <\/strong><br> Schulpflicht und Anmeldung in der Schule<br> Das Bildungssystem in Niedersachsen<br> Vom Schultag zum Schuljahr&nbsp;<br> Kosten und Hilfen&nbsp;<br> Die Eltern als Partner der Schule<br> Die Sprache als Schl\u00fcssel zur Bildung <\/td><\/tr><tr><td><a href=\"https:\/\/workupload.com\/pdf\/TzWhgzg\">Noro Virus Elterninformation<\/a><\/td><td><strong>Informationsbrief zur Noro-Virus-Saison<\/strong> <\/td><\/tr><tr><td> <a href=\"https:\/\/www.rki.de\/DE\/Content\/Infekt\/IfSG\/Belehrungsbogen\/belehrungsbogen_schulen.pdf?__blob=publicationFile\">Infektionsschutzgesetz<\/a>  <\/td><td><strong>Belehrung f\u00fcr die Besch\u00e4ftigten in Schulen und sonstigen <\/strong><br><strong>Gemeinschaftseinrichtungen gem. \u00a7 35 IfSG <\/strong>  <\/td><\/tr><tr><td><a href=\"https:\/\/workupload.com\/file\/rfkfezd\">Infektionsschutzgesetz<\/a>     <\/td><td><strong>Merkblatt f\u00fcr Eltern und sonstige Sorgeberechtigte<\/strong> <\/td><\/tr><tr><td><a href=\"https:\/\/wordpress.nibis.de\/klunkau\/files\/2020\/08\/Pflichten-der-Sch\u00fcler.pdf\">Pflichten der Sch\u00fcler\/innen<\/a>  <\/td><td><strong>Rechte und Pflichten der Sch\u00fcler\/innen nach \u00a7 58 des Nieders\u00e4chsischen <\/strong><br><strong>Schulgesetzes<\/strong><\/td><\/tr><tr><td><a href=\"https:\/\/wordpress.nibis.de\/klunkau\/files\/2020\/08\/Raucherlass.pdf\">Rauchererlass<\/a><\/td><td><strong>Information zum Rauchverbot \/ Konsum alkoholischer Getr\u00e4nke<\/strong> <\/td><\/tr><tr><td><a href=\"https:\/\/wordpress.nibis.de\/klunkau\/files\/2022\/09\/Schulordnung_neu.pdf\">Antragsvordruck Unterrichtsbefreiung<\/a><\/td><td><strong>Unterrichtsbefreiung<\/strong><\/td><\/tr><tr><td><a href=\"https:\/\/wordpress.nibis.de\/klunkau\/files\/2020\/08\/Waffenerlass-f\u00fcr-Homepage1.pdf\">Waffenerlass<\/a>   <\/td><td><strong>Verbot des Mitbringens von Waffen, Munition und vergleichbaren <\/strong><br><strong>Gegenst\u00e4nden sowie Chemikalien in Schulen<\/strong> <\/td><\/tr><tr><td><a href=\"https:\/\/wordpress.nibis.de\/klunkau\/files\/2020\/04\/Elternbrief-der-Schule.pdf\">Elternbrief der Schule<\/a><\/td><td><strong>Kurze Information \u00fcber das Lernen von zu Hause<\/strong><\/td><\/tr><tr><td><a href=\"https:\/\/wordpress.nibis.de\/klunkau\/files\/2021\/02\/Antrag-Digitale-Endger\u00e4teII.pdf\">Antrag zur \u00dcbernahme der Kosten<\/a><\/td><td>Antrag zur \u00dcbernahme der Kosten f\u00fcr eine notwendige Anschaffung eines digitalen Endger\u00e4tes zur Durchf\u00fchrung von Distanzunterricht (Homeschooling)<\/td><\/tr><tr><td><a href=\"https:\/\/wordpress.nibis.de\/klunkau\/files\/2021\/09\/2021-08-25_RHP_7.0_Schule_Ef.pdf\">Rahmen-Hygieneplan<\/a><\/td><td>Rahmen-Hygieneplan<\/td><\/tr><\/tbody><\/table><\/figure>\n\n\n","protected":false},"excerpt":{"rendered":"<p>Anmeldeformular Anmeldeformular f\u00fcr die Schule Religionsanmeldung Abfrage Religionsunterricht Grunds\u00e4tzlich besteht dieM\u00f6glichkeit am Religionsunterricht oder am Unterricht im Fach Werte und Normen teilzunehmen.Ab 14 Jahren d\u00fcrfen Sch\u00fclerinnen und Sch\u00fcler selbst entscheiden, an welcher Unterrichtsform sieteilnehmen m\u00f6chten. Unter 14 Jahren entscheiden die Eltern. Elterninformation zu Schuljahresbeginn Verschiedenes Schule klar und knapp! Brosch\u00fcre zu den Themen: Schulpflicht und [&hellip;]<\/p>\n","protected":false},"author":9192891,"featured_media":0,"parent":0,"menu_order":0,"comment_status":"closed","ping_status":"closed","template":"template-sidebar-right.php","meta":{"footnotes":""},"class_list":["post-35","page","type-page","status-publish","hentry"],"_links":{"self":[{"href":"https:\/\/wordpress.nibis.de\/klunkau\/wp-json\/wp\/v2\/pages\/35","targetHints":{"allow":["GET"]}}],"collection":[{"href":"https:\/\/wordpress.nibis.de\/klunkau\/wp-json\/wp\/v2\/pages"}],"about":[{"href":"https:\/\/wordpress.nibis.de\/klunkau\/wp-json\/wp\/v2\/types\/page"}],"author":[{"embeddable":true,"href":"https:\/\/wordpress.nibis.de\/klunkau\/wp-json\/wp\/v2\/users\/9192891"}],"replies":[{"embeddable":true,"href":"https:\/\/wordpress.nibis.de\/klunkau\/wp-json\/wp\/v2\/comments?post=35"}],"version-history":[{"count":40,"href":"https:\/\/wordpress.nibis.de\/klunkau\/wp-json\/wp\/v2\/pages\/35\/revisions"}],"predecessor-version":[{"id":1497,"href":"https:\/\/wordpress.nibis.de\/klunkau\/wp-json\/wp\/v2\/pages\/35\/revisions\/1497"}],"wp:attachment":[{"href":"https:\/\/wordpress.nibis.de\/klunkau\/wp-json\/wp\/v2\/media?parent=35"}],"curies":[{"name":"wp","href":"https:\/\/api.w.org\/{rel}","templated":true}]}}