{"id":267,"date":"2021-01-12T11:06:48","date_gmt":"2021-01-12T10:06:48","guid":{"rendered":"https:\/\/wordpress.nibis.de\/knieberg\/?page_id=267"},"modified":"2025-08-20T21:19:17","modified_gmt":"2025-08-20T19:19:17","slug":"termine","status":"publish","type":"page","link":"https:\/\/wordpress.nibis.de\/knieberg\/termine\/","title":{"rendered":"Termine"},"content":{"rendered":"\n\n<div class=\"wp-block-calendar\"><table id=\"wp-calendar\" class=\"wp-calendar-table\">\n\t<caption>Mai 2026<\/caption>\n\t<thead>\n\t<tr>\n\t\t<th scope=\"col\" aria-label=\"Montag\">M<\/th>\n\t\t<th scope=\"col\" aria-label=\"Dienstag\">D<\/th>\n\t\t<th scope=\"col\" aria-label=\"Mittwoch\">M<\/th>\n\t\t<th scope=\"col\" aria-label=\"Donnerstag\">D<\/th>\n\t\t<th scope=\"col\" aria-label=\"Freitag\">F<\/th>\n\t\t<th scope=\"col\" aria-label=\"Samstag\">S<\/th>\n\t\t<th scope=\"col\" aria-label=\"Sonntag\">S<\/th>\n\t<\/tr>\n\t<\/thead>\n\t<tbody>\n\t<tr>\n\t\t<td colspan=\"4\" class=\"pad\">&nbsp;<\/td><td>1<\/td><td id=\"today\">2<\/td><td>3<\/td>\n\t<\/tr>\n\t<tr>\n\t\t<td>4<\/td><td>5<\/td><td>6<\/td><td>7<\/td><td>8<\/td><td>9<\/td><td>10<\/td>\n\t<\/tr>\n\t<tr>\n\t\t<td>11<\/td><td>12<\/td><td>13<\/td><td>14<\/td><td>15<\/td><td>16<\/td><td>17<\/td>\n\t<\/tr>\n\t<tr>\n\t\t<td>18<\/td><td>19<\/td><td>20<\/td><td>21<\/td><td>22<\/td><td>23<\/td><td>24<\/td>\n\t<\/tr>\n\t<tr>\n\t\t<td>25<\/td><td>26<\/td><td>27<\/td><td>28<\/td><td>29<\/td><td>30<\/td><td>31<\/td>\n\t<\/tr>\n\t<\/tbody>\n\t<\/table><nav aria-label=\"Vorherige und n\u00e4chste Monate\" class=\"wp-calendar-nav\">\n\t\t<span class=\"wp-calendar-nav-prev\"><a href=\"https:\/\/wordpress.nibis.de\/knieberg\/2026\/04\/\">&laquo; Apr.<\/a><\/span>\n\t\t<span class=\"pad\">&nbsp;<\/span>\n\t\t<span class=\"wp-calendar-nav-next\">&nbsp;<\/span>\n\t<\/nav><\/div>\n\n\n<p>\u00a0<\/p>\n<p><strong>Schuljahresplanung 2025\/2026<\/strong><\/p>\n\n\n\n<figure class=\"wp-block-table is-style-tw-border-h-inner has-small-font-size\"><table><tbody><tr><td><strong><em>2025<\/em><\/strong><\/td><td>&nbsp;<\/td><\/tr><tr><td>Dienstag 12.08.2025<\/td><td>Betriebsausflug<\/td><\/tr><tr><td>Mittwoch 13.08.2025<\/td><td>Dienstbesprechung (f\u00fcr alle Pflicht)<\/td><\/tr><tr><td>Donnerstag 14.08.2025<\/td><td>Erster Schultag<\/td><\/tr><tr><td>Dienstag 19.08.2025<\/td><td>Stufe<\/td><\/tr><tr><td>Freitag 22.08.2025<\/td><td>Einschulung Knieberg 10.15<\/td><\/tr><tr><td>Samstag 23.08.2025<\/td><td>Einschulung Hagen GS 10.00 und GS L\u00fcne 10.00 \/ KM Hasenburg 10.00<\/td><\/tr><tr><td>Dienstag 26.08.2025<\/td><td>Dienstbesprechung 15.15<\/td><\/tr><tr><td>Montag 01.09.2025<\/td><td>Haushalt II 15.15<\/td><\/tr><tr><td>Dienstag&nbsp;&nbsp; 02.09.2025<\/td><td>Gesamtkonferenz 15.30<\/td><\/tr><tr><td>Dienstag 09.09.2025<\/td><td>Fachkonferenz A 15.00<\/td><\/tr><tr><td>Dienstag 16.09.2025<\/td><td>Fortbildung short 15.00<\/td><\/tr><tr><td>Dienstag 23.09.2025<\/td><td>Team<\/td><\/tr><tr><td>Dienstag 30.09.2025<\/td><td>Stufe<\/td><\/tr><tr><td>Dienstag 07.10.2025<\/td><td>Dienstbesprechung<\/td><\/tr><tr><td>Dienstag 28.10.2025<\/td><td>Fachkonferenz B 15.00<\/td><\/tr><tr><td>Mittwoch 29.10.2025<\/td><td>Vorstandsitzung 15.15<\/td><\/tr><tr><td>Freitag 07.11.2025<\/td><td>RECHNUNGSSCHLUSS<\/td><\/tr><tr><td>Dienstag 11.11.2025<\/td><td>Lehrkr\u00e4fte Dienstbesprechung\/ PM Dienstbesprechung<\/td><\/tr><tr><td>Dienstag 18.11.2025<\/td><td>Team<\/td><\/tr><tr><td>Dienstag 25.11.2025<\/td><td>Stufe<\/td><\/tr><tr><td>Dienstag 02.12.2025<\/td><td>Fortbildung short 15.00<\/td><\/tr><tr><td>Dienstag 09.12.2025<\/td><td>Dienstbesprechung 15.15<\/td><\/tr><tr><td>Dienstag 16.12.2025<\/td><td>Gesamtkonferenz 15.30<\/td><\/tr><tr><td>Mittwoch 17.12.2025<\/td><td>Vorstand<\/td><\/tr><tr><td><strong><em>2026<\/em><\/strong><\/td><td>&nbsp;<\/td><\/tr><tr><td>Dienstag 13.01.2026<\/td><td>Fachkonferenz A<\/td><\/tr><tr><td>Dienstag 20.01.2026<\/td><td>KME: Zeugniskonferenzen&nbsp; \/ GE: F\u00f6rderplangespr\u00e4che in den Klassen<\/td><\/tr><tr><td>Dienstag 27.01.2026<\/td><td>Team<\/td><\/tr><tr><td>Mo, Di, 02.02\/ 03.02.26<\/td><td>\u201eZeugnisferien\u201c<\/td><\/tr><tr><td>Dienstag 10.01.2026<\/td><td>Stufe<\/td><\/tr><tr><td>Dienstag 17.02.2026<\/td><td>Dienstbesprechung<\/td><\/tr><tr><td>Dienstag 24.02.2026<\/td><td>Fachkonferenz B<\/td><\/tr><tr><td>Dienstag 03.03.2026<\/td><td>Dienstbesprechung Diagnostik\/Inkl.\/Koop\/GE\/KM Lehrkr\u00e4fte<\/td><\/tr><tr><td>Dienstag 10.03.2026<\/td><td>Dienstbesprechung P\u00e4dagogische Mitarbeiter*innen<\/td><\/tr><tr><td>Dienstag 17.03.2026<\/td><td>Fortbildung short 15.00<\/td><\/tr><tr><td>Dienstag 14.04.2026<\/td><td>Fachkonferenz A<\/td><\/tr><tr><td>Dienstag 21.04.2026<\/td><td>Stufe mit Koop Partnern SEK I und Primar getrennt<\/td><\/tr><tr><td>Montag 27.04.2026<\/td><td>Haushalt I 2026<\/td><\/tr><tr><td>Dienstag 28.04.2026<\/td><td>Fortbildung short<\/td><\/tr><tr><td>Dienstag 05.05.2026<\/td><td>Dienstbesprechung 15.15<\/td><\/tr><tr><td>Dienstag 12.05.2026<\/td><td>Gesamtkonferenz 15.30<\/td><\/tr><tr><td>Dienstag 19.05.2026<\/td><td>Aufr\u00e4umtag<\/td><\/tr><tr><td>Dienstag 02.06.2026<\/td><td>Team &#8211; Zeugnisbesprechung<\/td><\/tr><tr><td>Dienstag 09.06.2026<\/td><td>Stufe<\/td><\/tr><tr><td>Mittwoch 10.06.2026<\/td><td>Vorstand<\/td><\/tr><tr><td>Freitag 12.06.2026<\/td><td>Zeugnisabgabe GE<\/td><\/tr><tr><td>Dienstag 16.06.2026<\/td><td>Zeugniskonferenz KM \/ Team<\/td><\/tr><tr><td>Freitag 26.06.2026<\/td><td>Entlassfeier der 12. Klassen<\/td><\/tr><tr><td>Dienstag 30.06.2026<\/td><td>Klassen\u00fcbergabe \/ Organisation<\/td><\/tr><tr><td>Mittwoch 01.07.2026<\/td><td>Schulschluss 11.00 \/ Koop nach der 3. Stunde \/ Kollegiumsparty 19.00<\/td><\/tr><\/tbody><\/table><\/figure>\n\n\n\n<p class=\"has-small-font-size\">Ver\u00e4nderungen und Erg\u00e4nzungen sind m\u00f6glich. Stand: 06.01.2025<\/p>\n","protected":false},"excerpt":{"rendered":"<p>\u00a0 Schuljahresplanung 2025\/2026 2025 &nbsp; Dienstag 12.08.2025 Betriebsausflug Mittwoch 13.08.2025 Dienstbesprechung (f\u00fcr alle Pflicht) Donnerstag 14.08.2025 Erster Schultag Dienstag 19.08.2025 Stufe Freitag 22.08.2025 Einschulung Knieberg 10.15 Samstag 23.08.2025 Einschulung Hagen GS 10.00 und GS L\u00fcne 10.00 \/ KM Hasenburg 10.00 Dienstag 26.08.2025 Dienstbesprechung 15.15 Montag 01.09.2025 Haushalt II 15.15 Dienstag&nbsp;&nbsp; 02.09.2025 Gesamtkonferenz 15.30 Dienstag 09.09.2025 Fachkonferenz A 15.00 Dienstag 16.09.2025 Fortbildung short 15.00 Dienstag 23.09.2025 Team Dienstag 30.09.2025 Stufe Dienstag 07.10.2025 Dienstbesprechung Dienstag 28.10.2025 Fachkonferenz B 15.00 Mittwoch 29.10.2025 Vorstandsitzung&#8230;<\/p>\n<p class=\"read-more\"><a class=\"btn btn-default\" href=\"https:\/\/wordpress.nibis.de\/knieberg\/termine\/\">Weiterlesen<span class=\"screen-reader-text\"> Weiterlesen<\/span><\/a><\/p>\n","protected":false},"author":9193665,"featured_media":0,"parent":0,"menu_order":0,"comment_status":"closed","ping_status":"closed","template":"","meta":{"footnotes":""},"class_list":["post-267","page","type-page","status-publish","hentry"],"_links":{"self":[{"href":"https:\/\/wordpress.nibis.de\/knieberg\/wp-json\/wp\/v2\/pages\/267","targetHints":{"allow":["GET"]}}],"collection":[{"href":"https:\/\/wordpress.nibis.de\/knieberg\/wp-json\/wp\/v2\/pages"}],"about":[{"href":"https:\/\/wordpress.nibis.de\/knieberg\/wp-json\/wp\/v2\/types\/page"}],"author":[{"embeddable":true,"href":"https:\/\/wordpress.nibis.de\/knieberg\/wp-json\/wp\/v2\/users\/9193665"}],"replies":[{"embeddable":true,"href":"https:\/\/wordpress.nibis.de\/knieberg\/wp-json\/wp\/v2\/comments?post=267"}],"version-history":[{"count":3,"href":"https:\/\/wordpress.nibis.de\/knieberg\/wp-json\/wp\/v2\/pages\/267\/revisions"}],"predecessor-version":[{"id":1106,"href":"https:\/\/wordpress.nibis.de\/knieberg\/wp-json\/wp\/v2\/pages\/267\/revisions\/1106"}],"wp:attachment":[{"href":"https:\/\/wordpress.nibis.de\/knieberg\/wp-json\/wp\/v2\/media?parent=267"}],"curies":[{"name":"wp","href":"https:\/\/api.w.org\/{rel}","templated":true}]}}

<div class="wp-block-calendar"><table id="wp-calendar" class="wp-calendar-table">
	<caption>Mai 2026</caption>
	<thead>
	<tr>
		<th scope="col" aria-label="Montag">M</th>
		<th scope="col" aria-label="Dienstag">D</th>
		<th scope="col" aria-label="Mittwoch">M</th>
		<th scope="col" aria-label="Donnerstag">D</th>
		<th scope="col" aria-label="Freitag">F</th>
		<th scope="col" aria-label="Samstag">S</th>
		<th scope="col" aria-label="Sonntag">S</th>
	</tr>
	</thead>
	<tbody>
	<tr>
		<td colspan="4" class="pad">&nbsp;</td><td>1</td><td id="today">2</td><td>3</td>
	</tr>
	<tr>
		<td>4</td><td>5</td><td>6</td><td>7</td><td>8</td><td>9</td><td>10</td>
	</tr>
	<tr>
		<td>11</td><td>12</td><td>13</td><td>14</td><td>15</td><td>16</td><td>17</td>
	</tr>
	<tr>
		<td>18</td><td>19</td><td>20</td><td>21</td><td>22</td><td>23</td><td>24</td>
	</tr>
	<tr>
		<td>25</td><td>26</td><td>27</td><td>28</td><td>29</td><td>30</td><td>31</td>
	</tr>
	</tbody>
	</table><nav aria-label="Vorherige und nächste Monate" class="wp-calendar-nav">
		<span class="wp-calendar-nav-prev"><a href="https://wordpress.nibis.de/knieberg/2026/04/">&laquo; Apr.</a></span>
		<span class="pad">&nbsp;</span>
		<span class="wp-calendar-nav-next">&nbsp;</span>
	</nav></div>


<p> </p>
<p><strong>Schuljahresplanung 2025/2026</strong></p>



<figure class="wp-block-table is-style-tw-border-h-inner has-small-font-size"><table><tbody><tr><td><strong><em>2025</em></strong></td><td>&nbsp;</td></tr><tr><td>Dienstag 12.08.2025</td><td>Betriebsausflug</td></tr><tr><td>Mittwoch 13.08.2025</td><td>Dienstbesprechung (für alle Pflicht)</td></tr><tr><td>Donnerstag 14.08.2025</td><td>Erster Schultag</td></tr><tr><td>Dienstag 19.08.2025</td><td>Stufe</td></tr><tr><td>Freitag 22.08.2025</td><td>Einschulung Knieberg 10.15</td></tr><tr><td>Samstag 23.08.2025</td><td>Einschulung Hagen GS 10.00 und GS Lüne 10.00 / KM Hasenburg 10.00</td></tr><tr><td>Dienstag 26.08.2025</td><td>Dienstbesprechung 15.15</td></tr><tr><td>Montag 01.09.2025</td><td>Haushalt II 15.15</td></tr><tr><td>Dienstag&nbsp;&nbsp; 02.09.2025</td><td>Gesamtkonferenz 15.30</td></tr><tr><td>Dienstag 09.09.2025</td><td>Fachkonferenz A 15.00</td></tr><tr><td>Dienstag 16.09.2025</td><td>Fortbildung short 15.00</td></tr><tr><td>Dienstag 23.09.2025</td><td>Team</td></tr><tr><td>Dienstag 30.09.2025</td><td>Stufe</td></tr><tr><td>Dienstag 07.10.2025</td><td>Dienstbesprechung</td></tr><tr><td>Dienstag 28.10.2025</td><td>Fachkonferenz B 15.00</td></tr><tr><td>Mittwoch 29.10.2025</td><td>Vorstandsitzung 15.15</td></tr><tr><td>Freitag 07.11.2025</td><td>RECHNUNGSSCHLUSS</td></tr><tr><td>Dienstag 11.11.2025</td><td>Lehrkräfte Dienstbesprechung/ PM Dienstbesprechung</td></tr><tr><td>Dienstag 18.11.2025</td><td>Team</td></tr><tr><td>Dienstag 25.11.2025</td><td>Stufe</td></tr><tr><td>Dienstag 02.12.2025</td><td>Fortbildung short 15.00</td></tr><tr><td>Dienstag 09.12.2025</td><td>Dienstbesprechung 15.15</td></tr><tr><td>Dienstag 16.12.2025</td><td>Gesamtkonferenz 15.30</td></tr><tr><td>Mittwoch 17.12.2025</td><td>Vorstand</td></tr><tr><td><strong><em>2026</em></strong></td><td>&nbsp;</td></tr><tr><td>Dienstag 13.01.2026</td><td>Fachkonferenz A</td></tr><tr><td>Dienstag 20.01.2026</td><td>KME: Zeugniskonferenzen&nbsp; / GE: Förderplangespräche in den Klassen</td></tr><tr><td>Dienstag 27.01.2026</td><td>Team</td></tr><tr><td>Mo, Di, 02.02/ 03.02.26</td><td>„Zeugnisferien“</td></tr><tr><td>Dienstag 10.01.2026</td><td>Stufe</td></tr><tr><td>Dienstag 17.02.2026</td><td>Dienstbesprechung</td></tr><tr><td>Dienstag 24.02.2026</td><td>Fachkonferenz B</td></tr><tr><td>Dienstag 03.03.2026</td><td>Dienstbesprechung Diagnostik/Inkl./Koop/GE/KM Lehrkräfte</td></tr><tr><td>Dienstag 10.03.2026</td><td>Dienstbesprechung Pädagogische Mitarbeiter*innen</td></tr><tr><td>Dienstag 17.03.2026</td><td>Fortbildung short 15.00</td></tr><tr><td>Dienstag 14.04.2026</td><td>Fachkonferenz A</td></tr><tr><td>Dienstag 21.04.2026</td><td>Stufe mit Koop Partnern SEK I und Primar getrennt</td></tr><tr><td>Montag 27.04.2026</td><td>Haushalt I 2026</td></tr><tr><td>Dienstag 28.04.2026</td><td>Fortbildung short</td></tr><tr><td>Dienstag 05.05.2026</td><td>Dienstbesprechung 15.15</td></tr><tr><td>Dienstag 12.05.2026</td><td>Gesamtkonferenz 15.30</td></tr><tr><td>Dienstag 19.05.2026</td><td>Aufräumtag</td></tr><tr><td>Dienstag 02.06.2026</td><td>Team &#8211; Zeugnisbesprechung</td></tr><tr><td>Dienstag 09.06.2026</td><td>Stufe</td></tr><tr><td>Mittwoch 10.06.2026</td><td>Vorstand</td></tr><tr><td>Freitag 12.06.2026</td><td>Zeugnisabgabe GE</td></tr><tr><td>Dienstag 16.06.2026</td><td>Zeugniskonferenz KM / Team</td></tr><tr><td>Freitag 26.06.2026</td><td>Entlassfeier der 12. Klassen</td></tr><tr><td>Dienstag 30.06.2026</td><td>Klassenübergabe / Organisation</td></tr><tr><td>Mittwoch 01.07.2026</td><td>Schulschluss 11.00 / Koop nach der 3. Stunde / Kollegiumsparty 19.00</td></tr></tbody></table></figure>



<p class="has-small-font-size">Veränderungen und Ergänzungen sind möglich. Stand: 06.01.2025</p>

<p>  Schuljahresplanung 2025/2026 2025 &nbsp; Dienstag 12.08.2025 Betriebsausflug Mittwoch 13.08.2025 Dienstbesprechung (für alle Pflicht) Donnerstag 14.08.2025 Erster Schultag Dienstag 19.08.2025 Stufe Freitag 22.08.2025 Einschulung Knieberg 10.15 Samstag 23.08.2025 Einschulung Hagen GS 10.00 und GS Lüne 10.00 / KM Hasenburg 10.00 Dienstag 26.08.2025 Dienstbesprechung 15.15 Montag 01.09.2025 Haushalt II 15.15 Dienstag&nbsp;&nbsp; 02.09.2025 Gesamtkonferenz 15.30 Dienstag 09.09.2025 Fachkonferenz A 15.00 Dienstag 16.09.2025 Fortbildung short 15.00 Dienstag 23.09.2025 Team Dienstag 30.09.2025 Stufe Dienstag 07.10.2025 Dienstbesprechung Dienstag 28.10.2025 Fachkonferenz B 15.00 Mittwoch 29.10.2025 Vorstandsitzung&#8230;</p>
<p class="read-more"><a class="btn btn-default" href="https://wordpress.nibis.de/knieberg/termine/">Weiterlesen<span class="screen-reader-text"> Weiterlesen</span></a></p>
