{"id":275,"date":"2021-01-14T11:50:00","date_gmt":"2021-01-14T10:50:00","guid":{"rendered":"https:\/\/wordpress.nibis.de\/knieberg\/?page_id=275"},"modified":"2023-12-10T12:27:00","modified_gmt":"2023-12-10T11:27:00","slug":"impressum","status":"publish","type":"page","link":"https:\/\/wordpress.nibis.de\/knieberg\/impressum\/","title":{"rendered":"Impressum"},"content":{"rendered":"\n<hr class=\"wp-block-separator has-text-color has-background is-style-wide\" style=\"background-color:#009688;color:#009688\" \/>\n\n\n<p>Verantwortlich f\u00fcr die Gestaltung und den Inhalt:<\/p>\n<p><strong>Schule am Knieberg<\/strong><br \/>Schulleitung der Schule am Knieberg<br \/>Oedemer Weg 79<br \/>21335 L\u00fcneburg<br \/>Telefon: 04131-9922035 6<br \/>Fax: 04131-407438<br \/>E-Mail: &#116;&#x6f;&#x72;s&#116;&#x65;&#x6e;&#46;&#106;&#x61;h&#110;&#x40;&#x6b;n&#105;&#x65;b&#101;&#x72;&#x67;&#46;&#110;&#x65;&#x74;<\/p>\n<p>Webmaster:<\/p>\n<p>Satoshi Grey<br \/>Webmaster: &#115;a&#116;o&#115;h&#x69;&#46;&#x67;r&#x65;y&#x40;k&#x6e;i&#x65;b&#x65;r&#x67;&#46;&#x6e;e&#x74;<\/p>\n<p><strong>Rubrik \u201cEltern\u201d<\/strong><br \/>Schulelternrat der Schule am Knieberg<br \/>Oedemer Weg 79<br \/>21335 L\u00fcneburg<br \/>E-Mail: schulelternrat&#64;schule-kn&#105;&#101;&#98;&#101;&#114;&#103;&#46;&#100;&#101;<\/p>\n<p><strong>Rubrik \u201cF\u00f6rderverein\u201d<\/strong><br \/>F\u00f6rderverein der Schule am Knieberg<br \/>Oedemer Weg 79<br \/>21335 L\u00fcneburg<br \/>E-Mail: &#102;&#x6f;&#101;&#x72;&#100;&#x65;r&#x76;e&#114;&#x65;&#105;&#x6e;&#64;&#x73;c&#x68;u&#108;&#x65;&#45;&#x6b;&#110;&#x69;&#101;&#x62;e&#x72;g&#46;&#x64;&#101;<\/p>\n<p>Die Webseiten der Schule am Knieberg, der Eltern und des F\u00f6rdervereins sind urheberrechtlich gesch\u00fctzt. Ausdr\u00fccklich wird darauf hingewiesen, dass insbesondere das Bildmaterial, Bilder und Fotografien ohne vorherige Zustimmung der Schule am Knieberg nicht vervielf\u00e4ltigt, nicht verbreitet und nicht ausgestellt werden d\u00fcrfen.<\/p>\n\n\n<hr class=\"wp-block-separator has-text-color has-background is-style-wide\" style=\"background-color:#009688;color:#009688\" \/>\n","protected":false},"excerpt":{"rendered":"<p>Verantwortlich f\u00fcr die Gestaltung und den Inhalt: Schule am KniebergSchulleitung der Schule am KniebergOedemer Weg 7921335 L\u00fcneburgTelefon: 04131-9922035 6Fax: 04131-407438E-Mail: &#116;o&#114;s&#116;e&#x6e;&#46;&#x6a;a&#x68;n&#x40;k&#x6e;i&#x65;b&#x65;r&#x67;&#46;&#x6e;e&#x74; Webmaster: Satoshi GreyWebmaster: &#115;&#x61;t&#x6f;s&#104;&#x69;&#46;&#x67;r&#101;&#x79;&#64;&#x6b;n&#x69;&#x65;&#98;&#x65;r&#x67;&#46;&#110;&#x65;&#116; Rubrik \u201cEltern\u201dSchulelternrat der Schule am KniebergOedemer Weg 7921335 L\u00fcneburgE-Mail: s&#99;&#x68;&#x75;l&#101;&#108;&#x74;&#x65;r&#110;&#x72;&#x61;t&#64;&#115;&#x63;&#x68;u&#108;&#x65;&#x2d;k&#110;&#105;&#x65;&#x62;e&#114;&#x67;&#x2e;d&#101; Rubrik \u201cF\u00f6rderverein\u201dF\u00f6rderverein der Schule am KniebergOedemer Weg 7921335 L\u00fcneburgE-Mail: &#x66;&#111;e&#x72;&#x64;&#101;r&#x76;&#101;r&#x65;&#x69;&#110;&#64;&#x73;&#99;h&#x75;&#x6c;&#101;-&#x6b;&#x6e;&#105;&#x65;&#x62;&#101;r&#x67;&#x2e;&#100;e Die Webseiten der Schule am Knieberg, der Eltern und des F\u00f6rdervereins sind urheberrechtlich gesch\u00fctzt. Ausdr\u00fccklich wird darauf hingewiesen, dass insbesondere das Bildmaterial, Bilder und Fotografien ohne vorherige Zustimmung der Schule am Knieberg nicht vervielf\u00e4ltigt, nicht&#8230;<\/p>\n<p class=\"read-more\"><a class=\"btn btn-default\" href=\"https:\/\/wordpress.nibis.de\/knieberg\/impressum\/\">Weiterlesen<span class=\"screen-reader-text\"> Weiterlesen<\/span><\/a><\/p>\n","protected":false},"author":9193665,"featured_media":0,"parent":0,"menu_order":0,"comment_status":"closed","ping_status":"closed","template":"","meta":{"footnotes":""},"class_list":["post-275","page","type-page","status-publish","hentry"],"_links":{"self":[{"href":"https:\/\/wordpress.nibis.de\/knieberg\/wp-json\/wp\/v2\/pages\/275","targetHints":{"allow":["GET"]}}],"collection":[{"href":"https:\/\/wordpress.nibis.de\/knieberg\/wp-json\/wp\/v2\/pages"}],"about":[{"href":"https:\/\/wordpress.nibis.de\/knieberg\/wp-json\/wp\/v2\/types\/page"}],"author":[{"embeddable":true,"href":"https:\/\/wordpress.nibis.de\/knieberg\/wp-json\/wp\/v2\/users\/9193665"}],"replies":[{"embeddable":true,"href":"https:\/\/wordpress.nibis.de\/knieberg\/wp-json\/wp\/v2\/comments?post=275"}],"version-history":[{"count":4,"href":"https:\/\/wordpress.nibis.de\/knieberg\/wp-json\/wp\/v2\/pages\/275\/revisions"}],"predecessor-version":[{"id":844,"href":"https:\/\/wordpress.nibis.de\/knieberg\/wp-json\/wp\/v2\/pages\/275\/revisions\/844"}],"wp:attachment":[{"href":"https:\/\/wordpress.nibis.de\/knieberg\/wp-json\/wp\/v2\/media?parent=275"}],"curies":[{"name":"wp","href":"https:\/\/api.w.org\/{rel}","templated":true}]}}