{"id":279,"date":"2021-01-14T11:54:44","date_gmt":"2021-01-14T10:54:44","guid":{"rendered":"https:\/\/wordpress.nibis.de\/knieberg\/?page_id=279"},"modified":"2025-10-09T11:25:36","modified_gmt":"2025-10-09T09:25:36","slug":"aemter-und-funktionen","status":"publish","type":"page","link":"https:\/\/wordpress.nibis.de\/knieberg\/aemter-und-funktionen\/","title":{"rendered":"\u00c4mter und Funktionen"},"content":{"rendered":"<div class=\"nicdark_archive1 nicdark_padding010\"><\/div>\n<section id=\"\" class=\"nicdark_section  vc_row wpb_row vc_row-fluid\">\n<div class=\"nicdark_container nicdark_vc nicdark_clearfix\">\n<div class=\"wpb_column vc_column_container vc_col-sm-12\">\n<div class=\"vc_column-inner \">\n<div class=\"wpb_wrapper\">\n<div class=\"wpb_text_column wpb_content_element \">\n<div class=\"wpb_wrapper\">\n<p><strong>\u00c4mter und Funktionen an der Schule Am Knieberg<\/strong><\/p>\n<p><strong>Schulleitung:\u00a0\u00a0\u00a0\u00a0\u00a0\u00a0\u00a0\u00a0\u00a0 <\/strong>Herr Jahn, Herr Trenkel, Frau Zachmann<\/p>\n<p><strong>Sekret\u00e4rin:\u00a0\u00a0\u00a0\u00a0\u00a0\u00a0\u00a0\u00a0\u00a0\u00a0\u00a0\u00a0\u00a0 <\/strong>Frau Wissinger<\/p>\n<p><strong>Hausmeister:<\/strong> \u00a0\u00a0\u00a0\u00a0\u00a0\u00a0\u00a0 Herr Buck, Vertretung Herr Klitzke<\/p>\n<p><strong>Schulvorstand:<\/strong><\/p>\n<p><u>Schulleitung<\/u>:\u00a0\u00a0\u00a0\u00a0\u00a0\u00a0\u00a0\u00a0\u00a0\u00a0 Herr Jahn, Herr Trenkel\/Frau Zachmann (nicht stimmberechtigt)<\/p>\n<p><u>Sch\u00fclervertreterInnen<\/u>: s.u.<\/p>\n<p><u>ElternvertreterInnen<\/u>: s.u.<\/p>\n<p><u>Kollegium<\/u>: \u00a0\u00a0\u00a0\u00a0\u00a0\u00a0\u00a0\u00a0\u00a0\u00a0\u00a0\u00a0\u00a0\u00a0 Herr Schlage, Frau Wi\u00dfmann, Frau Mohrdieck-Feddern, Frau Schmedt, Frau Klemme, Frau Jan\u00dfen-Pr\u00fcwer, Frau Baudisch, Frau Akkermann<\/p>\n<p><strong>Schulelternrat<\/strong>:<\/p>\n<p>Herr Dr. Priesack, Frau Sch\u00e4del, Frau Gardow<\/p>\n<p><strong>Sch\u00fclervertreterInnen<\/strong>:<\/p>\n<ol>\n<li>Ulbrich, L. K\u00f6hncke, N. Jenckel, K. Krischer<\/li>\n<\/ol>\n<p>Betreuung: Frau Wi\u00dfmann, Frau Akkermann<\/p>\n<p><strong>Personalrat:<\/strong><\/p>\n<p>Frau Enderle, Frau St\u00fcven, Frau Muchow, Frau Bartsch, Herr Kosch<\/p>\n<p><strong>Steuergruppe:<\/strong><\/p>\n<p>Frau Tschirner, Frau Brunken, Frau Pabst, Herr Jahn, Frau Scott, Frau Templin-Heyen, Frau K\u00f6nig, Frau Ahrens, Herr Trenkel, Frau Borchers, Frau Zachmann<\/p>\n<p><strong>Fachkonferenzleitungen:<\/strong><\/p>\n<table width=\"659\">\n<tbody>\n<tr>\n<td width=\"132\">A<\/td>\n<td width=\"170\">Leitung<\/td>\n<td width=\"54\"><\/td>\n<td width=\"132\">B<\/td>\n<td width=\"170\">Leitung<\/td>\n<\/tr>\n<tr>\n<td width=\"132\">Deutsch<\/td>\n<td width=\"170\">Frau Just<\/td>\n<td width=\"54\"><\/td>\n<td width=\"132\">Sport<\/td>\n<td width=\"170\">Frau Schmedt<\/td>\n<\/tr>\n<tr>\n<td width=\"132\">Mathe<\/td>\n<td width=\"170\">Frau Scott<\/td>\n<td width=\"54\"><\/td>\n<td width=\"132\">Englisch<\/td>\n<td width=\"170\">Frau Adami<\/td>\n<\/tr>\n<tr>\n<td width=\"132\">Sachunterricht<\/td>\n<td width=\"170\">Frau Wiebe<\/td>\n<td width=\"54\"><\/td>\n<td width=\"132\">Gestalten<\/td>\n<td width=\"170\">Frau Goldhorn<\/td>\n<\/tr>\n<tr>\n<td width=\"132\">Sek II<\/td>\n<td width=\"170\">Frau Brunke<\/td>\n<td width=\"54\"><\/td>\n<td width=\"132\">Hauswirtschaft<\/td>\n<td width=\"170\">Frau Topp<\/td>\n<\/tr>\n<tr>\n<td width=\"132\"><\/td>\n<td width=\"170\"><\/td>\n<td width=\"54\"><\/td>\n<td width=\"132\">Religion<\/td>\n<td width=\"170\">Frau Wi\u00dfmann<\/td>\n<\/tr>\n<tr>\n<td width=\"132\"><\/td>\n<td width=\"170\"><\/td>\n<td width=\"54\"><\/td>\n<td width=\"132\">Musik<\/td>\n<td width=\"170\">Frau Greiwe-Regel<\/td>\n<\/tr>\n<\/tbody>\n<\/table>\n<\/div>\n<\/div>\n<\/div>\n<div class=\"wpb_wrapper\">\n<div class=\"wpb_text_column wpb_content_element \">\n<div class=\"wpb_wrapper\">\n<p><strong>Beratungslehrer:<\/strong><\/p>\n<p>Herr F\u00e4nger<\/p>\n<p><strong>Medienbeauftragter:<\/strong><\/p>\n<p>Herr Wendel<\/p>\n<p><strong>Unterst\u00fctzte Kommunikation:<\/strong><\/p>\n<p>Frau Schoenian<\/p>\n<p><strong>Homepage:<\/strong><\/p>\n<p>Herr Grey<\/p>\n<p><strong>Schuleigene Busse:<\/strong><\/p>\n<p>Herr Tibke, Frau Hoffmann<\/p>\n<p><strong>Lehrerbibliothek und Mediotheken:<\/strong><\/p>\n<p>Frau Mohrdieck-Feddern<\/p>\n<p><strong>Special Olympics:<\/strong><\/p>\n<p>Frau Schmedt<\/p>\n<p><strong>Hygienebeauftragte:<\/strong><\/p>\n<p>Frau Pierau, Frau Bartsch<\/p>\n<p><strong>Diagnostikgruppe:<\/strong><\/p>\n<p>Frau K\u00f6nig, Frau Pabst (+Kitabeauftragte), Frau Janssen-Pr\u00fcwer, Frau Klemme<\/p>\n<p><strong>Arbeitsschutz:<\/strong><\/p>\n<p>vakant<\/p>\n<p><strong>Brandschutz:<\/strong><\/p>\n<p>Herr Wieboldt<\/p>\n<p><strong>Bundesfreiwilligendienst:<\/strong><\/p>\n<p>Frau Peuckert<\/p>\n<p><strong>PraktikantInnen:<\/strong><\/p>\n<p>Frau Pierau<\/p>\n<p><strong>BBS BEK:<\/strong><\/p>\n<p>Frau Wilcke<\/p>\n<\/div>\n<\/div>\n<\/div>\n<\/div>\n<\/div>\n<\/div>\n<\/section>\n","protected":false},"excerpt":{"rendered":"<p>\u00c4mter und Funktionen an der Schule Am Knieberg Schulleitung:\u00a0\u00a0\u00a0\u00a0\u00a0\u00a0\u00a0\u00a0\u00a0 Herr Jahn, Herr Trenkel, Frau Zachmann Sekret\u00e4rin:\u00a0\u00a0\u00a0\u00a0\u00a0\u00a0\u00a0\u00a0\u00a0\u00a0\u00a0\u00a0\u00a0 Frau Wissinger Hausmeister: \u00a0\u00a0\u00a0\u00a0\u00a0\u00a0\u00a0 Herr Buck, Vertretung Herr Klitzke Schulvorstand: Schulleitung:\u00a0\u00a0\u00a0\u00a0\u00a0\u00a0\u00a0\u00a0\u00a0\u00a0 Herr Jahn, Herr Trenkel\/Frau Zachmann (nicht stimmberechtigt) Sch\u00fclervertreterInnen: s.u. ElternvertreterInnen: s.u. Kollegium: \u00a0\u00a0\u00a0\u00a0\u00a0\u00a0\u00a0\u00a0\u00a0\u00a0\u00a0\u00a0\u00a0\u00a0 Herr Schlage, Frau Wi\u00dfmann, Frau Mohrdieck-Feddern, Frau Schmedt, Frau Klemme, Frau Jan\u00dfen-Pr\u00fcwer, Frau Baudisch, Frau Akkermann Schulelternrat: Herr Dr. Priesack, Frau Sch\u00e4del, Frau Gardow Sch\u00fclervertreterInnen: Ulbrich, L. K\u00f6hncke, N. Jenckel, K. Krischer Betreuung: Frau Wi\u00dfmann, Frau Akkermann Personalrat: Frau Enderle,&#8230;<\/p>\n<p class=\"read-more\"><a class=\"btn btn-default\" href=\"https:\/\/wordpress.nibis.de\/knieberg\/aemter-und-funktionen\/\">Weiterlesen<span class=\"screen-reader-text\"> Weiterlesen<\/span><\/a><\/p>\n","protected":false},"author":9193665,"featured_media":0,"parent":0,"menu_order":0,"comment_status":"closed","ping_status":"closed","template":"","meta":{"footnotes":""},"class_list":["post-279","page","type-page","status-publish","hentry"],"_links":{"self":[{"href":"https:\/\/wordpress.nibis.de\/knieberg\/wp-json\/wp\/v2\/pages\/279","targetHints":{"allow":["GET"]}}],"collection":[{"href":"https:\/\/wordpress.nibis.de\/knieberg\/wp-json\/wp\/v2\/pages"}],"about":[{"href":"https:\/\/wordpress.nibis.de\/knieberg\/wp-json\/wp\/v2\/types\/page"}],"author":[{"embeddable":true,"href":"https:\/\/wordpress.nibis.de\/knieberg\/wp-json\/wp\/v2\/users\/9193665"}],"replies":[{"embeddable":true,"href":"https:\/\/wordpress.nibis.de\/knieberg\/wp-json\/wp\/v2\/comments?post=279"}],"version-history":[{"count":28,"href":"https:\/\/wordpress.nibis.de\/knieberg\/wp-json\/wp\/v2\/pages\/279\/revisions"}],"predecessor-version":[{"id":1135,"href":"https:\/\/wordpress.nibis.de\/knieberg\/wp-json\/wp\/v2\/pages\/279\/revisions\/1135"}],"wp:attachment":[{"href":"https:\/\/wordpress.nibis.de\/knieberg\/wp-json\/wp\/v2\/media?parent=279"}],"curies":[{"name":"wp","href":"https:\/\/api.w.org\/{rel}","templated":true}]}}