{"id":287,"date":"2021-01-14T11:56:03","date_gmt":"2021-01-14T10:56:03","guid":{"rendered":"https:\/\/wordpress.nibis.de\/knieberg\/?page_id=287"},"modified":"2026-01-26T08:25:08","modified_gmt":"2026-01-26T07:25:08","slug":"therapie","status":"publish","type":"page","link":"https:\/\/wordpress.nibis.de\/knieberg\/therapie\/","title":{"rendered":"Therapie"},"content":{"rendered":"<div class=\"vc_wp_text wpb_content_element\">\n<div class=\"widget widget_text\">\n<div class=\"textwidget\">\n<p>An der Schule am Knieberg sind wir insgesamt acht Therapeutinnen. Darunter zwei Ergotherapeutinnen und sechs Physiotherapeutinnen. Die therapeutische Betreuung gilt sowohl den Sch\u00fclerInnen am Knieberg, als auch den Sch\u00fclerInnen in den Klassen der Kooperationsstandorte. Unser Bestreben ist es, die Kinder bestm\u00f6glich in ihrem Schulalltag zu unterst\u00fctzen und zu begleiten, um ihre eigenst\u00e4ndige Handlungsf\u00e4higkeit, motorische Entwicklung und soziale Integration zu f\u00f6rdern. Oberste Priorit\u00e4t hat hierbei die gr\u00f6\u00dftm\u00f6gliche Selbstbestimmung im Leben der Sch\u00fclerInnen innerhalb und au\u00dferhalb der Schule.<\/p>\n<\/div>\n<\/div>\n<\/div>\n\n\n<figure class=\"wp-block-image size-large\"><img loading=\"lazy\" decoding=\"async\" width=\"1024\" height=\"1001\" src=\"https:\/\/wordpress.nibis.de\/knieberg\/files\/2026\/01\/20260106_155812-1024x1001.jpg\" alt=\"\" class=\"wp-image-1398\" srcset=\"https:\/\/wordpress.nibis.de\/knieberg\/files\/2026\/01\/20260106_155812-1024x1001.jpg 1024w, https:\/\/wordpress.nibis.de\/knieberg\/files\/2026\/01\/20260106_155812-300x293.jpg 300w, https:\/\/wordpress.nibis.de\/knieberg\/files\/2026\/01\/20260106_155812-768x750.jpg 768w, https:\/\/wordpress.nibis.de\/knieberg\/files\/2026\/01\/20260106_155812-100x98.jpg 100w, https:\/\/wordpress.nibis.de\/knieberg\/files\/2026\/01\/20260106_155812-1536x1501.jpg 1536w, https:\/\/wordpress.nibis.de\/knieberg\/files\/2026\/01\/20260106_155812-276x270.jpg 276w, https:\/\/wordpress.nibis.de\/knieberg\/files\/2026\/01\/20260106_155812.jpg 1666w\" sizes=\"auto, (max-width: 1024px) 100vw, 1024px\" \/><\/figure>\n\n\n\n<p><strong>Schwerpunkte unserer therapeutischen Arbeit:<\/strong><\/p>\n\n\n\n<ul class=\"wp-block-list\">\n<li>Individuelle motorische + sensorische Einzelf\u00f6rderung<\/li>\n\n\n\n<li>Hilfestellung im Unterricht f\u00fcr eine optimale Partizipation und Teilhabe im Schulalltag<\/li>\n\n\n\n<li>Erstellung individueller F\u00f6rderkonzepte in Zusammenarbeit mit den Klassenteams<\/li>\n\n\n\n<li>Beratung bei Lagerungs-, Sitz-, Steh- und Gehhilfen<\/li>\n\n\n\n<li>F\u00f6rderung der Fein- und Graphomotorik<\/li>\n\n\n\n<li>Beratung bei Hilfsmittelversorgungen<\/li>\n\n\n\n<li>Basale Stimulation<\/li>\n\n\n\n<li>Visuelle Wahrnehmungsangebote<\/li>\n\n\n\n<li>Bewegungs- und Therapieangebote in der Gruppe (z.B. Therapieschwimmen, Feinmotorikgruppe, Zirkus- AG, Reiten, Psychomotorik, Yoga)<\/li>\n\n\n\n<li>Interne Schulungsangebote f\u00fcr MitarbeiterInnen in der Schule im Bereich ergonomisches Arbeiten und der bewegungsf\u00f6rdernde Umgang mit k\u00f6rperlich und motorisch beeintr\u00e4chtigten Kindern<\/li>\n<\/ul>\n\n\n\n<p>Wir Therapeutinnen sind bei der Nieders\u00e4chsischen Landesschulbeh\u00f6rde angestellt. Da wir dazu verpflichtet sind, auch au\u00dferhalb des therapeutischen Settings zu arbeiten und somit kein konstantes Therapieangebot gew\u00e4hrleisten k\u00f6nnen, ersetzt das schulische Therapieangebot auf keinen Fall eine ambulante therapeutische Anbindung.<\/p>\n\n\n\n\n\t\t<!-- MasterSlider -->\n\t\t<div id=\"P_MS69df8c00d4b24\" class=\"master-slider-parent msl ms-parent-id-1\" style=\"max-width:1000px;\">\n\n\t\t\t\n\t\t\t<!-- MasterSlider Main -->\n\t\t\t<div id=\"MS69df8c00d4b24\" class=\"master-slider ms-skin-default\" >\n\t\t\t\t \t\t\t\t \n\t\t\t\t<div  class=\"ms-slide\" data-delay=\"3\" data-fill-mode=\"fit\"  >\n\t\t\t\t\t<img decoding=\"async\" src=\"https:\/\/wordpress.nibis.de\/knieberg\/wp-content\/plugins\/master-slider\/public\/assets\/css\/blank.gif\" alt=\"\" title=\"\" data-src=\"https:\/\/wordpress.nibis.de\/knieberg\/files\/2021\/06\/IMG_5682-scaled.jpg\" \/>\n\n\n\t<div class=\"ms-thumb\" ><div class=\"ms-tab-context\"><div class=\"&quot;ms-tab-context&quot;\"><\/div><\/div>\n<\/div>\n\t\t\t\t<\/div>\n\t\t\t\t<div  class=\"ms-slide\" data-delay=\"3\" data-fill-mode=\"fit\"  >\n\t\t\t\t\t<img decoding=\"async\" src=\"https:\/\/wordpress.nibis.de\/knieberg\/wp-content\/plugins\/master-slider\/public\/assets\/css\/blank.gif\" alt=\"\" title=\"\" data-src=\"https:\/\/wordpress.nibis.de\/knieberg\/files\/2021\/06\/520283AD-D1AA-48B1-B147-763EA415EE3C-scaled.jpeg\" \/>\n\n\n\t<div class=\"ms-thumb\" ><div class=\"ms-tab-context\"><div class=\"&quot;ms-tab-context&quot;\"><\/div><\/div>\n<\/div>\n\t\t\t\t<\/div>\n\t\t\t\t<div  class=\"ms-slide\" data-delay=\"3\" data-fill-mode=\"fit\"  >\n\t\t\t\t\t<img decoding=\"async\" src=\"https:\/\/wordpress.nibis.de\/knieberg\/wp-content\/plugins\/master-slider\/public\/assets\/css\/blank.gif\" alt=\"\" title=\"\" data-src=\"https:\/\/wordpress.nibis.de\/knieberg\/files\/2021\/06\/797C29A6-F505-49D0-884C-DC5E91C119B9-scaled.jpeg\" \/>\n\n\n\t<div class=\"ms-thumb\" ><div class=\"ms-tab-context\"><div class=\"&quot;ms-tab-context&quot;\"><\/div><\/div>\n<\/div>\n\t\t\t\t<\/div>\n\t\t\t\t<div  class=\"ms-slide\" data-delay=\"3\" data-fill-mode=\"fit\"  >\n\t\t\t\t\t<img decoding=\"async\" src=\"https:\/\/wordpress.nibis.de\/knieberg\/wp-content\/plugins\/master-slider\/public\/assets\/css\/blank.gif\" alt=\"\" title=\"\" data-src=\"https:\/\/wordpress.nibis.de\/knieberg\/files\/2021\/06\/91C2ABEB-0FFD-4C49-92D7-66C693154FEA-scaled.jpeg\" \/>\n\n\n\t<div class=\"ms-thumb\" ><div class=\"ms-tab-context\"><div class=\"&quot;ms-tab-context&quot;\"><\/div><\/div>\n<\/div>\n\t\t\t\t<\/div>\n\t\t\t\t<div  class=\"ms-slide\" data-delay=\"3\" data-fill-mode=\"fit\"  >\n\t\t\t\t\t<img decoding=\"async\" src=\"https:\/\/wordpress.nibis.de\/knieberg\/wp-content\/plugins\/master-slider\/public\/assets\/css\/blank.gif\" alt=\"\" title=\"\" data-src=\"https:\/\/wordpress.nibis.de\/knieberg\/files\/2021\/06\/IMG_20210531_105146-scaled.jpg\" \/>\n\n\n\t<div class=\"ms-thumb\" ><div class=\"ms-tab-context\"><div class=\"&quot;ms-tab-context&quot;\"><\/div><\/div>\n<\/div>\n\t\t\t\t<\/div>\n\t\t\t\t<div  class=\"ms-slide\" data-delay=\"3\" data-fill-mode=\"fit\"  >\n\t\t\t\t\t<img decoding=\"async\" src=\"https:\/\/wordpress.nibis.de\/knieberg\/wp-content\/plugins\/master-slider\/public\/assets\/css\/blank.gif\" alt=\"\" title=\"\" data-src=\"https:\/\/wordpress.nibis.de\/knieberg\/files\/2021\/06\/IMG_20210531_103318-scaled.jpg\" \/>\n\n\n\t<div class=\"ms-thumb\" ><div class=\"ms-tab-context\"><div class=\"&quot;ms-tab-context&quot;\"><\/div><\/div>\n<\/div>\n\t\t\t\t<\/div>\n\t\t\t\t<div  class=\"ms-slide\" data-delay=\"3\" data-fill-mode=\"fit\"  >\n\t\t\t\t\t<img decoding=\"async\" src=\"https:\/\/wordpress.nibis.de\/knieberg\/wp-content\/plugins\/master-slider\/public\/assets\/css\/blank.gif\" alt=\"\" title=\"\" data-src=\"https:\/\/wordpress.nibis.de\/knieberg\/files\/2021\/06\/7E0E2D47-1FE5-4EC1-B486-0D612EA9157E-scaled.jpeg\" \/>\n\n\n\t<div class=\"ms-thumb\" ><div class=\"ms-tab-context\"><div class=\"&quot;ms-tab-context&quot;\"><\/div><\/div>\n<\/div>\n\t\t\t\t<\/div>\n\t\t\t\t<div  class=\"ms-slide\" data-delay=\"3\" data-fill-mode=\"fit\"  >\n\t\t\t\t\t<img decoding=\"async\" src=\"https:\/\/wordpress.nibis.de\/knieberg\/wp-content\/plugins\/master-slider\/public\/assets\/css\/blank.gif\" alt=\"\" title=\"\" data-src=\"https:\/\/wordpress.nibis.de\/knieberg\/files\/2021\/06\/IMG_20210616_115303-scaled.jpg\" \/>\n\n\n\t<div class=\"ms-thumb\" ><div class=\"ms-tab-context\"><div class=\"&quot;ms-tab-context&quot;\"><\/div><\/div>\n<\/div>\n\t\t\t\t<\/div>\n\t\t\t\t<div  class=\"ms-slide\" data-delay=\"3\" data-fill-mode=\"fit\"  >\n\t\t\t\t\t<img decoding=\"async\" src=\"https:\/\/wordpress.nibis.de\/knieberg\/wp-content\/plugins\/master-slider\/public\/assets\/css\/blank.gif\" alt=\"\" title=\"\" data-src=\"https:\/\/wordpress.nibis.de\/knieberg\/files\/2021\/06\/IMG_20210621_102901_2.jpg\" \/>\n\n\n\t<div class=\"ms-thumb\" ><div class=\"ms-tab-context\"><div class=\"&quot;ms-tab-context&quot;\"><\/div><\/div>\n<\/div>\n\t\t\t\t<\/div>\n\n\t\t\t<\/div>\n\t\t\t<!-- END MasterSlider Main -->\n\n\t\t\t \n\t\t<\/div>\n\t\t<!-- END MasterSlider -->\n\n\t\t<script>\n\t\t(function ( $ ) {\n\t\t\t\"use strict\";\n\n\t\t\t$(function () {\n\t\t\t\tvar masterslider_4b24 = new MasterSlider();\n\n\t\t\t\t\/\/ slider controls\n\t\t\t\tmasterslider_4b24.control('arrows'     ,{ autohide:true, overVideo:true  });\n\t\t\t\tmasterslider_4b24.control('circletimer',{ autohide:false, overVideo:true, color:'#A2A2A2', radius:4, stroke:10   });\n\t\t\t\t\/\/ slider setup\n\t\t\t\tmasterslider_4b24.setup(\"MS69df8c00d4b24\", {\n\t\t\t\t\t\twidth           : 1000,\n\t\t\t\t\t\theight          : 500,\n\t\t\t\t\t\tminHeight       : 0,\n\t\t\t\t\t\tspace           : 0,\n\t\t\t\t\t\tstart           : 1,\n\t\t\t\t\t\tgrabCursor      : true,\n\t\t\t\t\t\tswipe           : true,\n\t\t\t\t\t\tmouse           : true,\n\t\t\t\t\t\tlayout          : \"boxed\",\n\t\t\t\t\t\twheel           : false,\n\t\t\t\t\t\tautoplay        : true,\n\t\t\t\t\t\tinstantStartLayers:false,\n\t\t\t\t\t\tloop            : true,\n\t\t\t\t\t\tshuffle         : true,\n\t\t\t\t\t\tpreload         : 0,\n\t\t\t\t\t\theightLimit     : true,\n\t\t\t\t\t\tautoHeight      : false,\n\t\t\t\t\t\tsmoothHeight    : true,\n\t\t\t\t\t\tendPause        : false,\n\t\t\t\t\t\toverPause       : true,\n\t\t\t\t\t\tfillMode        : \"fill\",\n\t\t\t\t\t\tcenterControls  : true,\n\t\t\t\t\t\tstartOnAppear   : false,\n\t\t\t\t\t\tlayersMode      : \"center\",\n\t\t\t\t\t\thideLayers      : false,\n\t\t\t\t\t\tfullscreenMargin: 0,\n\t\t\t\t\t\tspeed           : 20,\n\t\t\t\t\t\tdir             : \"h\",\n\t\t\t\t\t\tparallaxMode    : 'swipe',\n\t\t\t\t\t\tview            : \"basic\"\n\t\t\t\t});\n\n\t\t\t\t\n\t\t\t\twindow.masterslider_instances = window.masterslider_instances || [];\n\t\t\t\twindow.masterslider_instances.push( masterslider_4b24 );\n\t\t\t });\n\n\t\t})(jQuery);\n\t\t<\/script>\n\n\n","protected":false},"excerpt":{"rendered":"<p>An der Schule am Knieberg sind wir insgesamt acht Therapeutinnen. Darunter zwei Ergotherapeutinnen und sechs Physiotherapeutinnen. Die therapeutische Betreuung gilt sowohl den Sch\u00fclerInnen am Knieberg, als auch den Sch\u00fclerInnen in den Klassen der Kooperationsstandorte. Unser Bestreben ist es, die Kinder bestm\u00f6glich in ihrem Schulalltag zu unterst\u00fctzen und zu begleiten, um ihre eigenst\u00e4ndige Handlungsf\u00e4higkeit, motorische Entwicklung und soziale Integration zu f\u00f6rdern. Oberste Priorit\u00e4t hat hierbei die gr\u00f6\u00dftm\u00f6gliche Selbstbestimmung im Leben der Sch\u00fclerInnen innerhalb und au\u00dferhalb der Schule. Schwerpunkte unserer therapeutischen Arbeit:&#8230;<\/p>\n<p class=\"read-more\"><a class=\"btn btn-default\" href=\"https:\/\/wordpress.nibis.de\/knieberg\/therapie\/\">Weiterlesen<span class=\"screen-reader-text\"> Weiterlesen<\/span><\/a><\/p>\n","protected":false},"author":9193665,"featured_media":0,"parent":0,"menu_order":0,"comment_status":"closed","ping_status":"closed","template":"","meta":{"footnotes":""},"class_list":["post-287","page","type-page","status-publish","hentry"],"_links":{"self":[{"href":"https:\/\/wordpress.nibis.de\/knieberg\/wp-json\/wp\/v2\/pages\/287","targetHints":{"allow":["GET"]}}],"collection":[{"href":"https:\/\/wordpress.nibis.de\/knieberg\/wp-json\/wp\/v2\/pages"}],"about":[{"href":"https:\/\/wordpress.nibis.de\/knieberg\/wp-json\/wp\/v2\/types\/page"}],"author":[{"embeddable":true,"href":"https:\/\/wordpress.nibis.de\/knieberg\/wp-json\/wp\/v2\/users\/9193665"}],"replies":[{"embeddable":true,"href":"https:\/\/wordpress.nibis.de\/knieberg\/wp-json\/wp\/v2\/comments?post=287"}],"version-history":[{"count":26,"href":"https:\/\/wordpress.nibis.de\/knieberg\/wp-json\/wp\/v2\/pages\/287\/revisions"}],"predecessor-version":[{"id":1401,"href":"https:\/\/wordpress.nibis.de\/knieberg\/wp-json\/wp\/v2\/pages\/287\/revisions\/1401"}],"wp:attachment":[{"href":"https:\/\/wordpress.nibis.de\/knieberg\/wp-json\/wp\/v2\/media?parent=287"}],"curies":[{"name":"wp","href":"https:\/\/api.w.org\/{rel}","templated":true}]}}