{"id":73,"date":"2020-12-21T15:48:17","date_gmt":"2020-12-21T14:48:17","guid":{"rendered":"https:\/\/wordpress.nibis.de\/knieberg\/?page_id=73"},"modified":"2021-01-14T12:30:08","modified_gmt":"2021-01-14T11:30:08","slug":"primarstufe","status":"publish","type":"page","link":"https:\/\/wordpress.nibis.de\/knieberg\/primarstufe\/","title":{"rendered":"Arbeit in der Primarstufe"},"content":{"rendered":"\n<hr class=\"wp-block-separator has-text-color has-background is-style-wide\" style=\"background-color:#009688;color:#009688\" \/>\n\n\n\n<div class=\"wp-block-group\"><div class=\"wp-block-group__inner-container is-layout-flow wp-block-group-is-layout-flow\">\n<p>Nach einer Eingew\u00f6hnungszeit, in der das Kind seine Klasse, das Schulegeb\u00e4ude und den Schulalltag kennen lernen kann, wird im Sinne eines projektorientierten, ganzheitlichen Unterrichts zu bestimmten Themen wie zum Beispiel \u201eAuf dem Bauernhof\u201c gearbeitet.<\/p>\n<p>Der gezielten Sprachf\u00f6rderung, mitunter auch schon in Verbindung mit Erstlesen, kommt eine besondere Bedeutung zu. Daher werden in der Unterstufe verst\u00e4rkt Sprachheillehrer eingesetzt.<\/p>\n<p>In Fingerspielen und verschiedenen Spiel- und Bewegungsliedern werden Laute und Lautverbindungen sowie einfache Satzmuster ge\u00fcbt und der Wortschatz wird erweitert. Au\u00dferdem werden die Wahrnehmung und die Motorik gef\u00f6rdert.<\/p>\n\n\n\n<figure class=\"wp-block-image size-large\"><img loading=\"lazy\" decoding=\"async\" width=\"1024\" height=\"768\" src=\"https:\/\/wordpress.nibis.de\/knieberg\/files\/2020\/12\/P1050655-1024x768.jpg\" alt=\"\" class=\"wp-image-81\" srcset=\"https:\/\/wordpress.nibis.de\/knieberg\/files\/2020\/12\/P1050655-1024x768.jpg 1024w, https:\/\/wordpress.nibis.de\/knieberg\/files\/2020\/12\/P1050655-300x225.jpg 300w, https:\/\/wordpress.nibis.de\/knieberg\/files\/2020\/12\/P1050655-768x576.jpg 768w, https:\/\/wordpress.nibis.de\/knieberg\/files\/2020\/12\/P1050655-1536x1152.jpg 1536w, https:\/\/wordpress.nibis.de\/knieberg\/files\/2020\/12\/P1050655-2048x1536.jpg 2048w\" sizes=\"auto, (max-width: 1024px) 100vw, 1024px\" \/><\/figure>\n<\/div><\/div>\n\n\n\n<hr class=\"wp-block-separator has-text-color has-background is-style-wide\" style=\"background-color:#009688;color:#009688\" \/>\n\n\n","protected":false},"excerpt":{"rendered":"<p>Nach einer Eingew\u00f6hnungszeit, in der das Kind seine Klasse, das Schulegeb\u00e4ude und den Schulalltag kennen lernen kann, wird im Sinne eines projektorientierten, ganzheitlichen Unterrichts zu bestimmten Themen wie zum Beispiel \u201eAuf dem Bauernhof\u201c gearbeitet. Der gezielten Sprachf\u00f6rderung, mitunter auch schon in Verbindung mit Erstlesen, kommt eine besondere Bedeutung zu. Daher werden in der Unterstufe verst\u00e4rkt Sprachheillehrer eingesetzt. In Fingerspielen und verschiedenen Spiel- und Bewegungsliedern werden Laute und Lautverbindungen sowie einfache Satzmuster ge\u00fcbt und der Wortschatz wird erweitert. Au\u00dferdem werden die&#8230;<\/p>\n<p class=\"read-more\"><a class=\"btn btn-default\" href=\"https:\/\/wordpress.nibis.de\/knieberg\/primarstufe\/\">Weiterlesen<span class=\"screen-reader-text\"> Weiterlesen<\/span><\/a><\/p>\n","protected":false},"author":9193665,"featured_media":0,"parent":0,"menu_order":0,"comment_status":"closed","ping_status":"closed","template":"","meta":{"footnotes":""},"class_list":["post-73","page","type-page","status-publish","hentry"],"_links":{"self":[{"href":"https:\/\/wordpress.nibis.de\/knieberg\/wp-json\/wp\/v2\/pages\/73","targetHints":{"allow":["GET"]}}],"collection":[{"href":"https:\/\/wordpress.nibis.de\/knieberg\/wp-json\/wp\/v2\/pages"}],"about":[{"href":"https:\/\/wordpress.nibis.de\/knieberg\/wp-json\/wp\/v2\/types\/page"}],"author":[{"embeddable":true,"href":"https:\/\/wordpress.nibis.de\/knieberg\/wp-json\/wp\/v2\/users\/9193665"}],"replies":[{"embeddable":true,"href":"https:\/\/wordpress.nibis.de\/knieberg\/wp-json\/wp\/v2\/comments?post=73"}],"version-history":[{"count":8,"href":"https:\/\/wordpress.nibis.de\/knieberg\/wp-json\/wp\/v2\/pages\/73\/revisions"}],"predecessor-version":[{"id":317,"href":"https:\/\/wordpress.nibis.de\/knieberg\/wp-json\/wp\/v2\/pages\/73\/revisions\/317"}],"wp:attachment":[{"href":"https:\/\/wordpress.nibis.de\/knieberg\/wp-json\/wp\/v2\/media?parent=73"}],"curies":[{"name":"wp","href":"https:\/\/api.w.org\/{rel}","templated":true}]}}