{"id":94,"date":"2020-12-21T16:45:10","date_gmt":"2020-12-21T15:45:10","guid":{"rendered":"https:\/\/wordpress.nibis.de\/knieberg\/?page_id=94"},"modified":"2021-01-07T11:49:03","modified_gmt":"2021-01-07T10:49:03","slug":"allgemein","status":"publish","type":"page","link":"https:\/\/wordpress.nibis.de\/knieberg\/","title":{"rendered":"Herzlich Willkommen"},"content":{"rendered":"\n<div class=\"wp-block-group\"><div class=\"wp-block-group__inner-container is-layout-flow wp-block-group-is-layout-flow\">\n<div class=\"wp-block-group\"><div class=\"wp-block-group__inner-container is-layout-flow wp-block-group-is-layout-flow\">\n<div class=\"wp-block-group\"><div class=\"wp-block-group__inner-container is-layout-flow wp-block-group-is-layout-flow\"><ul class=\"wp-block-latest-posts__list has-dates alignleft wp-block-latest-posts\"><li><a class=\"wp-block-latest-posts__post-title\" href=\"https:\/\/wordpress.nibis.de\/knieberg\/footballs-coming-home-2\/\">Football\u2018s Coming Home<\/a><time datetime=\"2026-04-23T21:05:00+02:00\" class=\"wp-block-latest-posts__post-date\">23. April 2026<\/time><div class=\"wp-block-latest-posts__post-full-content\"><!-- wp:paragraph -->\n<p>Seit nunmehr 30 Jahren rollt der Ball beim legend\u00e4ren Fu\u00dfballturnier der Schule am Knieberg \u2013 und auch in diesem Jahr zeigte sich: Tradition schl\u00e4gt niemals einen Fehlpass! Ausgetragen wurde das Turnier wie gewohnt in der benachbarten Halle des Gymnasiums Oedeme, die sich schnell in einen echten Hexenkessel verwandelte. Fast ebenso lange wie das Turnier selbst sind die treuen G\u00e4ste dabei: die Lindenschule der Rothenburger Werke, die Helene\u2011Grulke\u2011Schule aus Verden und die Bernhard\u2011R\u00f6per\u2011Schule aus Rotheburg. Seit rund 20 Jahren mischt die FS Ottenbeck aus Stade mit, und ganz frisch feierte die Kurt\u2011L\u00f6wenstein\u2011Schule aus Bleckede ihr gelungenes Deb\u00fct. F\u00fcr volle M\u00e4gen sorgte die Sch\u00fclerfirma der Schule am Knieberg, f\u00fcr schicke Trikots die Firma \u201eWe like to move it\u201c, und gl\u00e4nzende Pokale spendierte der F\u00f6rderverein. Getrommelt, gejubelt und angefeuert wurde lautstark von zahlreichen Kniebergklassen \u2013 sogar aus den Au\u00dfenstellen. Am Ende durfte sich der Gastgeber besonders freuen: Als Titelverteidiger holte die Schule am Knieberg mit null Gegentoren erneut den Pokal und nahm ihn verdient mit nach Hause.<\/p>\n<!-- \/wp:paragraph -->\n\n<!-- wp:image {\"id\":1606,\"sizeSlug\":\"large\",\"linkDestination\":\"none\"} -->\n<figure class=\"wp-block-image size-large\"><img loading=\"lazy\" decoding=\"async\" width=\"1024\" height=\"669\" src=\"https:\/\/wordpress.nibis.de\/knieberg\/files\/2026\/04\/20260422_1224232-1024x669.jpg\" alt=\"\" class=\"wp-image-1606\" srcset=\"https:\/\/wordpress.nibis.de\/knieberg\/files\/2026\/04\/20260422_1224232-1024x669.jpg 1024w, https:\/\/wordpress.nibis.de\/knieberg\/files\/2026\/04\/20260422_1224232-300x196.jpg 300w, https:\/\/wordpress.nibis.de\/knieberg\/files\/2026\/04\/20260422_1224232-768x502.jpg 768w, https:\/\/wordpress.nibis.de\/knieberg\/files\/2026\/04\/20260422_1224232-100x65.jpg 100w, https:\/\/wordpress.nibis.de\/knieberg\/files\/2026\/04\/20260422_1224232-1536x1003.jpg 1536w, https:\/\/wordpress.nibis.de\/knieberg\/files\/2026\/04\/20260422_1224232-2048x1338.jpg 2048w, https:\/\/wordpress.nibis.de\/knieberg\/files\/2026\/04\/20260422_1224232-413x270.jpg 413w\" sizes=\"auto, (max-width: 1024px) 100vw, 1024px\" \/><\/figure>\n<!-- \/wp:image --><\/div><\/li>\n<li><a class=\"wp-block-latest-posts__post-title\" href=\"https:\/\/wordpress.nibis.de\/knieberg\/tanztage-an-der-schule-am-knieberg\/\">Tanztage an der Schule am Knieberg<\/a><time datetime=\"2026-02-06T06:58:00+01:00\" class=\"wp-block-latest-posts__post-date\">6. Februar 2026<\/time><div class=\"wp-block-latest-posts__post-full-content\"><!-- wp:paragraph -->\n<p>Zwei Tage voller Beats, Drehungen und Lachanf\u00e4lle: Bei den Tanztagen an der Schule am Knieberg wirbeln Sch\u00fclerinnen und Sch\u00fcler durch Workshops mit mehreren Tanzlehrern.<\/p>\n<!-- \/wp:paragraph -->\n\n<!-- wp:paragraph -->\n<p>Von Showtanz \u00fcber Contemporary und Afro bis Breakdance wird alles ausprobiert. Kr\u00f6nender Abschluss: Am Freitag bebt die gro\u00dfe B\u00fchne des Gymnasium Odeme, wenn alle stolz ihre Moves pr\u00e4sentieren!<\/p>\n<!-- \/wp:paragraph -->\n\n<!-- wp:paragraph -->\n<p>Applaus, Lampenfieber und Muskelkater garantiert.<\/p>\n<!-- \/wp:paragraph -->\n\n<!-- wp:paragraph -->\n<p><\/p>\n<!-- \/wp:paragraph --><\/div><\/li>\n<li><a class=\"wp-block-latest-posts__post-title\" href=\"https:\/\/wordpress.nibis.de\/knieberg\/tierisches-abenteuer-im-schubz\/\">Tierisches Abenteuer im SCHUBZ!<\/a><time datetime=\"2026-01-25T16:27:00+01:00\" class=\"wp-block-latest-posts__post-date\">25. Januar 2026<\/time><div class=\"wp-block-latest-posts__post-full-content\"><!-- wp:paragraph -->\n<p>Die Klassen 9a, 9b und 11b haben Anfang Januar das Umweltbildungszentrum SCHUBZ besucht und dort gab es eine Menge zu entdecken!<br>Unsere Sch\u00fclerinnen und Sch\u00fcler durften viele spannende Tiere sehen und manche sogar anfassen und f\u00fcttern. Mit dabei waren zum Beispiel: gut getarnte Stabschrecken, Riesengespenstschrecken, neugierige W\u00fcstenrennm\u00e4use, riesige Achatschnecken und ein cooler Leopardgecko.<\/p>\n<!-- \/wp:paragraph -->\n\n<!-- wp:paragraph -->\n<p>Dabei haben wir jede Menge gelernt!<br>Wusstet ihr, dass\u2026<\/p>\n<!-- \/wp:paragraph -->\n\n<!-- wp:list -->\n<ul class=\"wp-block-list\"><!-- wp:list-item -->\n<li>\u2026sich Stabschrecken und Wandelnde Bl\u00e4tter perfekt tarnen k\u00f6nnen?<\/li>\n<!-- \/wp:list-item -->\n\n<!-- wp:list-item -->\n<li>\u2026Schnecken winzige Z\u00e4hne auf ihrer Raspelzunge haben, die sich anf\u00fchlen wie Schleifpapier?<\/li>\n<!-- \/wp:list-item -->\n\n<!-- wp:list-item -->\n<li>\u2026der Leopardgecko sein Futter im Schwanz speichert, wie in einer \u201eeingebauten Vorratskammer\u201c?<\/li>\n<!-- \/wp:list-item --><\/ul>\n<!-- \/wp:list -->\n\n<!-- wp:paragraph -->\n<p>Zum Schluss waren sich alle einig:<br>Das SCHUBZ war superspannend \u2013 und wir wollen wieder hin!<\/p>\n<!-- \/wp:paragraph --><\/div><\/li>\n<li><a class=\"wp-block-latest-posts__post-title\" href=\"https:\/\/wordpress.nibis.de\/knieberg\/in-stillem-gedenken\/\">In stillem Gedenken<\/a><time datetime=\"2025-12-19T10:14:34+01:00\" class=\"wp-block-latest-posts__post-date\">19. Dezember 2025<\/time><div class=\"wp-block-latest-posts__post-full-content\"><!-- wp:paragraph -->\n<p>Mit gro\u00dfer Traurigkeit haben wir erfahren, dass unser Kollege Willi Schlage verstorben ist. Diese Nachricht hat uns tief betroffen gemacht.<\/p>\n<!-- \/wp:paragraph -->\n\n<!-- wp:paragraph -->\n<p>Willi wird uns fehlen!<\/p>\n<!-- \/wp:paragraph -->\n\n<!-- wp:paragraph -->\n<p><\/p>\n<!-- \/wp:paragraph --><\/div><\/li>\n<li><a class=\"wp-block-latest-posts__post-title\" href=\"https:\/\/wordpress.nibis.de\/knieberg\/die-schule-am-knieberg-trauert-um-marcello\/\">Die Schule am Knieberg trauert um Marchello<\/a><time datetime=\"2025-12-10T10:04:00+01:00\" class=\"wp-block-latest-posts__post-date\">10. Dezember 2025<\/time><div class=\"wp-block-latest-posts__post-full-content\"><!-- wp:paragraph -->\n<p>Du fehlst uns!<\/p>\n<!-- \/wp:paragraph -->\n\n<!-- wp:image {\"id\":1167,\"sizeSlug\":\"large\",\"linkDestination\":\"none\"} -->\n<figure class=\"wp-block-image size-large\"><img loading=\"lazy\" decoding=\"async\" width=\"1024\" height=\"745\" src=\"https:\/\/wordpress.nibis.de\/knieberg\/files\/2025\/12\/Trauerkarte-1-1024x745.jpg\" alt=\"\" class=\"wp-image-1167\" srcset=\"https:\/\/wordpress.nibis.de\/knieberg\/files\/2025\/12\/Trauerkarte-1-1024x745.jpg 1024w, https:\/\/wordpress.nibis.de\/knieberg\/files\/2025\/12\/Trauerkarte-1-300x218.jpg 300w, https:\/\/wordpress.nibis.de\/knieberg\/files\/2025\/12\/Trauerkarte-1-768x558.jpg 768w, https:\/\/wordpress.nibis.de\/knieberg\/files\/2025\/12\/Trauerkarte-1-1536x1117.jpg 1536w, https:\/\/wordpress.nibis.de\/knieberg\/files\/2025\/12\/Trauerkarte-1-2048x1489.jpg 2048w, https:\/\/wordpress.nibis.de\/knieberg\/files\/2025\/12\/Trauerkarte-1-371x270.jpg 371w\" sizes=\"auto, (max-width: 1024px) 100vw, 1024px\" \/><\/figure>\n<!-- \/wp:image --><\/div><\/li>\n<li><a class=\"wp-block-latest-posts__post-title\" href=\"https:\/\/wordpress.nibis.de\/knieberg\/wie-ein-wenig-farbe-und-kreative-formen-aus-alten-torpfosten-einen-schoenen-bunten-eingang-machen\/\">Wie ein wenig Farbe und kreative Formen aus alten Torpfosten einen sch\u00f6nen bunten Eingang machen.<\/a><time datetime=\"2025-10-26T09:49:14+01:00\" class=\"wp-block-latest-posts__post-date\">26. Oktober 2025<\/time><div class=\"wp-block-latest-posts__post-full-content\"><!-- wp:paragraph -->\n<p>Die Sch\u00fcler*innen der Sekundarstufe 2 hatten an 3\u00a0 Tagen, mit viel Spa\u00df und guten Ideen, die insgesamt 3 Bl\u00f6cke der Hofeinfahrt neu gestaltet. Entstanden sind drei sch\u00f6ne, farbenfrohe Orientierungspunkte, die jetzt bestimmt auch nicht mehr \u00fcbersehen und gerammt werden. Unterst\u00fctzt wurden sie von Claas Hoffmann der die Sch\u00fcler*innen angeleitet hat und als Graffiti-K\u00fcnstler mit seiner Erfahrung unterst\u00fctzt hat.<\/p>\n<!-- \/wp:paragraph -->\n\n<!-- wp:image {\"id\":1141,\"sizeSlug\":\"large\",\"linkDestination\":\"none\"} -->\n<figure class=\"wp-block-image size-large\"><img loading=\"lazy\" decoding=\"async\" width=\"1024\" height=\"557\" src=\"https:\/\/wordpress.nibis.de\/knieberg\/files\/2025\/10\/IMG_20251010_111027_edit_2300563229613010-1024x557.jpg\" alt=\"\" class=\"wp-image-1141\" srcset=\"https:\/\/wordpress.nibis.de\/knieberg\/files\/2025\/10\/IMG_20251010_111027_edit_2300563229613010-1024x557.jpg 1024w, https:\/\/wordpress.nibis.de\/knieberg\/files\/2025\/10\/IMG_20251010_111027_edit_2300563229613010-300x163.jpg 300w, https:\/\/wordpress.nibis.de\/knieberg\/files\/2025\/10\/IMG_20251010_111027_edit_2300563229613010-768x418.jpg 768w, https:\/\/wordpress.nibis.de\/knieberg\/files\/2025\/10\/IMG_20251010_111027_edit_2300563229613010-1536x836.jpg 1536w, https:\/\/wordpress.nibis.de\/knieberg\/files\/2025\/10\/IMG_20251010_111027_edit_2300563229613010-2048x1115.jpg 2048w, https:\/\/wordpress.nibis.de\/knieberg\/files\/2025\/10\/IMG_20251010_111027_edit_2300563229613010-496x270.jpg 496w\" sizes=\"auto, (max-width: 1024px) 100vw, 1024px\" \/><\/figure>\n<!-- \/wp:image -->\n\n<!-- wp:image {\"id\":1142,\"sizeSlug\":\"large\",\"linkDestination\":\"none\"} -->\n<figure class=\"wp-block-image size-large\"><img loading=\"lazy\" decoding=\"async\" width=\"768\" height=\"1024\" src=\"https:\/\/wordpress.nibis.de\/knieberg\/files\/2025\/10\/IMG_20251010_111443-1-768x1024.jpg\" alt=\"\" class=\"wp-image-1142\" srcset=\"https:\/\/wordpress.nibis.de\/knieberg\/files\/2025\/10\/IMG_20251010_111443-1-768x1024.jpg 768w, https:\/\/wordpress.nibis.de\/knieberg\/files\/2025\/10\/IMG_20251010_111443-1-225x300.jpg 225w, https:\/\/wordpress.nibis.de\/knieberg\/files\/2025\/10\/IMG_20251010_111443-1-1152x1536.jpg 1152w, https:\/\/wordpress.nibis.de\/knieberg\/files\/2025\/10\/IMG_20251010_111443-1-1536x2048.jpg 1536w, https:\/\/wordpress.nibis.de\/knieberg\/files\/2025\/10\/IMG_20251010_111443-1-203x270.jpg 203w, https:\/\/wordpress.nibis.de\/knieberg\/files\/2025\/10\/IMG_20251010_111443-1-scaled.jpg 1920w\" sizes=\"auto, (max-width: 768px) 100vw, 768px\" \/><\/figure>\n<!-- \/wp:image --><\/div><\/li>\n<\/ul><\/div><\/div>\n<\/div><\/div>\n<\/div><\/div>\n\n\n","protected":false},"excerpt":{"rendered":"","protected":false},"author":9193665,"featured_media":0,"parent":0,"menu_order":0,"comment_status":"closed","ping_status":"closed","template":"","meta":{"footnotes":""},"class_list":["post-94","page","type-page","status-publish","hentry"],"_links":{"self":[{"href":"https:\/\/wordpress.nibis.de\/knieberg\/wp-json\/wp\/v2\/pages\/94","targetHints":{"allow":["GET"]}}],"collection":[{"href":"https:\/\/wordpress.nibis.de\/knieberg\/wp-json\/wp\/v2\/pages"}],"about":[{"href":"https:\/\/wordpress.nibis.de\/knieberg\/wp-json\/wp\/v2\/types\/page"}],"author":[{"embeddable":true,"href":"https:\/\/wordpress.nibis.de\/knieberg\/wp-json\/wp\/v2\/users\/9193665"}],"replies":[{"embeddable":true,"href":"https:\/\/wordpress.nibis.de\/knieberg\/wp-json\/wp\/v2\/comments?post=94"}],"version-history":[{"count":13,"href":"https:\/\/wordpress.nibis.de\/knieberg\/wp-json\/wp\/v2\/pages\/94\/revisions"}],"predecessor-version":[{"id":197,"href":"https:\/\/wordpress.nibis.de\/knieberg\/wp-json\/wp\/v2\/pages\/94\/revisions\/197"}],"wp:attachment":[{"href":"https:\/\/wordpress.nibis.de\/knieberg\/wp-json\/wp\/v2\/media?parent=94"}],"curies":[{"name":"wp","href":"https:\/\/api.w.org\/{rel}","templated":true}]}}