{"id":992,"date":"2024-12-05T09:20:52","date_gmt":"2024-12-05T08:20:52","guid":{"rendered":"https:\/\/wordpress.nibis.de\/knieberg\/?page_id=992"},"modified":"2024-12-05T09:20:52","modified_gmt":"2024-12-05T08:20:52","slug":"schulerfirmen-1011","status":"publish","type":"page","link":"https:\/\/wordpress.nibis.de\/knieberg\/schulerfirmen-1011\/","title":{"rendered":"Sch\u00fclerfirmen"},"content":{"rendered":"\n<p>In den 10.+11.Klassen findet an 2 Tagen in der Woche f\u00fcr jeweils 2 Bl\u00f6cke Praxisunterricht im Rahmen der Sch\u00fclerfirma \u201eKnieberg GmhM\u201c statt. Folgende Abteilungen werden i.d.R. angeboten:<\/p>\n\n\n\n<ul class=\"wp-block-list\"><li>Garten (vorrangig Gartenarbeiten bei ausw\u00e4rtigen Kunden)<\/li><li>Holz (Bau von Holzliegen und kleineren Verkaufsobjekten)<\/li><li>Snackbar (Schulkiosk im Gymnasium Oedeme)<\/li><li>Kniebergs Liebling (Erstellung von Deko-Utensilien und kleinen Geschenken)<\/li><li>Schulwohnung (Bereitstellung und Vermietung einer gut ausgestatteten Wohnung<\/li><li>B\u00fcgelservice (Annahme von Auftr\u00e4gen zum B\u00fcgeln und Mangeln)<\/li><\/ul>\n\n\n\n<p>Die Sch\u00fcler*innen w\u00e4hlen jeweils f\u00fcr ein Jahr ihre Abteilung aus und lernen somit in der 10. und 11. Klasse zwei unterschiedliche Praxisfelder intensiv kennen.<\/p>\n","protected":false},"excerpt":{"rendered":"<p>In den 10.+11.Klassen findet an 2 Tagen in der Woche f\u00fcr jeweils 2 Bl\u00f6cke Praxisunterricht im Rahmen der Sch\u00fclerfirma \u201eKnieberg GmhM\u201c statt. Folgende Abteilungen werden i.d.R. angeboten: Garten (vorrangig Gartenarbeiten bei ausw\u00e4rtigen Kunden) Holz (Bau von Holzliegen und kleineren Verkaufsobjekten) Snackbar (Schulkiosk im Gymnasium Oedeme) Kniebergs Liebling (Erstellung von Deko-Utensilien und kleinen Geschenken) Schulwohnung (Bereitstellung und Vermietung einer gut ausgestatteten Wohnung B\u00fcgelservice (Annahme von Auftr\u00e4gen zum B\u00fcgeln und Mangeln) Die Sch\u00fcler*innen w\u00e4hlen jeweils f\u00fcr ein Jahr ihre Abteilung aus und&#8230;<\/p>\n<p class=\"read-more\"><a class=\"btn btn-default\" href=\"https:\/\/wordpress.nibis.de\/knieberg\/schulerfirmen-1011\/\">Weiterlesen<span class=\"screen-reader-text\"> Weiterlesen<\/span><\/a><\/p>\n","protected":false},"author":9193665,"featured_media":0,"parent":0,"menu_order":0,"comment_status":"closed","ping_status":"closed","template":"","meta":{"footnotes":""},"class_list":["post-992","page","type-page","status-publish","hentry"],"_links":{"self":[{"href":"https:\/\/wordpress.nibis.de\/knieberg\/wp-json\/wp\/v2\/pages\/992","targetHints":{"allow":["GET"]}}],"collection":[{"href":"https:\/\/wordpress.nibis.de\/knieberg\/wp-json\/wp\/v2\/pages"}],"about":[{"href":"https:\/\/wordpress.nibis.de\/knieberg\/wp-json\/wp\/v2\/types\/page"}],"author":[{"embeddable":true,"href":"https:\/\/wordpress.nibis.de\/knieberg\/wp-json\/wp\/v2\/users\/9193665"}],"replies":[{"embeddable":true,"href":"https:\/\/wordpress.nibis.de\/knieberg\/wp-json\/wp\/v2\/comments?post=992"}],"version-history":[{"count":1,"href":"https:\/\/wordpress.nibis.de\/knieberg\/wp-json\/wp\/v2\/pages\/992\/revisions"}],"predecessor-version":[{"id":993,"href":"https:\/\/wordpress.nibis.de\/knieberg\/wp-json\/wp\/v2\/pages\/992\/revisions\/993"}],"wp:attachment":[{"href":"https:\/\/wordpress.nibis.de\/knieberg\/wp-json\/wp\/v2\/media?parent=992"}],"curies":[{"name":"wp","href":"https:\/\/api.w.org\/{rel}","templated":true}]}}