{"id":1144,"date":"2023-07-05T17:37:30","date_gmt":"2023-07-05T15:37:30","guid":{"rendered":"https:\/\/wordpress.nibis.de\/kranich\/?page_id=1144"},"modified":"2023-07-06T13:54:58","modified_gmt":"2023-07-06T11:54:58","slug":"europaeisch-gleich-bunt","status":"publish","type":"page","link":"https:\/\/wordpress.nibis.de\/kranich\/europaeisch-gleich-bunt\/","title":{"rendered":"Europ\u00e4isch gleich bunt"},"content":{"rendered":"\n<p>Im Schuljahr 2022\/23 nahm die Klasse 1c am 70. Europ\u00e4ischen Wettbewerb teil.<\/p>\n\n\n\n<p>Das Motto lautete &#8222;Europ\u00e4isch gleich bunt&#8220;.<\/p>\n\n\n\n<p>Die Klasse w\u00e4hlte das Thema &#8222;Sehnsucht Frieden&#8220;. Ausgehend von der Aussage Mahatma Gandhis: &#8222;Wenn wir den wahren Frieden in der Welt erlangen wollen, m\u00fcssen wir bei den Kindern anfangen.&#8220;, entstanden Friedensideen f\u00fcr die eigene Klasse. Diese wurden in einem Lied und einem bunten Teppich f\u00fcr die Klasse festgehalten und von den Sch\u00fclerinnen und Sch\u00fclern mit Hilfe ihrer bunten &#8222;Abstimmungsf\u00fc\u00dfe&#8220; gewertet.<\/p>\n\n\n\n<p>Zum Wettbewerb geh\u00f6rte auch die intensive Besch\u00e4ftigung mit Europa. Anhand von Landkarten und Flaggen erfuhren die Kinder, dass sie alle in Deutschland leben, teilweise sie oder ihre Familien aber aus anderen europ\u00e4ischen L\u00e4ndern stammen. Mit Hilfe eines Weltkarten-Bodenpuzzles konnten dann auch Kinder aus au\u00dfereurop\u00e4ischen L\u00e4ndern ihren Herkunftsort zuordnen.<\/p>\n\n\n\n<p>Die Klasse war mit Feuereifer bei der Sache und ihre M\u00fche wurde belohnt. Die Jury zeichnete den Wettbewerbsbeitrag mit einem Landes- und einem Bundespreis aus. Stolz konnten die Kinder ihre Urkunden entgegennehmen und sich \u00fcber einen B\u00fcchergutschein-Preis und einen Geldpreis freuen.<\/p>\n\n\n\n<div class=\"wp-block-columns is-layout-flex wp-container-core-columns-is-layout-abceabcf wp-block-columns-is-layout-flex\">\n<div class=\"wp-block-column is-layout-flow wp-block-column-is-layout-flow\" style=\"--col-width:100%;flex-basis:100%\">\n<div class=\"wp-block-columns is-layout-flex wp-container-core-columns-is-layout-abceabcf wp-block-columns-is-layout-flex\">\n<div class=\"wp-block-column is-layout-flow wp-block-column-is-layout-flow\" style=\"--col-width:25%;flex-basis:25%\">\n<figure class=\"wp-block-image size-full\"><img loading=\"lazy\" decoding=\"async\" width=\"600\" height=\"800\" src=\"https:\/\/wordpress.nibis.de\/kranich\/files\/2023\/07\/IMG_2737.jpg\" alt=\"\" class=\"wp-image-1153\" srcset=\"https:\/\/wordpress.nibis.de\/kranich\/files\/2023\/07\/IMG_2737.jpg 600w, https:\/\/wordpress.nibis.de\/kranich\/files\/2023\/07\/IMG_2737-225x300.jpg 225w, https:\/\/wordpress.nibis.de\/kranich\/files\/2023\/07\/IMG_2737-203x270.jpg 203w\" sizes=\"auto, (max-width: 600px) 100vw, 600px\" \/><\/figure>\n<\/div>\n\n\n\n<div class=\"wp-block-column is-layout-flow wp-block-column-is-layout-flow\" style=\"--col-width:50%;flex-basis:50%\">\n<figure class=\"wp-block-image size-full\"><img loading=\"lazy\" decoding=\"async\" width=\"800\" height=\"600\" src=\"https:\/\/wordpress.nibis.de\/kranich\/files\/2023\/07\/IMG_2816.jpg\" alt=\"\" class=\"wp-image-1155\" srcset=\"https:\/\/wordpress.nibis.de\/kranich\/files\/2023\/07\/IMG_2816.jpg 800w, https:\/\/wordpress.nibis.de\/kranich\/files\/2023\/07\/IMG_2816-300x225.jpg 300w, https:\/\/wordpress.nibis.de\/kranich\/files\/2023\/07\/IMG_2816-768x576.jpg 768w, https:\/\/wordpress.nibis.de\/kranich\/files\/2023\/07\/IMG_2816-360x270.jpg 360w\" sizes=\"auto, (max-width: 800px) 100vw, 800px\" \/><\/figure>\n<\/div>\n\n\n\n<div class=\"wp-block-column is-layout-flow wp-block-column-is-layout-flow\" style=\"--col-width:25%;flex-basis:25%\">\n<figure class=\"wp-block-image size-full\"><img loading=\"lazy\" decoding=\"async\" width=\"800\" height=\"600\" src=\"https:\/\/wordpress.nibis.de\/kranich\/files\/2023\/07\/IMG_1789.jpg\" alt=\"\" class=\"wp-image-1152\" srcset=\"https:\/\/wordpress.nibis.de\/kranich\/files\/2023\/07\/IMG_1789.jpg 800w, https:\/\/wordpress.nibis.de\/kranich\/files\/2023\/07\/IMG_1789-300x225.jpg 300w, https:\/\/wordpress.nibis.de\/kranich\/files\/2023\/07\/IMG_1789-768x576.jpg 768w, https:\/\/wordpress.nibis.de\/kranich\/files\/2023\/07\/IMG_1789-360x270.jpg 360w\" sizes=\"auto, (max-width: 800px) 100vw, 800px\" \/><\/figure>\n<\/div>\n<\/div>\n<\/div>\n<\/div>\n\n\n\n<div class=\"wp-block-columns is-layout-flex wp-container-core-columns-is-layout-abceabcf wp-block-columns-is-layout-flex\">\n<div class=\"wp-block-column is-layout-flow wp-block-column-is-layout-flow\" style=\"--col-width:25%;flex-basis:25%\">\n<figure class=\"wp-block-image size-large\"><img decoding=\"async\" src=\"https:\/\/wordpress.nibis.de\/kranich\/files\/2023\/07\/Sehnsucht-Frieden-mp3-image-1024x1024.jpg\" alt=\"\" class=\"wp-image-1148\" \/><\/figure>\n<\/div>\n\n\n\n<div class=\"wp-block-column is-layout-flow wp-block-column-is-layout-flow\" style=\"--col-width:50%;flex-basis:50%\">\n<figure class=\"wp-block-image size-full\"><img loading=\"lazy\" decoding=\"async\" width=\"600\" height=\"800\" src=\"https:\/\/wordpress.nibis.de\/kranich\/files\/2023\/07\/IMG_2739.jpg\" alt=\"\" class=\"wp-image-1151\" srcset=\"https:\/\/wordpress.nibis.de\/kranich\/files\/2023\/07\/IMG_2739.jpg 600w, https:\/\/wordpress.nibis.de\/kranich\/files\/2023\/07\/IMG_2739-225x300.jpg 225w, https:\/\/wordpress.nibis.de\/kranich\/files\/2023\/07\/IMG_2739-203x270.jpg 203w\" sizes=\"auto, (max-width: 600px) 100vw, 600px\" \/><\/figure>\n<\/div>\n\n\n\n<div class=\"wp-block-column is-layout-flow wp-block-column-is-layout-flow\" style=\"--col-width:25%;flex-basis:25%\">\n<figure class=\"wp-block-image size-full\"><img loading=\"lazy\" decoding=\"async\" width=\"800\" height=\"600\" src=\"https:\/\/wordpress.nibis.de\/kranich\/files\/2023\/07\/IMG_2740.jpg\" alt=\"\" class=\"wp-image-1154\" srcset=\"https:\/\/wordpress.nibis.de\/kranich\/files\/2023\/07\/IMG_2740.jpg 800w, https:\/\/wordpress.nibis.de\/kranich\/files\/2023\/07\/IMG_2740-300x225.jpg 300w, https:\/\/wordpress.nibis.de\/kranich\/files\/2023\/07\/IMG_2740-768x576.jpg 768w, https:\/\/wordpress.nibis.de\/kranich\/files\/2023\/07\/IMG_2740-360x270.jpg 360w\" sizes=\"auto, (max-width: 800px) 100vw, 800px\" \/><\/figure>\n<\/div>\n<\/div>\n\n\n\n<div class=\"wp-block-columns is-layout-flex wp-container-core-columns-is-layout-abceabcf wp-block-columns-is-layout-flex\">\n<div class=\"wp-block-column is-layout-flow wp-block-column-is-layout-flow\">\n<figure class=\"wp-block-image size-full\"><img loading=\"lazy\" decoding=\"async\" width=\"600\" height=\"800\" src=\"https:\/\/wordpress.nibis.de\/kranich\/files\/2023\/07\/IMG_2755.jpg\" alt=\"\" class=\"wp-image-1156\" srcset=\"https:\/\/wordpress.nibis.de\/kranich\/files\/2023\/07\/IMG_2755.jpg 600w, https:\/\/wordpress.nibis.de\/kranich\/files\/2023\/07\/IMG_2755-225x300.jpg 225w, https:\/\/wordpress.nibis.de\/kranich\/files\/2023\/07\/IMG_2755-203x270.jpg 203w\" sizes=\"auto, (max-width: 600px) 100vw, 600px\" \/><\/figure>\n<\/div>\n\n\n\n<div class=\"wp-block-column is-layout-flow wp-block-column-is-layout-flow\">\n<figure class=\"wp-block-image size-full\"><img loading=\"lazy\" decoding=\"async\" width=\"800\" height=\"600\" src=\"https:\/\/wordpress.nibis.de\/kranich\/files\/2023\/07\/IMG_2833.jpg\" alt=\"\" class=\"wp-image-1159\" srcset=\"https:\/\/wordpress.nibis.de\/kranich\/files\/2023\/07\/IMG_2833.jpg 800w, https:\/\/wordpress.nibis.de\/kranich\/files\/2023\/07\/IMG_2833-300x225.jpg 300w, https:\/\/wordpress.nibis.de\/kranich\/files\/2023\/07\/IMG_2833-768x576.jpg 768w, https:\/\/wordpress.nibis.de\/kranich\/files\/2023\/07\/IMG_2833-360x270.jpg 360w\" sizes=\"auto, (max-width: 800px) 100vw, 800px\" \/><\/figure>\n<\/div>\n\n\n\n<div class=\"wp-block-column is-layout-flow wp-block-column-is-layout-flow\">\n<figure class=\"wp-block-image size-full\"><img loading=\"lazy\" decoding=\"async\" width=\"600\" height=\"800\" src=\"https:\/\/wordpress.nibis.de\/kranich\/files\/2023\/07\/IMG_2825.jpg\" alt=\"\" class=\"wp-image-1157\" srcset=\"https:\/\/wordpress.nibis.de\/kranich\/files\/2023\/07\/IMG_2825.jpg 600w, https:\/\/wordpress.nibis.de\/kranich\/files\/2023\/07\/IMG_2825-225x300.jpg 225w, https:\/\/wordpress.nibis.de\/kranich\/files\/2023\/07\/IMG_2825-203x270.jpg 203w\" sizes=\"auto, (max-width: 600px) 100vw, 600px\" \/><\/figure>\n<\/div>\n<\/div>\n\n\n\n<div class=\"wp-block-columns is-layout-flex wp-container-core-columns-is-layout-abceabcf wp-block-columns-is-layout-flex\">\n<div class=\"wp-block-column is-layout-flow wp-block-column-is-layout-flow\">\n<figure class=\"wp-block-image size-full is-resized is-style-rounded\"><img loading=\"lazy\" decoding=\"async\" src=\"https:\/\/wordpress.nibis.de\/kranich\/files\/2023\/07\/IMG_2838.jpg\" alt=\"\" class=\"wp-image-1158\" width=\"813\" height=\"1084\" srcset=\"https:\/\/wordpress.nibis.de\/kranich\/files\/2023\/07\/IMG_2838.jpg 600w, https:\/\/wordpress.nibis.de\/kranich\/files\/2023\/07\/IMG_2838-225x300.jpg 225w, https:\/\/wordpress.nibis.de\/kranich\/files\/2023\/07\/IMG_2838-203x270.jpg 203w\" sizes=\"auto, (max-width: 813px) 100vw, 813px\" \/><\/figure>\n<\/div>\n<\/div>\n\n\n\n<div data-wp-interactive=\"core\/file\" class=\"wp-block-file\"><object data-wp-bind--hidden=\"!state.hasPdfPreview\" hidden class=\"wp-block-file__embed\" data=\"https:\/\/wordpress.nibis.de\/kranich\/files\/2023\/07\/Urkunde-1-1.pdf\" type=\"application\/pdf\" style=\"width:100%;height:600px\" aria-label=\"Einbettung von Einbettung von Urkunde-1..\"><\/object><a id=\"wp-block-file--media-8fdd41ab-dc90-4ce8-ac10-4d687f37fd08\" href=\"https:\/\/wordpress.nibis.de\/kranich\/files\/2023\/07\/Urkunde-1-1.pdf\">Urkunde-1<\/a><\/div>\n\n\n\n<figure class=\"wp-block-audio\"><audio controls src=\"https:\/\/wordpress.nibis.de\/kranich\/files\/2023\/07\/Sehnsucht-Frieden.mp3\"><\/audio><figcaption>Lied: Ich mache einen Schritt &#8230;<\/figcaption><\/figure>\n\n\n\n<p><\/p>\n","protected":false},"excerpt":{"rendered":"<p>Im Schuljahr 2022\/23 nahm die Klasse 1c am 70. Europ\u00e4ischen Wettbewerb teil. Das Motto lautete &#8222;Europ\u00e4isch gleich bunt&#8220;. Die Klasse w\u00e4hlte das Thema &#8222;Sehnsucht Frieden&#8220;. Ausgehend von der Aussage Mahatma Gandhis: &#8222;Wenn wir den wahren Frieden in der Welt erlangen wollen, m\u00fcssen wir bei den Kindern anfangen.&#8220;, entstanden Friedensideen f\u00fcr die eigene Klasse. Diese wurden in einem Lied und einem bunten Teppich f\u00fcr die Klasse festgehalten und von den Sch\u00fclerinnen und Sch\u00fclern mit Hilfe ihrer bunten &#8222;Abstimmungsf\u00fc\u00dfe&#8220; gewertet. Zum Wettbewerb&#8230;<\/p>\n<p class=\"read-more\"><a class=\"btn btn-default\" href=\"https:\/\/wordpress.nibis.de\/kranich\/europaeisch-gleich-bunt\/\">Weiterlesen<span class=\"screen-reader-text\"> Weiterlesen<\/span><\/a><\/p>\n","protected":false},"author":9193781,"featured_media":0,"parent":0,"menu_order":0,"comment_status":"closed","ping_status":"closed","template":"","meta":{"footnotes":""},"class_list":["post-1144","page","type-page","status-publish","hentry"],"_links":{"self":[{"href":"https:\/\/wordpress.nibis.de\/kranich\/wp-json\/wp\/v2\/pages\/1144","targetHints":{"allow":["GET"]}}],"collection":[{"href":"https:\/\/wordpress.nibis.de\/kranich\/wp-json\/wp\/v2\/pages"}],"about":[{"href":"https:\/\/wordpress.nibis.de\/kranich\/wp-json\/wp\/v2\/types\/page"}],"author":[{"embeddable":true,"href":"https:\/\/wordpress.nibis.de\/kranich\/wp-json\/wp\/v2\/users\/9193781"}],"replies":[{"embeddable":true,"href":"https:\/\/wordpress.nibis.de\/kranich\/wp-json\/wp\/v2\/comments?post=1144"}],"version-history":[{"count":7,"href":"https:\/\/wordpress.nibis.de\/kranich\/wp-json\/wp\/v2\/pages\/1144\/revisions"}],"predecessor-version":[{"id":1192,"href":"https:\/\/wordpress.nibis.de\/kranich\/wp-json\/wp\/v2\/pages\/1144\/revisions\/1192"}],"wp:attachment":[{"href":"https:\/\/wordpress.nibis.de\/kranich\/wp-json\/wp\/v2\/media?parent=1144"}],"curies":[{"name":"wp","href":"https:\/\/api.w.org\/{rel}","templated":true}]}}

Europäisch gleich bunt

<p>Im Schuljahr 2022/23 nahm die Klasse 1c am 70. Europäischen Wettbewerb teil.</p>



<p>Das Motto lautete &#8222;Europäisch gleich bunt&#8220;.</p>



<p>Die Klasse wählte das Thema &#8222;Sehnsucht Frieden&#8220;. Ausgehend von der Aussage Mahatma Gandhis: &#8222;Wenn wir den wahren Frieden in der Welt erlangen wollen, müssen wir bei den Kindern anfangen.&#8220;, entstanden Friedensideen für die eigene Klasse. Diese wurden in einem Lied und einem bunten Teppich für die Klasse festgehalten und von den Schülerinnen und Schülern mit Hilfe ihrer bunten &#8222;Abstimmungsfüße&#8220; gewertet.</p>



<p>Zum Wettbewerb gehörte auch die intensive Beschäftigung mit Europa. Anhand von Landkarten und Flaggen erfuhren die Kinder, dass sie alle in Deutschland leben, teilweise sie oder ihre Familien aber aus anderen europäischen Ländern stammen. Mit Hilfe eines Weltkarten-Bodenpuzzles konnten dann auch Kinder aus außereuropäischen Ländern ihren Herkunftsort zuordnen.</p>



<p>Die Klasse war mit Feuereifer bei der Sache und ihre Mühe wurde belohnt. Die Jury zeichnete den Wettbewerbsbeitrag mit einem Landes- und einem Bundespreis aus. Stolz konnten die Kinder ihre Urkunden entgegennehmen und sich über einen Büchergutschein-Preis und einen Geldpreis freuen.</p>



<div class="wp-block-columns is-layout-flex wp-container-core-columns-is-layout-abceabcf wp-block-columns-is-layout-flex">
<div class="wp-block-column is-layout-flow wp-block-column-is-layout-flow" style="--col-width:100%;flex-basis:100%">
<div class="wp-block-columns is-layout-flex wp-container-core-columns-is-layout-abceabcf wp-block-columns-is-layout-flex">
<div class="wp-block-column is-layout-flow wp-block-column-is-layout-flow" style="--col-width:25%;flex-basis:25%">
<figure class="wp-block-image size-full"><img loading="lazy" decoding="async" width="600" height="800" src="https://wordpress.nibis.de/kranich/files/2023/07/IMG_2737.jpg" alt="" class="wp-image-1153" srcset="https://wordpress.nibis.de/kranich/files/2023/07/IMG_2737.jpg 600w, https://wordpress.nibis.de/kranich/files/2023/07/IMG_2737-225x300.jpg 225w, https://wordpress.nibis.de/kranich/files/2023/07/IMG_2737-203x270.jpg 203w" sizes="auto, (max-width: 600px) 100vw, 600px" /></figure>
</div>



<div class="wp-block-column is-layout-flow wp-block-column-is-layout-flow" style="--col-width:50%;flex-basis:50%">
<figure class="wp-block-image size-full"><img loading="lazy" decoding="async" width="800" height="600" src="https://wordpress.nibis.de/kranich/files/2023/07/IMG_2816.jpg" alt="" class="wp-image-1155" srcset="https://wordpress.nibis.de/kranich/files/2023/07/IMG_2816.jpg 800w, https://wordpress.nibis.de/kranich/files/2023/07/IMG_2816-300x225.jpg 300w, https://wordpress.nibis.de/kranich/files/2023/07/IMG_2816-768x576.jpg 768w, https://wordpress.nibis.de/kranich/files/2023/07/IMG_2816-360x270.jpg 360w" sizes="auto, (max-width: 800px) 100vw, 800px" /></figure>
</div>



<div class="wp-block-column is-layout-flow wp-block-column-is-layout-flow" style="--col-width:25%;flex-basis:25%">
<figure class="wp-block-image size-full"><img loading="lazy" decoding="async" width="800" height="600" src="https://wordpress.nibis.de/kranich/files/2023/07/IMG_1789.jpg" alt="" class="wp-image-1152" srcset="https://wordpress.nibis.de/kranich/files/2023/07/IMG_1789.jpg 800w, https://wordpress.nibis.de/kranich/files/2023/07/IMG_1789-300x225.jpg 300w, https://wordpress.nibis.de/kranich/files/2023/07/IMG_1789-768x576.jpg 768w, https://wordpress.nibis.de/kranich/files/2023/07/IMG_1789-360x270.jpg 360w" sizes="auto, (max-width: 800px) 100vw, 800px" /></figure>
</div>
</div>
</div>
</div>



<div class="wp-block-columns is-layout-flex wp-container-core-columns-is-layout-abceabcf wp-block-columns-is-layout-flex">
<div class="wp-block-column is-layout-flow wp-block-column-is-layout-flow" style="--col-width:25%;flex-basis:25%">
<figure class="wp-block-image size-large"><img decoding="async" src="https://wordpress.nibis.de/kranich/files/2023/07/Sehnsucht-Frieden-mp3-image-1024x1024.jpg" alt="" class="wp-image-1148" /></figure>
</div>



<div class="wp-block-column is-layout-flow wp-block-column-is-layout-flow" style="--col-width:50%;flex-basis:50%">
<figure class="wp-block-image size-full"><img loading="lazy" decoding="async" width="600" height="800" src="https://wordpress.nibis.de/kranich/files/2023/07/IMG_2739.jpg" alt="" class="wp-image-1151" srcset="https://wordpress.nibis.de/kranich/files/2023/07/IMG_2739.jpg 600w, https://wordpress.nibis.de/kranich/files/2023/07/IMG_2739-225x300.jpg 225w, https://wordpress.nibis.de/kranich/files/2023/07/IMG_2739-203x270.jpg 203w" sizes="auto, (max-width: 600px) 100vw, 600px" /></figure>
</div>



<div class="wp-block-column is-layout-flow wp-block-column-is-layout-flow" style="--col-width:25%;flex-basis:25%">
<figure class="wp-block-image size-full"><img loading="lazy" decoding="async" width="800" height="600" src="https://wordpress.nibis.de/kranich/files/2023/07/IMG_2740.jpg" alt="" class="wp-image-1154" srcset="https://wordpress.nibis.de/kranich/files/2023/07/IMG_2740.jpg 800w, https://wordpress.nibis.de/kranich/files/2023/07/IMG_2740-300x225.jpg 300w, https://wordpress.nibis.de/kranich/files/2023/07/IMG_2740-768x576.jpg 768w, https://wordpress.nibis.de/kranich/files/2023/07/IMG_2740-360x270.jpg 360w" sizes="auto, (max-width: 800px) 100vw, 800px" /></figure>
</div>
</div>



<div class="wp-block-columns is-layout-flex wp-container-core-columns-is-layout-abceabcf wp-block-columns-is-layout-flex">
<div class="wp-block-column is-layout-flow wp-block-column-is-layout-flow">
<figure class="wp-block-image size-full"><img loading="lazy" decoding="async" width="600" height="800" src="https://wordpress.nibis.de/kranich/files/2023/07/IMG_2755.jpg" alt="" class="wp-image-1156" srcset="https://wordpress.nibis.de/kranich/files/2023/07/IMG_2755.jpg 600w, https://wordpress.nibis.de/kranich/files/2023/07/IMG_2755-225x300.jpg 225w, https://wordpress.nibis.de/kranich/files/2023/07/IMG_2755-203x270.jpg 203w" sizes="auto, (max-width: 600px) 100vw, 600px" /></figure>
</div>



<div class="wp-block-column is-layout-flow wp-block-column-is-layout-flow">
<figure class="wp-block-image size-full"><img loading="lazy" decoding="async" width="800" height="600" src="https://wordpress.nibis.de/kranich/files/2023/07/IMG_2833.jpg" alt="" class="wp-image-1159" srcset="https://wordpress.nibis.de/kranich/files/2023/07/IMG_2833.jpg 800w, https://wordpress.nibis.de/kranich/files/2023/07/IMG_2833-300x225.jpg 300w, https://wordpress.nibis.de/kranich/files/2023/07/IMG_2833-768x576.jpg 768w, https://wordpress.nibis.de/kranich/files/2023/07/IMG_2833-360x270.jpg 360w" sizes="auto, (max-width: 800px) 100vw, 800px" /></figure>
</div>



<div class="wp-block-column is-layout-flow wp-block-column-is-layout-flow">
<figure class="wp-block-image size-full"><img loading="lazy" decoding="async" width="600" height="800" src="https://wordpress.nibis.de/kranich/files/2023/07/IMG_2825.jpg" alt="" class="wp-image-1157" srcset="https://wordpress.nibis.de/kranich/files/2023/07/IMG_2825.jpg 600w, https://wordpress.nibis.de/kranich/files/2023/07/IMG_2825-225x300.jpg 225w, https://wordpress.nibis.de/kranich/files/2023/07/IMG_2825-203x270.jpg 203w" sizes="auto, (max-width: 600px) 100vw, 600px" /></figure>
</div>
</div>



<div class="wp-block-columns is-layout-flex wp-container-core-columns-is-layout-abceabcf wp-block-columns-is-layout-flex">
<div class="wp-block-column is-layout-flow wp-block-column-is-layout-flow">
<figure class="wp-block-image size-full is-resized is-style-rounded"><img loading="lazy" decoding="async" src="https://wordpress.nibis.de/kranich/files/2023/07/IMG_2838.jpg" alt="" class="wp-image-1158" width="813" height="1084" srcset="https://wordpress.nibis.de/kranich/files/2023/07/IMG_2838.jpg 600w, https://wordpress.nibis.de/kranich/files/2023/07/IMG_2838-225x300.jpg 225w, https://wordpress.nibis.de/kranich/files/2023/07/IMG_2838-203x270.jpg 203w" sizes="auto, (max-width: 813px) 100vw, 813px" /></figure>
</div>
</div>



<div data-wp-interactive="core/file" class="wp-block-file"><object data-wp-bind--hidden="!state.hasPdfPreview" hidden class="wp-block-file__embed" data="https://wordpress.nibis.de/kranich/files/2023/07/Urkunde-1-1.pdf" type="application/pdf" style="width:100%;height:600px" aria-label="Einbettung von Einbettung von Urkunde-1.."></object><a id="wp-block-file--media-8fdd41ab-dc90-4ce8-ac10-4d687f37fd08" href="https://wordpress.nibis.de/kranich/files/2023/07/Urkunde-1-1.pdf">Urkunde-1</a></div>



<figure class="wp-block-audio"><audio controls src="https://wordpress.nibis.de/kranich/files/2023/07/Sehnsucht-Frieden.mp3"></audio><figcaption>Lied: Ich mache einen Schritt &#8230;</figcaption></figure>



<p></p>

<p>Im Schuljahr 2022/23 nahm die Klasse 1c am 70. Europäischen Wettbewerb teil. Das Motto lautete &#8222;Europäisch gleich bunt&#8220;. Die Klasse wählte das Thema &#8222;Sehnsucht Frieden&#8220;. Ausgehend von der Aussage Mahatma Gandhis: &#8222;Wenn wir den wahren Frieden in der Welt erlangen wollen, müssen wir bei den Kindern anfangen.&#8220;, entstanden Friedensideen für die eigene Klasse. Diese wurden in einem Lied und einem bunten Teppich für die Klasse festgehalten und von den Schülerinnen und Schülern mit Hilfe ihrer bunten &#8222;Abstimmungsfüße&#8220; gewertet. Zum Wettbewerb&#8230;</p>
<p class="read-more"><a class="btn btn-default" href="https://wordpress.nibis.de/kranich/europaeisch-gleich-bunt/">Weiterlesen<span class="screen-reader-text"> Weiterlesen</span></a></p>
