{"id":1240,"date":"2023-11-03T16:58:09","date_gmt":"2023-11-03T15:58:09","guid":{"rendered":"https:\/\/wordpress.nibis.de\/kranich\/?page_id=1240"},"modified":"2023-11-03T17:13:15","modified_gmt":"2023-11-03T16:13:15","slug":"aktuelles-2","status":"publish","type":"page","link":"https:\/\/wordpress.nibis.de\/kranich\/aktuelles-2\/","title":{"rendered":"Aktuelles"},"content":{"rendered":"\n<p>Wir freuen uns \u00fcber die F\u00f6rderzusage der Endlager Konrad Stiftungsgesellschaft mbH f\u00fcr unser Projekt &#8222;Freiluft-Klassenzimmer und Erholungsgarten&#8220;.<\/p>\n\n\n\n<p> 80% der kalkulierten Kosten von 15700 \u20ac \u00fcbernimmt die Stiftungsgesellschaft.<\/p>\n\n\n\n<p>WIR SAGEN HERZLICHEN DANK!<\/p>\n\n\n\n<p>So stellen sich die Sch\u00fcler der 4f das zuk\u00fcnftige Freiluftklassenzimmer vor: <\/p>\n\n\n\n<div class=\"wp-block-columns is-layout-flex wp-container-core-columns-is-layout-abceabcf wp-block-columns-is-layout-flex\">\n<div class=\"wp-block-column is-layout-flow wp-block-column-is-layout-flow\">\n<figure class=\"wp-block-image size-full\"><img loading=\"lazy\" decoding=\"async\" width=\"158\" height=\"212\" src=\"https:\/\/wordpress.nibis.de\/kranich\/files\/2023\/11\/Foto2.jpg\" alt=\"\" class=\"wp-image-1248\" \/><\/figure>\n<\/div>\n\n\n\n<div class=\"wp-block-column is-layout-flow wp-block-column-is-layout-flow\">\n<figure class=\"wp-block-image size-full\"><img loading=\"lazy\" decoding=\"async\" width=\"284\" height=\"213\" src=\"https:\/\/wordpress.nibis.de\/kranich\/files\/2023\/11\/Foto1.jpg\" alt=\"\" class=\"wp-image-1247\" \/><\/figure>\n<\/div>\n<\/div>\n\n\n\n<div class=\"wp-block-columns is-layout-flex wp-container-core-columns-is-layout-abceabcf wp-block-columns-is-layout-flex\">\n<div class=\"wp-block-column is-layout-flow wp-block-column-is-layout-flow\">\n<figure class=\"wp-block-image size-full\"><img loading=\"lazy\" decoding=\"async\" width=\"317\" height=\"233\" src=\"https:\/\/wordpress.nibis.de\/kranich\/files\/2023\/11\/Foto4.jpg\" alt=\"\" class=\"wp-image-1246\" srcset=\"https:\/\/wordpress.nibis.de\/kranich\/files\/2023\/11\/Foto4.jpg 317w, https:\/\/wordpress.nibis.de\/kranich\/files\/2023\/11\/Foto4-300x221.jpg 300w\" sizes=\"auto, (max-width: 317px) 100vw, 317px\" \/><\/figure>\n<\/div>\n\n\n\n<div class=\"wp-block-column is-layout-flow wp-block-column-is-layout-flow\">\n<figure class=\"wp-block-image size-full\"><img loading=\"lazy\" decoding=\"async\" width=\"303\" height=\"232\" src=\"https:\/\/wordpress.nibis.de\/kranich\/files\/2023\/11\/Foto3.jpg\" alt=\"\" class=\"wp-image-1249\" srcset=\"https:\/\/wordpress.nibis.de\/kranich\/files\/2023\/11\/Foto3.jpg 303w, https:\/\/wordpress.nibis.de\/kranich\/files\/2023\/11\/Foto3-300x230.jpg 300w\" sizes=\"auto, (max-width: 303px) 100vw, 303px\" \/><\/figure>\n<\/div>\n<\/div>\n\n\n\n<p>So sieht es momentan aus:<\/p>\n\n\n\n<div class=\"wp-block-columns is-layout-flex wp-container-core-columns-is-layout-abceabcf wp-block-columns-is-layout-flex\">\n<div class=\"wp-block-column is-layout-flow wp-block-column-is-layout-flow\">\n<figure class=\"wp-block-image size-full\"><img loading=\"lazy\" decoding=\"async\" width=\"307\" height=\"206\" src=\"https:\/\/wordpress.nibis.de\/kranich\/files\/2023\/11\/Foto5.jpg\" alt=\"\" class=\"wp-image-1250\" srcset=\"https:\/\/wordpress.nibis.de\/kranich\/files\/2023\/11\/Foto5.jpg 307w, https:\/\/wordpress.nibis.de\/kranich\/files\/2023\/11\/Foto5-300x201.jpg 300w\" sizes=\"auto, (max-width: 307px) 100vw, 307px\" \/><\/figure>\n<\/div>\n\n\n\n<div class=\"wp-block-column is-layout-flow wp-block-column-is-layout-flow\">\n<figure class=\"wp-block-image size-full\"><img loading=\"lazy\" decoding=\"async\" width=\"305\" height=\"227\" src=\"https:\/\/wordpress.nibis.de\/kranich\/files\/2023\/11\/Foto6.jpg\" alt=\"\" class=\"wp-image-1251\" srcset=\"https:\/\/wordpress.nibis.de\/kranich\/files\/2023\/11\/Foto6.jpg 305w, https:\/\/wordpress.nibis.de\/kranich\/files\/2023\/11\/Foto6-300x223.jpg 300w\" sizes=\"auto, (max-width: 305px) 100vw, 305px\" \/><\/figure>\n<\/div>\n<\/div>\n","protected":false},"excerpt":{"rendered":"<p>Wir freuen uns \u00fcber die F\u00f6rderzusage der Endlager Konrad Stiftungsgesellschaft mbH f\u00fcr unser Projekt &#8222;Freiluft-Klassenzimmer und Erholungsgarten&#8220;. 80% der kalkulierten Kosten von 15700 \u20ac \u00fcbernimmt die Stiftungsgesellschaft. WIR SAGEN HERZLICHEN DANK! So stellen sich die Sch\u00fcler der 4f das zuk\u00fcnftige Freiluftklassenzimmer vor: So sieht es momentan aus:<\/p>\n","protected":false},"author":9193781,"featured_media":0,"parent":0,"menu_order":0,"comment_status":"closed","ping_status":"closed","template":"","meta":{"footnotes":""},"class_list":["post-1240","page","type-page","status-publish","hentry"],"_links":{"self":[{"href":"https:\/\/wordpress.nibis.de\/kranich\/wp-json\/wp\/v2\/pages\/1240","targetHints":{"allow":["GET"]}}],"collection":[{"href":"https:\/\/wordpress.nibis.de\/kranich\/wp-json\/wp\/v2\/pages"}],"about":[{"href":"https:\/\/wordpress.nibis.de\/kranich\/wp-json\/wp\/v2\/types\/page"}],"author":[{"embeddable":true,"href":"https:\/\/wordpress.nibis.de\/kranich\/wp-json\/wp\/v2\/users\/9193781"}],"replies":[{"embeddable":true,"href":"https:\/\/wordpress.nibis.de\/kranich\/wp-json\/wp\/v2\/comments?post=1240"}],"version-history":[{"count":3,"href":"https:\/\/wordpress.nibis.de\/kranich\/wp-json\/wp\/v2\/pages\/1240\/revisions"}],"predecessor-version":[{"id":1252,"href":"https:\/\/wordpress.nibis.de\/kranich\/wp-json\/wp\/v2\/pages\/1240\/revisions\/1252"}],"wp:attachment":[{"href":"https:\/\/wordpress.nibis.de\/kranich\/wp-json\/wp\/v2\/media?parent=1240"}],"curies":[{"name":"wp","href":"https:\/\/api.w.org\/{rel}","templated":true}]}}