{"id":1325,"date":"2025-02-27T17:08:42","date_gmt":"2025-02-27T16:08:42","guid":{"rendered":"https:\/\/wordpress.nibis.de\/kranich\/?page_id=1325"},"modified":"2025-09-14T18:24:59","modified_gmt":"2025-09-14T16:24:59","slug":"juniorwahl","status":"publish","type":"page","link":"https:\/\/wordpress.nibis.de\/kranich\/juniorwahl\/","title":{"rendered":"Juniorwahl 2025"},"content":{"rendered":"\n<p>Am Dienstag, dem 25.02.2025 wurde auch bei uns gew\u00e4hlt!<\/p>\n\n\n\n<p>Die 4. Klassen der Kranichdammschule durften ihre Stimme f\u00fcr eine der sieben selbst ausgedachten Parteien abgeben.<\/p>\n\n\n\n<p>In der 2. Stunde wurden die Parteien von der Klasse 4b vorgestellt. <\/p>\n\n\n\n<div class=\"wp-block-columns is-layout-flex wp-container-core-columns-is-layout-abceabcf wp-block-columns-is-layout-flex\">\n<div class=\"wp-block-column is-layout-flow wp-block-column-is-layout-flow\" style=\"--col-width:33.34%;flex-basis:33.34%\">\n<figure class=\"wp-block-image size-full\"><img loading=\"lazy\" decoding=\"async\" width=\"640\" height=\"480\" src=\"https:\/\/wordpress.nibis.de\/kranich\/files\/2025\/02\/628f396a-7e3d-4f1d-89ac-891d51f7db67.jpeg\" alt=\"\" class=\"wp-image-1327\" srcset=\"https:\/\/wordpress.nibis.de\/kranich\/files\/2025\/02\/628f396a-7e3d-4f1d-89ac-891d51f7db67.jpeg 640w, https:\/\/wordpress.nibis.de\/kranich\/files\/2025\/02\/628f396a-7e3d-4f1d-89ac-891d51f7db67-300x225.jpeg 300w, https:\/\/wordpress.nibis.de\/kranich\/files\/2025\/02\/628f396a-7e3d-4f1d-89ac-891d51f7db67-360x270.jpeg 360w\" sizes=\"auto, (max-width: 640px) 100vw, 640px\" \/><\/figure>\n<\/div>\n\n\n\n<div class=\"wp-block-column is-layout-flow wp-block-column-is-layout-flow\" style=\"--col-width:33.34%;flex-basis:33.34%\">\n<figure class=\"wp-block-image size-full\"><img loading=\"lazy\" decoding=\"async\" width=\"640\" height=\"480\" src=\"https:\/\/wordpress.nibis.de\/kranich\/files\/2025\/02\/31436801-f572-4f36-85af-9a3453514977.jpeg\" alt=\"\" class=\"wp-image-1326\" srcset=\"https:\/\/wordpress.nibis.de\/kranich\/files\/2025\/02\/31436801-f572-4f36-85af-9a3453514977.jpeg 640w, https:\/\/wordpress.nibis.de\/kranich\/files\/2025\/02\/31436801-f572-4f36-85af-9a3453514977-300x225.jpeg 300w, https:\/\/wordpress.nibis.de\/kranich\/files\/2025\/02\/31436801-f572-4f36-85af-9a3453514977-360x270.jpeg 360w\" sizes=\"auto, (max-width: 640px) 100vw, 640px\" \/><\/figure>\n<\/div>\n\n\n\n<div class=\"wp-block-column is-layout-flow wp-block-column-is-layout-flow\" style=\"--col-width:33.33%;flex-basis:33.33%\">\n<figure class=\"wp-block-image size-full\"><img loading=\"lazy\" decoding=\"async\" width=\"640\" height=\"480\" src=\"https:\/\/wordpress.nibis.de\/kranich\/files\/2025\/02\/981842a5-ce44-47f1-b69a-c423e4bfa628.jpeg\" alt=\"\" class=\"wp-image-1328\" srcset=\"https:\/\/wordpress.nibis.de\/kranich\/files\/2025\/02\/981842a5-ce44-47f1-b69a-c423e4bfa628.jpeg 640w, https:\/\/wordpress.nibis.de\/kranich\/files\/2025\/02\/981842a5-ce44-47f1-b69a-c423e4bfa628-300x225.jpeg 300w, https:\/\/wordpress.nibis.de\/kranich\/files\/2025\/02\/981842a5-ce44-47f1-b69a-c423e4bfa628-360x270.jpeg 360w\" sizes=\"auto, (max-width: 640px) 100vw, 640px\" \/><\/figure>\n<\/div>\n<\/div>\n\n\n\n<p>In der 3. Stunde wurden dann die Wahlen mit allen 4. Klassen durchgef\u00fchrt.<\/p>\n\n\n\n<div class=\"wp-block-columns is-layout-flex wp-container-core-columns-is-layout-abceabcf wp-block-columns-is-layout-flex\">\n<div class=\"wp-block-column is-layout-flow wp-block-column-is-layout-flow\">\n<figure class=\"wp-block-image size-full\"><img loading=\"lazy\" decoding=\"async\" width=\"480\" height=\"640\" src=\"https:\/\/wordpress.nibis.de\/kranich\/files\/2025\/02\/67de1bb9-8c25-49da-a7a1-5244e97233f9.jpeg\" alt=\"\" class=\"wp-image-1329\" srcset=\"https:\/\/wordpress.nibis.de\/kranich\/files\/2025\/02\/67de1bb9-8c25-49da-a7a1-5244e97233f9.jpeg 480w, https:\/\/wordpress.nibis.de\/kranich\/files\/2025\/02\/67de1bb9-8c25-49da-a7a1-5244e97233f9-225x300.jpeg 225w, https:\/\/wordpress.nibis.de\/kranich\/files\/2025\/02\/67de1bb9-8c25-49da-a7a1-5244e97233f9-203x270.jpeg 203w\" sizes=\"auto, (max-width: 480px) 100vw, 480px\" \/><\/figure>\n<\/div>\n\n\n\n<div class=\"wp-block-column is-layout-flow wp-block-column-is-layout-flow\">\n<figure class=\"wp-block-image size-full\"><img loading=\"lazy\" decoding=\"async\" width=\"480\" height=\"640\" src=\"https:\/\/wordpress.nibis.de\/kranich\/files\/2025\/02\/eee10afe-1566-40a5-b8d4-775880ab693d.jpeg\" alt=\"\" class=\"wp-image-1330\" srcset=\"https:\/\/wordpress.nibis.de\/kranich\/files\/2025\/02\/eee10afe-1566-40a5-b8d4-775880ab693d.jpeg 480w, https:\/\/wordpress.nibis.de\/kranich\/files\/2025\/02\/eee10afe-1566-40a5-b8d4-775880ab693d-225x300.jpeg 225w, https:\/\/wordpress.nibis.de\/kranich\/files\/2025\/02\/eee10afe-1566-40a5-b8d4-775880ab693d-203x270.jpeg 203w\" sizes=\"auto, (max-width: 480px) 100vw, 480px\" \/><\/figure>\n<\/div>\n<\/div>\n\n\n\n<p>Anschlie\u00dfend wurden die Stimmen von den Lehrkr\u00e4ften ausgez\u00e4hlt.<\/p>\n\n\n\n<p>Gewonnen hatte die Partei SfS (Sport f\u00fcr Sch\u00fcler). Sie hatten mit ihrem Angebot, mehr Sport im Alltag zu integrieren, \u00fcberzeugt.<\/p>\n\n\n\n<div class=\"wp-block-columns is-layout-flex wp-container-core-columns-is-layout-abceabcf wp-block-columns-is-layout-flex\">\n<div class=\"wp-block-column is-layout-flow wp-block-column-is-layout-flow\">\n<figure class=\"wp-block-image size-full\"><img loading=\"lazy\" decoding=\"async\" width=\"376\" height=\"640\" src=\"https:\/\/wordpress.nibis.de\/kranich\/files\/2025\/02\/IMG_2628.jpeg\" alt=\"\" class=\"wp-image-1332\" srcset=\"https:\/\/wordpress.nibis.de\/kranich\/files\/2025\/02\/IMG_2628.jpeg 376w, https:\/\/wordpress.nibis.de\/kranich\/files\/2025\/02\/IMG_2628-176x300.jpeg 176w, https:\/\/wordpress.nibis.de\/kranich\/files\/2025\/02\/IMG_2628-159x270.jpeg 159w\" sizes=\"auto, (max-width: 376px) 100vw, 376px\" \/><\/figure>\n<\/div>\n\n\n\n<div class=\"wp-block-column is-layout-flow wp-block-column-is-layout-flow\">\n<figure class=\"wp-block-image size-full\"><img loading=\"lazy\" decoding=\"async\" width=\"640\" height=\"480\" src=\"https:\/\/wordpress.nibis.de\/kranich\/files\/2025\/02\/8ca004ff-1ac1-4f4c-9b7d-30d14782b058.jpeg\" alt=\"\" class=\"wp-image-1333\" srcset=\"https:\/\/wordpress.nibis.de\/kranich\/files\/2025\/02\/8ca004ff-1ac1-4f4c-9b7d-30d14782b058.jpeg 640w, https:\/\/wordpress.nibis.de\/kranich\/files\/2025\/02\/8ca004ff-1ac1-4f4c-9b7d-30d14782b058-300x225.jpeg 300w, https:\/\/wordpress.nibis.de\/kranich\/files\/2025\/02\/8ca004ff-1ac1-4f4c-9b7d-30d14782b058-360x270.jpeg 360w\" sizes=\"auto, (max-width: 640px) 100vw, 640px\" \/><\/figure>\n<\/div>\n<\/div>\n","protected":false},"excerpt":{"rendered":"<p>Am Dienstag, dem 25.02.2025 wurde auch bei uns gew\u00e4hlt! Die 4. Klassen der Kranichdammschule durften ihre Stimme f\u00fcr eine der sieben selbst ausgedachten Parteien abgeben. In der 2. Stunde wurden die Parteien von der Klasse 4b vorgestellt. In der 3. Stunde wurden dann die Wahlen mit allen 4. Klassen durchgef\u00fchrt. Anschlie\u00dfend wurden die Stimmen von den Lehrkr\u00e4ften ausgez\u00e4hlt. Gewonnen hatte die Partei SfS (Sport f\u00fcr Sch\u00fcler). Sie hatten mit ihrem Angebot, mehr Sport im Alltag zu integrieren, \u00fcberzeugt.<\/p>\n","protected":false},"author":9193781,"featured_media":0,"parent":0,"menu_order":0,"comment_status":"closed","ping_status":"closed","template":"","meta":{"footnotes":""},"class_list":["post-1325","page","type-page","status-publish","hentry"],"_links":{"self":[{"href":"https:\/\/wordpress.nibis.de\/kranich\/wp-json\/wp\/v2\/pages\/1325","targetHints":{"allow":["GET"]}}],"collection":[{"href":"https:\/\/wordpress.nibis.de\/kranich\/wp-json\/wp\/v2\/pages"}],"about":[{"href":"https:\/\/wordpress.nibis.de\/kranich\/wp-json\/wp\/v2\/types\/page"}],"author":[{"embeddable":true,"href":"https:\/\/wordpress.nibis.de\/kranich\/wp-json\/wp\/v2\/users\/9193781"}],"replies":[{"embeddable":true,"href":"https:\/\/wordpress.nibis.de\/kranich\/wp-json\/wp\/v2\/comments?post=1325"}],"version-history":[{"count":2,"href":"https:\/\/wordpress.nibis.de\/kranich\/wp-json\/wp\/v2\/pages\/1325\/revisions"}],"predecessor-version":[{"id":1452,"href":"https:\/\/wordpress.nibis.de\/kranich\/wp-json\/wp\/v2\/pages\/1325\/revisions\/1452"}],"wp:attachment":[{"href":"https:\/\/wordpress.nibis.de\/kranich\/wp-json\/wp\/v2\/media?parent=1325"}],"curies":[{"name":"wp","href":"https:\/\/api.w.org\/{rel}","templated":true}]}}