{"id":1427,"date":"2025-09-14T17:10:11","date_gmt":"2025-09-14T15:10:11","guid":{"rendered":"https:\/\/wordpress.nibis.de\/kranich\/?page_id=1427"},"modified":"2025-09-14T17:10:42","modified_gmt":"2025-09-14T15:10:42","slug":"lesewettbewerb-unserer-3-und-4-klassen-mit-spannenden-geschichten-zum-erfolg","status":"publish","type":"page","link":"https:\/\/wordpress.nibis.de\/kranich\/lesewettbewerb-unserer-3-und-4-klassen-mit-spannenden-geschichten-zum-erfolg\/","title":{"rendered":"Lesewettbewerb unserer 3. und 4. Klassen &#8211; Mit spannenden Geschichten zum Erfolg"},"content":{"rendered":"\n<p>Auch in diesem Schuljahr fand wieder der beliebte Lesewettbewerb unserer 3. und 4. Klassen statt. In mehreren spannenden Runden zeigten die Sch\u00fclerinnen und Sch\u00fcler ihr K\u00f6nnen und entf\u00fchrten das Publikum mit ausdrucksstarkem und sicherem Lesen in die Welt der B\u00fccher.<\/p>\n\n\n\n<p>Besonders gro\u00df war die Freude bei der Siegerehrung in der Aula: Die besten Leserinnen und Leser wurden mit einem Buchgutschein belohnt, den sie im Buchladen gegen ein kleines Wunschbuch eintauschen d\u00fcrfen.<\/p>\n\n\n\n<p>Ein besonderer Gl\u00fcckwunsch geht an die Gewinnerin der 4. Klassen: Sie wird unsere Schule beim Stadtentscheid in der Stadtb\u00fccherei vertreten. Wir dr\u00fccken fest die Daumen und w\u00fcnschen viel Erfolg!<\/p>\n\n\n\n<p>Herzlichen Gl\u00fcckwunsch an alle Teilnehmerinnen und Teilnehmer f\u00fcr ihre tollen Leistungen und ihren Mut, vor Publikum zu lesen!<\/p>\n\n\n\n<figure class=\"wp-block-gallery has-nested-images columns-default is-cropped is-style-tw-img-rounded wp-block-gallery-1 is-layout-flex wp-block-gallery-is-layout-flex\">\n<figure class=\"wp-block-image size-full\"><img loading=\"lazy\" decoding=\"async\" width=\"598\" height=\"800\" data-id=\"1429\" src=\"https:\/\/wordpress.nibis.de\/kranich\/files\/2025\/09\/Vorlesewettbewerb1.jpg\" alt=\"\" class=\"wp-image-1429\" srcset=\"https:\/\/wordpress.nibis.de\/kranich\/files\/2025\/09\/Vorlesewettbewerb1.jpg 598w, https:\/\/wordpress.nibis.de\/kranich\/files\/2025\/09\/Vorlesewettbewerb1-224x300.jpg 224w, https:\/\/wordpress.nibis.de\/kranich\/files\/2025\/09\/Vorlesewettbewerb1-202x270.jpg 202w\" sizes=\"auto, (max-width: 598px) 100vw, 598px\" \/><\/figure>\n\n\n\n<figure class=\"wp-block-image size-full\"><img loading=\"lazy\" decoding=\"async\" width=\"600\" height=\"800\" data-id=\"1435\" src=\"https:\/\/wordpress.nibis.de\/kranich\/files\/2025\/09\/Vorlesewettbewerb4-1.jpeg\" alt=\"\" class=\"wp-image-1435\" srcset=\"https:\/\/wordpress.nibis.de\/kranich\/files\/2025\/09\/Vorlesewettbewerb4-1.jpeg 600w, https:\/\/wordpress.nibis.de\/kranich\/files\/2025\/09\/Vorlesewettbewerb4-1-225x300.jpeg 225w, https:\/\/wordpress.nibis.de\/kranich\/files\/2025\/09\/Vorlesewettbewerb4-1-203x270.jpeg 203w\" sizes=\"auto, (max-width: 600px) 100vw, 600px\" \/><\/figure>\n\n\n\n<figure class=\"wp-block-image size-large\"><img loading=\"lazy\" decoding=\"async\" width=\"600\" height=\"800\" data-id=\"1433\" src=\"https:\/\/wordpress.nibis.de\/kranich\/files\/2025\/09\/Vorlesewettbewerb3.jpeg\" alt=\"\" class=\"wp-image-1433\" srcset=\"https:\/\/wordpress.nibis.de\/kranich\/files\/2025\/09\/Vorlesewettbewerb3.jpeg 600w, https:\/\/wordpress.nibis.de\/kranich\/files\/2025\/09\/Vorlesewettbewerb3-225x300.jpeg 225w, https:\/\/wordpress.nibis.de\/kranich\/files\/2025\/09\/Vorlesewettbewerb3-203x270.jpeg 203w\" sizes=\"auto, (max-width: 600px) 100vw, 600px\" \/><\/figure>\n\n\n\n<figure class=\"wp-block-image size-full\"><img loading=\"lazy\" decoding=\"async\" width=\"800\" height=\"600\" data-id=\"1430\" src=\"https:\/\/wordpress.nibis.de\/kranich\/files\/2025\/09\/Vorlesewettbewerb2-1.jpeg\" alt=\"\" class=\"wp-image-1430\" srcset=\"https:\/\/wordpress.nibis.de\/kranich\/files\/2025\/09\/Vorlesewettbewerb2-1.jpeg 800w, https:\/\/wordpress.nibis.de\/kranich\/files\/2025\/09\/Vorlesewettbewerb2-1-300x225.jpeg 300w, https:\/\/wordpress.nibis.de\/kranich\/files\/2025\/09\/Vorlesewettbewerb2-1-768x576.jpeg 768w, https:\/\/wordpress.nibis.de\/kranich\/files\/2025\/09\/Vorlesewettbewerb2-1-360x270.jpeg 360w\" sizes=\"auto, (max-width: 800px) 100vw, 800px\" \/><\/figure>\n<\/figure>\n\n\n\n<p><\/p>\n","protected":false},"excerpt":{"rendered":"<p>Auch in diesem Schuljahr fand wieder der beliebte Lesewettbewerb unserer 3. und 4. Klassen statt. In mehreren spannenden Runden zeigten die Sch\u00fclerinnen und Sch\u00fcler ihr K\u00f6nnen und entf\u00fchrten das Publikum mit ausdrucksstarkem und sicherem Lesen in die Welt der B\u00fccher. Besonders gro\u00df war die Freude bei der Siegerehrung in der Aula: Die besten Leserinnen und Leser wurden mit einem Buchgutschein belohnt, den sie im Buchladen gegen ein kleines Wunschbuch eintauschen d\u00fcrfen. Ein besonderer Gl\u00fcckwunsch geht an die Gewinnerin der 4&#8230;.<\/p>\n<p class=\"read-more\"><a class=\"btn btn-default\" href=\"https:\/\/wordpress.nibis.de\/kranich\/lesewettbewerb-unserer-3-und-4-klassen-mit-spannenden-geschichten-zum-erfolg\/\">Weiterlesen<span class=\"screen-reader-text\"> Weiterlesen<\/span><\/a><\/p>\n","protected":false},"author":9193781,"featured_media":0,"parent":0,"menu_order":0,"comment_status":"closed","ping_status":"closed","template":"","meta":{"footnotes":""},"class_list":["post-1427","page","type-page","status-publish","hentry"],"_links":{"self":[{"href":"https:\/\/wordpress.nibis.de\/kranich\/wp-json\/wp\/v2\/pages\/1427","targetHints":{"allow":["GET"]}}],"collection":[{"href":"https:\/\/wordpress.nibis.de\/kranich\/wp-json\/wp\/v2\/pages"}],"about":[{"href":"https:\/\/wordpress.nibis.de\/kranich\/wp-json\/wp\/v2\/types\/page"}],"author":[{"embeddable":true,"href":"https:\/\/wordpress.nibis.de\/kranich\/wp-json\/wp\/v2\/users\/9193781"}],"replies":[{"embeddable":true,"href":"https:\/\/wordpress.nibis.de\/kranich\/wp-json\/wp\/v2\/comments?post=1427"}],"version-history":[{"count":3,"href":"https:\/\/wordpress.nibis.de\/kranich\/wp-json\/wp\/v2\/pages\/1427\/revisions"}],"predecessor-version":[{"id":1437,"href":"https:\/\/wordpress.nibis.de\/kranich\/wp-json\/wp\/v2\/pages\/1427\/revisions\/1437"}],"wp:attachment":[{"href":"https:\/\/wordpress.nibis.de\/kranich\/wp-json\/wp\/v2\/media?parent=1427"}],"curies":[{"name":"wp","href":"https:\/\/api.w.org\/{rel}","templated":true}]}}