{"id":1549,"date":"2025-12-30T14:18:11","date_gmt":"2025-12-30T13:18:11","guid":{"rendered":"https:\/\/wordpress.nibis.de\/kranich\/?page_id=1549"},"modified":"2025-12-30T14:18:11","modified_gmt":"2025-12-30T13:18:11","slug":"theaterzeit-fuer-unsere-grundschule","status":"publish","type":"page","link":"https:\/\/wordpress.nibis.de\/kranich\/theaterzeit-fuer-unsere-grundschule\/","title":{"rendered":"Theaterzeit f\u00fcr unsere Grundschule"},"content":{"rendered":"\n<p>In den letzten Wochen vor Weihnachten hie\u00df es f\u00fcr unsere Sch\u00fclerinnen und Sch\u00fcler:&nbsp;Vorhang auf!<br>Die Jahrg\u00e4nge&nbsp;2 bis 4&nbsp;durften sich \u00fcber spannende Theaterfahrten nach&nbsp;Wolfenb\u00fcttel&nbsp;oder&nbsp;Hildesheim&nbsp;freuen.<\/p>\n\n\n\n<p>Gemeinsam machten sich die Klassen mit Bussen auf den Weg nach Hildesheim und Wolfenb\u00fcttel, um in echten Theatern fantasievolle Geschichten, lustige Szenen und beeindruckende B\u00fchnenbilder zu erleben. F\u00fcr viele Kinder war es etwas ganz Besonderes, einmal Theaterluft zu schnuppern und Schauspielerinnen und Schauspieler live auf der B\u00fchne zu sehen. Die Vorstellungen \u201eRobin Hood\u201c, \u201eDas Sams\u201c und \u201eDer Kleine Prinz\u201c sorgten f\u00fcr viel Staunen, Lachen und Gespr\u00e4chsstoff auf der R\u00fcckfahrt.<\/p>\n\n\n\n<p>Auch unsere&nbsp;Erstkl\u00e4sslerinnen und Erstkl\u00e4ssler&nbsp;kamen in den Genuss von Theater \u2013 ganz ohne Busfahrt. F\u00fcr sie kam ein&nbsp;Theaterspiel direkt zu uns in die Schule. In der vertrauten Umgebung konnten die Kinder die Geschichte hautnah miterleben und waren begeistert dabei.<\/p>\n\n\n\n<p>Die Theatererlebnisse waren f\u00fcr alle Jahrg\u00e4nge eine tolle Abwechslung vom Schulalltag und haben gezeigt, wie lebendig und spannend Geschichten sein k\u00f6nnen. Wir freuen uns schon jetzt auf die n\u00e4chsten kulturellen Highlights!<\/p>\n","protected":false},"excerpt":{"rendered":"<p>In den letzten Wochen vor Weihnachten hie\u00df es f\u00fcr unsere Sch\u00fclerinnen und Sch\u00fcler:&nbsp;Vorhang auf!Die Jahrg\u00e4nge&nbsp;2 bis 4&nbsp;durften sich \u00fcber spannende Theaterfahrten nach&nbsp;Wolfenb\u00fcttel&nbsp;oder&nbsp;Hildesheim&nbsp;freuen. Gemeinsam machten sich die Klassen mit Bussen auf den Weg nach Hildesheim und Wolfenb\u00fcttel, um in echten Theatern fantasievolle Geschichten, lustige Szenen und beeindruckende B\u00fchnenbilder zu erleben. F\u00fcr viele Kinder war es etwas ganz Besonderes, einmal Theaterluft zu schnuppern und Schauspielerinnen und Schauspieler live auf der B\u00fchne zu sehen. Die Vorstellungen \u201eRobin Hood\u201c, \u201eDas Sams\u201c und \u201eDer Kleine&#8230;<\/p>\n<p class=\"read-more\"><a class=\"btn btn-default\" href=\"https:\/\/wordpress.nibis.de\/kranich\/theaterzeit-fuer-unsere-grundschule\/\">Weiterlesen<span class=\"screen-reader-text\"> Weiterlesen<\/span><\/a><\/p>\n","protected":false},"author":9193781,"featured_media":0,"parent":0,"menu_order":0,"comment_status":"closed","ping_status":"closed","template":"","meta":{"footnotes":""},"class_list":["post-1549","page","type-page","status-publish","hentry"],"_links":{"self":[{"href":"https:\/\/wordpress.nibis.de\/kranich\/wp-json\/wp\/v2\/pages\/1549","targetHints":{"allow":["GET"]}}],"collection":[{"href":"https:\/\/wordpress.nibis.de\/kranich\/wp-json\/wp\/v2\/pages"}],"about":[{"href":"https:\/\/wordpress.nibis.de\/kranich\/wp-json\/wp\/v2\/types\/page"}],"author":[{"embeddable":true,"href":"https:\/\/wordpress.nibis.de\/kranich\/wp-json\/wp\/v2\/users\/9193781"}],"replies":[{"embeddable":true,"href":"https:\/\/wordpress.nibis.de\/kranich\/wp-json\/wp\/v2\/comments?post=1549"}],"version-history":[{"count":1,"href":"https:\/\/wordpress.nibis.de\/kranich\/wp-json\/wp\/v2\/pages\/1549\/revisions"}],"predecessor-version":[{"id":1550,"href":"https:\/\/wordpress.nibis.de\/kranich\/wp-json\/wp\/v2\/pages\/1549\/revisions\/1550"}],"wp:attachment":[{"href":"https:\/\/wordpress.nibis.de\/kranich\/wp-json\/wp\/v2\/media?parent=1549"}],"curies":[{"name":"wp","href":"https:\/\/api.w.org\/{rel}","templated":true}]}}