{"id":37,"date":"2021-04-23T12:34:03","date_gmt":"2021-04-23T10:34:03","guid":{"rendered":"https:\/\/wordpress.nibis.de\/kranich\/?page_id=37"},"modified":"2024-06-12T17:38:48","modified_gmt":"2024-06-12T15:38:48","slug":"impressum","status":"publish","type":"page","link":"https:\/\/wordpress.nibis.de\/kranich\/impressum\/","title":{"rendered":"Impressum"},"content":{"rendered":"\n<p><b>Land Niedersachsen<\/b> (Diensteanbieter im Sinne des Telemediengesetzes)<\/p>\n<p>Das Land Niedersachsen ist eine juristische Person des \u00f6ffentlichen Rechts vertreten durch<\/p>\n<p>\u00a0<\/p>\n<p><b>Schulleitung<\/b><\/p>\n<p>Judith Rath, Schulleiterin<\/p>\n<p>Silvia Kahlstatt, Konrektoren<\/p>\n<p>\u00a0<\/p>\n<p><b>Kranichdammschule<\/b><\/p>\n<p><b>Grundschule und F\u00f6rderschule Schwerpunkt Sprache<\/b><\/p>\n<p>Mammutring 2-8<\/p>\n<p>38226 Salzgitter<\/p>\n<p>Telefon: 05341-65866<\/p>\n<p>Telefax: 05341-861394<\/p>\n<p>Email: schull&#101;&#105;&#116;&#117;&#110;&#103;&#64;&#x6b;&#x72;&#x61;&#x6e;&#x69;&#x63;&#x68;&#x64;&#x61;&#x6d;&#x6d;&#x73;chule&#46;&#100;&#101;<\/p>\n<p>Schulischer Datenschutzbeauftragter:\u00a0<a href=\"&#x6d;&#x61;&#x69;&#x6c;&#116;&#111;&#58;da&#x74;&#x65;&#x6e;&#x73;&#x63;&#104;&#117;&#116;z&#64;&#x6b;&#x64;&#x2d;&#x73;&#x63;&#104;&#117;&#108;e&#46;&#x64;&#x65;\">&#x64;a&#x74;&#101;&#x6e;&#x73;c&#x68;&#117;&#x74;&#x7a;&#64;&#x6b;&#100;&#x2d;&#x73;c&#x68;&#117;&#x6c;&#x65;&#46;&#x64;&#101;<\/a><\/p>\n<p>\u00a0<\/p>\n<p><b>Schultr\u00e4ger<\/b><\/p>\n<p>Stadt Salzgitter<\/p>\n<p>Joachim-Campe-Stra\u00dfe 6-8<\/p>\n<p>38226 Salzgitter<\/p>\n<p>Tel.: 05341-839-0<\/p>\n<p>www.salzgitter.de<\/p>\n<p>\u00a0<\/p>\n<p><b>Verantwortlicher f\u00fcr\u00a0<\/b><span style=\"font-weight: 600\">redaktionell-journalistische<\/span><b>\u00a0Angebote i.S.d. \u00a7 55 Abs. 2 Rundfunkstaatsvertrag:<\/b><\/p>\n<p>Frau Ohly, Herr Radespiel, Frau Gerfen und Frau Rath<\/p>\n<p>Kranichdammschule<\/p>\n<p>Mammutring 2-8<\/p>\n<p>38226 Salzgitter<\/p>\n<p>Tel.: 05341-65866<\/p>\n<p>\u00a0<\/p>\n<p><b>Disclaimer:<\/b><\/p>\n<p>Diese Webseite beinhaltet externe Links. Deren Inhalte entziehen sich unsere Einflussnahme, sodass eine Gew\u00e4hr f\u00fcr solche Inhalte von uns nicht \u00fcbernommen werden kann.<\/p>\n<p>Die Verantwortung liegt stets beim jeweiligen Betreiber der externen Seiten. Zum Zeitpunkt der Verkn\u00fcpfung der externen Links waren keine Rechtsverst\u00f6\u00dfe ersichtlich. Die permanente \u00dcberwachung fremder Inhalte auf Rechtsverst\u00f6\u00dfe ohne konkrete Hinweise ist uns nicht zumutbar.<\/p>\n<p>Sollten wir Kenntnis von Rechtsverletzungen erlangen, werden wir die entsprechenden externen Links unverz\u00fcglich entfernen.<\/p>\n<p>\u00a0<\/p>\n<p><b>Urheberrecht, Haftung:<\/b><\/p>\n<p>Das Layout der Homepage, die verwendeten Grafiken sowie die Sammlung der Beitr\u00e4ge sind urheberrechtlich gesch\u00fctzt. Die Seiten d\u00fcrfen nur zum privaten Gebrauch vervielf\u00e4ltigt, \u00c4nderungen nicht vorgenommen und Vervielf\u00e4ltigungsst\u00fccke weder verbreitet noch zur \u00f6ffentlichen Wiedergabe benutzt werden. Die Verwendung der von uns angefertigten Bilder in unsere Homepageseiten entsprechen dem \u00a7 23 des KunstUrheberGesetzes. Eine weitere Verwendung der Bilder nur nach schriftlicher Genehmigung.<\/p>\n<p>Die einzelnen Beitr\u00e4ge sind ebenfalls urheberrechtlich gesch\u00fctzt; weitere Hinweise k\u00f6nnen ggf. dort nachgelesen werden. Alle Informationen auf diesem Server erfolgen ohne Gew\u00e4hr f\u00fcr ihre Richtigkeit. In keinem Fall wird f\u00fcr Sch\u00e4den, die sich aus der Verwendung der abgerufenen Informationen ergeben, eine Haftung \u00fcbernommen.<\/p>\n","protected":false},"excerpt":{"rendered":"<p>Land Niedersachsen (Diensteanbieter im Sinne des Telemediengesetzes) Das Land Niedersachsen ist eine juristische Person des \u00f6ffentlichen Rechts vertreten durch \u00a0 Schulleitung Judith Rath, Schulleiterin Silvia Kahlstatt, Konrektoren \u00a0 Kranichdammschule Grundschule und F\u00f6rderschule Schwerpunkt Sprache Mammutring 2-8 38226 Salzgitter Telefon: 05341-65866 Telefax: 05341-861394 Email: &#x73;&#x63;&#x68;&#117;&#108;&#108;ei&#x74;&#x75;&#x6e;&#x67;&#64;&#107;ra&#x6e;&#x69;&#x63;&#x68;&#100;&#97;mm&#x73;&#x63;&#x68;&#x75;&#108;&#101;&#46;de Schulischer Datenschutzbeauftragter:\u00a0&#x64;&#x61;&#x74;&#x65;&#x6e;&#x73;&#x63;&#104;&#117;&#116;&#122;&#64;kd-s&#x63;&#x68;&#x75;&#x6c;&#x65;&#x2e;&#x64;&#x65; \u00a0 Schultr\u00e4ger Stadt Salzgitter Joachim-Campe-Stra\u00dfe 6-8 38226 Salzgitter Tel.: 05341-839-0 www.salzgitter.de \u00a0 Verantwortlicher f\u00fcr\u00a0redaktionell-journalistische\u00a0Angebote i.S.d. \u00a7 55 Abs. 2 Rundfunkstaatsvertrag: Frau Ohly, Herr Radespiel, Frau Gerfen und Frau Rath Kranichdammschule Mammutring 2-8 38226 Salzgitter&#8230;<\/p>\n<p class=\"read-more\"><a class=\"btn btn-default\" href=\"https:\/\/wordpress.nibis.de\/kranich\/impressum\/\">Weiterlesen<span class=\"screen-reader-text\"> Weiterlesen<\/span><\/a><\/p>\n","protected":false},"author":9193795,"featured_media":0,"parent":0,"menu_order":0,"comment_status":"closed","ping_status":"closed","template":"","meta":{"footnotes":""},"class_list":["post-37","page","type-page","status-publish","hentry"],"_links":{"self":[{"href":"https:\/\/wordpress.nibis.de\/kranich\/wp-json\/wp\/v2\/pages\/37","targetHints":{"allow":["GET"]}}],"collection":[{"href":"https:\/\/wordpress.nibis.de\/kranich\/wp-json\/wp\/v2\/pages"}],"about":[{"href":"https:\/\/wordpress.nibis.de\/kranich\/wp-json\/wp\/v2\/types\/page"}],"author":[{"embeddable":true,"href":"https:\/\/wordpress.nibis.de\/kranich\/wp-json\/wp\/v2\/users\/9193795"}],"replies":[{"embeddable":true,"href":"https:\/\/wordpress.nibis.de\/kranich\/wp-json\/wp\/v2\/comments?post=37"}],"version-history":[{"count":5,"href":"https:\/\/wordpress.nibis.de\/kranich\/wp-json\/wp\/v2\/pages\/37\/revisions"}],"predecessor-version":[{"id":1291,"href":"https:\/\/wordpress.nibis.de\/kranich\/wp-json\/wp\/v2\/pages\/37\/revisions\/1291"}],"wp:attachment":[{"href":"https:\/\/wordpress.nibis.de\/kranich\/wp-json\/wp\/v2\/media?parent=37"}],"curies":[{"name":"wp","href":"https:\/\/api.w.org\/{rel}","templated":true}]}}

<p><b>Land Niedersachsen</b> (Diensteanbieter im Sinne des Telemediengesetzes)</p>
<p>Das Land Niedersachsen ist eine juristische Person des öffentlichen Rechts vertreten durch</p>
<p> </p>
<p><b>Schulleitung</b></p>
<p>Judith Rath, Schulleiterin</p>
<p>Silvia Kahlstatt, Konrektoren</p>
<p> </p>
<p><b>Kranichdammschule</b></p>
<p><b>Grundschule und Förderschule Schwerpunkt Sprache</b></p>
<p>Mammutring 2-8</p>
<p>38226 Salzgitter</p>
<p>Telefon: 05341-65866</p>
<p>Telefax: 05341-861394</p>
<p>Email: schull&#101;&#105;&#116;&#117;&#110;&#103;&#64;&#x6b;&#x72;&#x61;&#x6e;&#x69;&#x63;&#x68;&#x64;&#x61;&#x6d;&#x6d;&#x73;chule&#46;&#100;&#101;</p>
<p>Schulischer Datenschutzbeauftragter: <a href="&#x6d;&#x61;&#x69;&#x6c;&#116;&#111;&#58;da&#x74;&#x65;&#x6e;&#x73;&#x63;&#104;&#117;&#116;z&#64;&#x6b;&#x64;&#x2d;&#x73;&#x63;&#104;&#117;&#108;e&#46;&#x64;&#x65;">&#x64;a&#x74;&#101;&#x6e;&#x73;c&#x68;&#117;&#x74;&#x7a;&#64;&#x6b;&#100;&#x2d;&#x73;c&#x68;&#117;&#x6c;&#x65;&#46;&#x64;&#101;</a></p>
<p> </p>
<p><b>Schulträger</b></p>
<p>Stadt Salzgitter</p>
<p>Joachim-Campe-Straße 6-8</p>
<p>38226 Salzgitter</p>
<p>Tel.: 05341-839-0</p>
<p>www.salzgitter.de</p>
<p> </p>
<p><b>Verantwortlicher für </b><span style="font-weight: 600">redaktionell-journalistische</span><b> Angebote i.S.d. § 55 Abs. 2 Rundfunkstaatsvertrag:</b></p>
<p>Frau Ohly, Herr Radespiel, Frau Gerfen und Frau Rath</p>
<p>Kranichdammschule</p>
<p>Mammutring 2-8</p>
<p>38226 Salzgitter</p>
<p>Tel.: 05341-65866</p>
<p> </p>
<p><b>Disclaimer:</b></p>
<p>Diese Webseite beinhaltet externe Links. Deren Inhalte entziehen sich unsere Einflussnahme, sodass eine Gewähr für solche Inhalte von uns nicht übernommen werden kann.</p>
<p>Die Verantwortung liegt stets beim jeweiligen Betreiber der externen Seiten. Zum Zeitpunkt der Verknüpfung der externen Links waren keine Rechtsverstöße ersichtlich. Die permanente Überwachung fremder Inhalte auf Rechtsverstöße ohne konkrete Hinweise ist uns nicht zumutbar.</p>
<p>Sollten wir Kenntnis von Rechtsverletzungen erlangen, werden wir die entsprechenden externen Links unverzüglich entfernen.</p>
<p> </p>
<p><b>Urheberrecht, Haftung:</b></p>
<p>Das Layout der Homepage, die verwendeten Grafiken sowie die Sammlung der Beiträge sind urheberrechtlich geschützt. Die Seiten dürfen nur zum privaten Gebrauch vervielfältigt, Änderungen nicht vorgenommen und Vervielfältigungsstücke weder verbreitet noch zur öffentlichen Wiedergabe benutzt werden. Die Verwendung der von uns angefertigten Bilder in unsere Homepageseiten entsprechen dem § 23 des KunstUrheberGesetzes. Eine weitere Verwendung der Bilder nur nach schriftlicher Genehmigung.</p>
<p>Die einzelnen Beiträge sind ebenfalls urheberrechtlich geschützt; weitere Hinweise können ggf. dort nachgelesen werden. Alle Informationen auf diesem Server erfolgen ohne Gewähr für ihre Richtigkeit. In keinem Fall wird für Schäden, die sich aus der Verwendung der abgerufenen Informationen ergeben, eine Haftung übernommen.</p>

<p>Land Niedersachsen (Diensteanbieter im Sinne des Telemediengesetzes) Das Land Niedersachsen ist eine juristische Person des öffentlichen Rechts vertreten durch   Schulleitung Judith Rath, Schulleiterin Silvia Kahlstatt, Konrektoren   Kranichdammschule Grundschule und Förderschule Schwerpunkt Sprache Mammutring 2-8 38226 Salzgitter Telefon: 05341-65866 Telefax: 05341-861394 Email: &#x73;&#x63;&#x68;&#117;&#108;&#108;ei&#x74;&#x75;&#x6e;&#x67;&#64;&#107;ra&#x6e;&#x69;&#x63;&#x68;&#100;&#97;mm&#x73;&#x63;&#x68;&#x75;&#108;&#101;&#46;de Schulischer Datenschutzbeauftragter: &#x64;&#x61;&#x74;&#x65;&#x6e;&#x73;&#x63;&#104;&#117;&#116;&#122;&#64;kd-s&#x63;&#x68;&#x75;&#x6c;&#x65;&#x2e;&#x64;&#x65;   Schulträger Stadt Salzgitter Joachim-Campe-Straße 6-8 38226 Salzgitter Tel.: 05341-839-0 www.salzgitter.de   Verantwortlicher für redaktionell-journalistische Angebote i.S.d. § 55 Abs. 2 Rundfunkstaatsvertrag: Frau Ohly, Herr Radespiel, Frau Gerfen und Frau Rath Kranichdammschule Mammutring 2-8 38226 Salzgitter&#8230;</p>
<p class="read-more"><a class="btn btn-default" href="https://wordpress.nibis.de/kranich/impressum/">Weiterlesen<span class="screen-reader-text"> Weiterlesen</span></a></p>
