{"id":93,"date":"2021-04-25T18:00:14","date_gmt":"2021-04-25T16:00:14","guid":{"rendered":"https:\/\/wordpress.nibis.de\/kranich\/?page_id=93"},"modified":"2022-01-04T10:44:33","modified_gmt":"2022-01-04T09:44:33","slug":"datenschutzerklaerung","status":"publish","type":"page","link":"https:\/\/wordpress.nibis.de\/kranich\/datenschutzerklaerung\/","title":{"rendered":"Datenschutzerkl\u00e4rung"},"content":{"rendered":"\n<p><b>I. Name und Anschrift des Verantwortlichen<\/b><\/p>\n<p>Kranichdammschule<\/p>\n<p>Grundschule und F\u00f6rderschule Schwerpunkt Sprache<\/p>\n<p>Mammutring 2-8<\/p>\n<p>38226 Salzgitter<\/p>\n<p>Telefon: 05342-65866<\/p>\n<p>E-Mail: sekretariat&#64;kranichdamms&#99;&#104;&#117;&#108;&#101;&#46;&#100;&#101;<\/p>\n<p><b>Vertretungsberechtigt<\/b><\/p>\n<p>Judith Rath, Schulleiterin<\/p>\n<p>\u00a0<\/p>\n<p><b>II. Kontaktdaten der oder des beh\u00f6rdlichen Datenschutzbeauftragten<\/b><\/p>\n<p>Tel: 05341-65866<\/p>\n<p>Fax: 05341-861394<\/p>\n<p>E-Mail: &#x64;&#x61;&#x74;&#x65;&#110;&#115;&#99;&#104;utz&#x40;&#x6b;&#x64;&#x2d;&#x73;&#99;&#104;&#117;le&#46;&#x64;&#x65;<\/p>\n<p>\u00a0<\/p>\n<p>III. Name und Anschrift unseres Host-Providers<\/p>\n<p>Nieders\u00e4chsisches Landesinstitut f\u00fcr schulische Qualit\u00e4tsentwicklung (NLQ)<\/p>\n<p>vertreten durch die Pr\u00e4sidentin Frau Dr. Elke Richlick<\/p>\n<p>Ke\u00dflerstr. 52<\/p>\n<p>31134 Hildesheim<\/p>\n<p>\u00a0<\/p>\n<p><b>IV. Bereitstellung der Website und Erstellung von Logfiles<\/b><\/p>\n<p>Bei jedem Aufruf unsere Internetseite erfasst unser System automatisiert Daten und Informationen vom Computersystem des aufrufenden Rechners.<\/p>\n<p>Folgende Daten werden dabei erhoben:<\/p>\n<p>(1) Datum und Uhrzeit des Zugriffes<\/p>\n<p>(2) Vom System protokollierte Fehler beim Aufruf unserer Seiten<\/p>\n<p>(3) Die IP-Adresse des Nutzers<\/p>\n<p>(4) Die Betreibssystemversion des Nutzers<\/p>\n<p>(5) Der Browsertyp des Nutzers<\/p>\n<p>(6) Die vom Nutzer aufgerufene Seite<\/p>\n<p>(7) Die Weiterleitung auf eine externe Seite<\/p>\n<p>Die Daten werden in den Logfiles gespeichert. Eine Speicherung dieser Daten zusammen mit anderen personenbezogenen Daten des Nutzers findet nicht statt. Zweck der Datenspeicherung ist technische Optimierung unserer Internetseite. Rechtsgrundlage f\u00fcr die vor\u00fcbergehende Speicherung der Daten ist Art. 6 Abs. 1 Lit.f DSGVO.<\/p>\n<p>Die Daten werden f\u00fcr 8 Wochen gespeichert, sie werden lediglich statistisch ausgewertet. Danach werden sie gel\u00f6scht.<\/p>\n<p><b>V. Verwendung von Cookies<\/b><\/p>\n<p>Beim Anmelden in WordPress werden Cookies eingerichtet, um die Anmeldeinformationen und Anzeigeoptionen zu speichern. Anmelde-Cookies verfallen nach zwei Tagen und Cookies f\u00fcr die Anzeigeoptionen nach einem Jahr. Falls Sie bei der Anmeldung &#8222;Angemeldet bleiben&#8220; ausgew\u00e4hlt haben, wird Ihre Anmeldung zwei Wochen lang aufrechterhalten. Mit der Abmeldung aus Ihrem Konto werden die Anmelde-Cookies gel\u00f6scht.<\/p>\n<p><b>VI. Speicherung personenbezogener Daten bei Kontaktaufnahme<\/b><\/p>\n<p>Sofern Sie per E-Mail den Kontakt mit uns aufnehmen, werden die von Ihnen \u00fcbermittelten personenbezogenen Daten automatisch gespeichert. Diese Daten werden f\u00fcr Zwecke der Bearbeitung Ihres Anliegens und der Kontaktaufnahme mit Ihnen gespeichert.<\/p>\n<p>Wenn Sie Gebrauch von unserem Kontaktformular machen, werden die folgenden personenbezogenen Daten von Ihnen gespeichert: Ihr Name, Ihre Anschrift, Ihre E-Mail-Adresse.<\/p>\n<p>Die L\u00f6schung der Daten erfolgt, sobald deren Speicherung f\u00fcr die Bearbeitung Ihres Anliegens nicht mehr erforderlich ist.<\/p>\n<p>\u00a0<\/p>\n<p><b>VII. Kontaktformulare<\/b><\/p>\n<p>Wenn Sie einen Kommentar auf unserer Website schreiben, kann das eine Einwilligung sein, Ihren Namen, Ihre E-Mailadresse und Website in Cookies zu speichern. Dies ist eine Komfortfunktion, damit Sie nicht, wenn Sie einen weiteren Kommentar schreiben, all diese Daten neu eingeben m\u00fcssen. Diese Cookies werden ein Jahr lang gespeichert.<\/p>\n<p>\u00a0<\/p>\n<p><b>VIII. Medien<\/b><\/p>\n<p>Wenn Sie ein registrierter Benutzer sind und Fotos auf diese Website laden, sollten Sie vermeiden Fotos mit einer EXIF-GPS-Standort hochzuladen. Besucher dieser Website k\u00f6nnten Fotos, die auf dieser Website gespeichert sind, herunterladen und deren Standort-Informationen extrahieren.<\/p>\n","protected":false},"excerpt":{"rendered":"<p>I. Name und Anschrift des Verantwortlichen Kranichdammschule Grundschule und F\u00f6rderschule Schwerpunkt Sprache Mammutring 2-8 38226 Salzgitter Telefon: 05342-65866 E-Mail: &#115;&#x65;&#107;&#x72;e&#116;&#x61;&#114;&#x69;a&#x74;&#64;&#107;&#x72;&#97;&#x6e;i&#x63;&#x68;&#100;&#x61;m&#x6d;s&#99;&#x68;&#117;&#x6c;e&#x2e;d&#101; Vertretungsberechtigt Judith Rath, Schulleiterin \u00a0 II. Kontaktdaten der oder des beh\u00f6rdlichen Datenschutzbeauftragten Tel: 05341-65866 Fax: 05341-861394 E-Mail: &#100;&#97;&#x74;e&#110;&#x73;&#x63;h&#117;&#x74;&#x7a;&#64;&#107;&#x64;&#x2d;s&#99;&#x68;&#x75;l&#101;&#x2e;&#x64;e \u00a0 III. Name und Anschrift unseres Host-Providers Nieders\u00e4chsisches Landesinstitut f\u00fcr schulische Qualit\u00e4tsentwicklung (NLQ) vertreten durch die Pr\u00e4sidentin Frau Dr. Elke Richlick Ke\u00dflerstr. 52 31134 Hildesheim \u00a0 IV. Bereitstellung der Website und Erstellung von Logfiles Bei jedem Aufruf unsere Internetseite erfasst unser System&#8230;<\/p>\n<p class=\"read-more\"><a class=\"btn btn-default\" href=\"https:\/\/wordpress.nibis.de\/kranich\/datenschutzerklaerung\/\">Weiterlesen<span class=\"screen-reader-text\"> Weiterlesen<\/span><\/a><\/p>\n","protected":false},"author":9193781,"featured_media":0,"parent":0,"menu_order":0,"comment_status":"closed","ping_status":"closed","template":"","meta":{"footnotes":""},"class_list":["post-93","page","type-page","status-publish","hentry"],"_links":{"self":[{"href":"https:\/\/wordpress.nibis.de\/kranich\/wp-json\/wp\/v2\/pages\/93","targetHints":{"allow":["GET"]}}],"collection":[{"href":"https:\/\/wordpress.nibis.de\/kranich\/wp-json\/wp\/v2\/pages"}],"about":[{"href":"https:\/\/wordpress.nibis.de\/kranich\/wp-json\/wp\/v2\/types\/page"}],"author":[{"embeddable":true,"href":"https:\/\/wordpress.nibis.de\/kranich\/wp-json\/wp\/v2\/users\/9193781"}],"replies":[{"embeddable":true,"href":"https:\/\/wordpress.nibis.de\/kranich\/wp-json\/wp\/v2\/comments?post=93"}],"version-history":[{"count":4,"href":"https:\/\/wordpress.nibis.de\/kranich\/wp-json\/wp\/v2\/pages\/93\/revisions"}],"predecessor-version":[{"id":194,"href":"https:\/\/wordpress.nibis.de\/kranich\/wp-json\/wp\/v2\/pages\/93\/revisions\/194"}],"wp:attachment":[{"href":"https:\/\/wordpress.nibis.de\/kranich\/wp-json\/wp\/v2\/media?parent=93"}],"curies":[{"name":"wp","href":"https:\/\/api.w.org\/{rel}","templated":true}]}}