{"id":136,"date":"2012-09-10T08:00:45","date_gmt":"2012-09-10T06:00:45","guid":{"rendered":"http:\/\/wordpress.nibis.de\/mzbs\/?page_id=136"},"modified":"2025-01-30T09:21:05","modified_gmt":"2025-01-30T08:21:05","slug":"impressum","status":"publish","type":"page","link":"https:\/\/wordpress.nibis.de\/mzbs\/impressum\/","title":{"rendered":"Impressum"},"content":{"rendered":"<table border=\"0\" cellspacing=\"0\" cellpadding=\"0\">\n<tbody>\n<tr>\n<td style=\"width: 566px\" colspan=\"4\">Diese Seite ist ein Angebot der Medienberatung Niedersachsen des Nieders\u00e4chsischen Landesinstituts f\u00fcr schulische Qualit\u00e4tsentwicklung (NLQ) f\u00fcr Schulen in der Stadt Braunschweig und deren Schultr\u00e4ger. Gem\u00e4\u00df Nds. Schulgesetz kooperiert die Medienberatung des Landes mit dem Schultr\u00e4ger in einem Medienzentrum. Das Medienzentrum selbst ist eine Einrichtung des Schultr\u00e4gers.<br \/>\nDiese Seite steht rechtlich in keinem Zusammenhang mit dem Angebot der Stadt Braunschweig. Das entsprechende Angebot der Stadt finden Sie unter <a href=\"https:\/\/www.braunschweig.de\/politik_verwaltung\/fb_institutionen\/fachbereiche_referate\/fb40\/fb40_2\/index.html\">IT und Medienzentrum auf der Site\u00a0braunschweig.de<\/a><\/td>\n<\/tr>\n<tr>\n<td style=\"width: 566px\" colspan=\"4\" valign=\"top\"><em>\u00a0<\/em><\/p>\n<p><strong>I. Name und Anschrift des Verantwortlichen<br \/>\n<\/strong>Inhaltlich Verantwortlicher im Sinne des Telemediengesetzes:<\/p>\n<p>Rolf \u00a0Maroske<br \/>\nMedienp\u00e4dagogischer Berater des Nieders\u00e4chsischen Landesinstituts f\u00fcr schulische Qualit\u00e4tsentwicklung (NLQ) in Hildesheim<\/p>\n<p>Nieders\u00e4chsisches Landesinstitut f\u00fcr schulische Qualit\u00e4tsentwicklung (NLQ)<br \/>\nRichthofenstra\u00dfe 29<br \/>\n31137 Hildesheim<br \/>\nTel: 0531 3496265<br \/>\nEmail: rolf.maroske(at)\u00a0 \u00a0 nibis.de<\/p>\n<p><strong>II. Name und Anschrift des beh\u00f6rdlichen Datenschutzbeauftragten<br \/>\n<\/strong>Landesbeauftragte f\u00fcr den Datenschutz Niedersachsen<br \/>\nPrinzenstra\u00dfe 5, 30159 Hannover<br \/>\nE-Mail: &#112;&#x6f;&#115;&#x74;&#115;&#x74;&#101;&#x6c;&#108;&#x65;&#64;&#x6c;&#102;&#x64;&#46;&#x6e;&#105;&#x65;&#100;&#x65;&#114;&#x73;&#97;&#x63;&#104;&#x73;&#101;&#x6e;&#46;&#x64;&#101;<\/p>\n<p><strong>III. Name und Anschrift unseres Host-Providers<br \/>\n<\/strong>Nieders\u00e4chsisches Landesinstitut f\u00fcr schulische Qualit\u00e4tsentwicklung (NLQ)<br \/>\nvertreten durch die Pr\u00e4sidentin Frau Dr. Elke Richlick<br \/>\nKe\u00dflerstra\u00dfe 52<br \/>\n31134 Hildesheim<\/td>\n<\/tr>\n<tr>\n<td style=\"width: 566px\" colspan=\"4\"><\/td>\n<\/tr>\n<tr>\n<td style=\"width: 252.5px\" valign=\"top\"><\/td>\n<td style=\"width: 99.6px\" valign=\"top\"><\/td>\n<td style=\"width: 213.9px\" colspan=\"2\" valign=\"top\"><\/td>\n<\/tr>\n<tr>\n<td style=\"width: 566px\" colspan=\"4\"><\/td>\n<\/tr>\n<\/tbody>\n<\/table>\n","protected":false},"excerpt":{"rendered":"<p>Diese Seite ist ein Angebot der Medienberatung Niedersachsen des Nieders\u00e4chsischen Landesinstituts f\u00fcr schulische Qualit\u00e4tsentwicklung (NLQ) f\u00fcr Schulen in der Stadt Braunschweig und deren Schultr\u00e4ger. Gem\u00e4\u00df Nds. Schulgesetz kooperiert die Medienberatung des Landes mit dem Schultr\u00e4ger in einem Medienzentrum. Das Medienzentrum selbst ist eine Einrichtung des Schultr\u00e4gers. Diese Seite steht rechtlich in keinem Zusammenhang mit dem &hellip; <a href=\"https:\/\/wordpress.nibis.de\/mzbs\/impressum\/\" class=\"more-link\"><span class=\"screen-reader-text\">Impressum<\/span> weiterlesen <span class=\"meta-nav\">&rarr;<\/span><\/a><\/p>\n","protected":false},"author":120,"featured_media":0,"parent":0,"menu_order":0,"comment_status":"closed","ping_status":"closed","template":"","meta":{"footnotes":""},"class_list":["post-136","page","type-page","status-publish","hentry"],"_links":{"self":[{"href":"https:\/\/wordpress.nibis.de\/mzbs\/wp-json\/wp\/v2\/pages\/136","targetHints":{"allow":["GET"]}}],"collection":[{"href":"https:\/\/wordpress.nibis.de\/mzbs\/wp-json\/wp\/v2\/pages"}],"about":[{"href":"https:\/\/wordpress.nibis.de\/mzbs\/wp-json\/wp\/v2\/types\/page"}],"author":[{"embeddable":true,"href":"https:\/\/wordpress.nibis.de\/mzbs\/wp-json\/wp\/v2\/users\/120"}],"replies":[{"embeddable":true,"href":"https:\/\/wordpress.nibis.de\/mzbs\/wp-json\/wp\/v2\/comments?post=136"}],"version-history":[{"count":19,"href":"https:\/\/wordpress.nibis.de\/mzbs\/wp-json\/wp\/v2\/pages\/136\/revisions"}],"predecessor-version":[{"id":3464,"href":"https:\/\/wordpress.nibis.de\/mzbs\/wp-json\/wp\/v2\/pages\/136\/revisions\/3464"}],"wp:attachment":[{"href":"https:\/\/wordpress.nibis.de\/mzbs\/wp-json\/wp\/v2\/media?parent=136"}],"curies":[{"name":"wp","href":"https:\/\/api.w.org\/{rel}","templated":true}]}}