{"id":414,"date":"2013-11-01T19:33:06","date_gmt":"2013-11-01T18:33:06","guid":{"rendered":"http:\/\/wordpress.nibis.de\/mzbs\/?page_id=414"},"modified":"2020-11-03T07:48:51","modified_gmt":"2020-11-03T06:48:51","slug":"buergerstiftung-braunschweig","status":"publish","type":"page","link":"https:\/\/wordpress.nibis.de\/mzbs\/kooperationspartner\/buergerstiftung-braunschweig\/","title":{"rendered":"B\u00fcrgerstiftung Braunschweig"},"content":{"rendered":"<p><a href=\"http:\/\/wordpress.nibis.de\/mzbs\/files\/Logo-Buergerstiftung-Rand-600.png\"><img loading=\"lazy\" decoding=\"async\" class=\"alignright size-thumbnail wp-image-380\" src=\"http:\/\/wordpress.nibis.de\/mzbs\/files\/Logo-Buergerstiftung-Rand-600-150x150.png\" alt=\"Logo-Buergerstiftung-Rand-600\" width=\"150\" height=\"150\" srcset=\"https:\/\/wordpress.nibis.de\/mzbs\/files\/Logo-Buergerstiftung-Rand-600-150x150.png 150w, https:\/\/wordpress.nibis.de\/mzbs\/files\/Logo-Buergerstiftung-Rand-600-300x300.png 300w, https:\/\/wordpress.nibis.de\/mzbs\/files\/Logo-Buergerstiftung-Rand-600.png 600w\" sizes=\"auto, (max-width: 150px) 100vw, 150px\" \/><\/a><\/p>\n<p>Die <a title=\"B\u00fcrgerstiftung Braunschweig\" href=\"http:\/\/www.buergerstiftungbraunschweig.de\/\">\u2192 B\u00fcrgerstiftung<\/a> unterst\u00fctzt bereits seit vielen Jahren Schulen in Braunschweig bei der Schulentwicklung. Mathepaten, individuelle Lesef\u00f6rderung, Realbegegnungen in der Natur f\u00fcr Grundschulkinder, Theater in der Schule, die Braunschweiger Filmklappe und die sehr umfangreiche F\u00f6rderung der Realschule Maschstra\u00dfe und der Grundschule Bebelhof bei der Ausstattung mit interaktiven Tafeln und die anschlie\u00dfende Qualifizierung der Lehrerinnen und Lehrerim Bereich Bildung und Erziehung.<\/p>\n<p>Im Oktober 2013 erhielten die Vorst\u00e4nde Karin Heidemann-Thien und Ulrich E. Deissner das Bundesverdienstkreuz f\u00fcr ihre au\u00dfergew\u00f6hnlichen Anstrengungen.<\/p>\n<p>Die Braunschweiger Schulen profitieren davon &#8211; vorausgesetzt, sie arbeiten aktiv mit.<br \/>\nDie Medienberatung arbeitet sehr vertrauensvoll und erfolgreich mit der B\u00fcrgerstiftung zusammen. Im Schuljahr 2012\/13 wurden \u00fcber zwanzig Fortbildungen von ihr gef\u00f6rdert.<br \/>\nSeit 2012 stehen Medienberatung und B\u00fcrgerstiftung eng zusammen im<a title=\"Das Projekt \u201cInteraktive Schule\u201d in Braunschweig\" href=\"http:\/\/wordpress.nibis.de\/mzbs\/das-projekt-interaktive-schule-in-braunschweig\/\"> \u2192 Projekt &#8222;Mobiles Lernen in der interaktiven Schule &#8211; Gemeinsam Ziele erreichen&#8220;<\/a> und unterst\u00fctzen die Realschule Maschstra\u00dfe, die IGS Querum und das Gymnasium Raabeschule bei der Einf\u00fchrung von Notebooks in den Unterricht. Dabei handelte es sich um von Intel gesponsorte Ger\u00e4te. Das <a title=\"Georg-Eckert-Institut\" href=\"http:\/\/wordpress.nibis.de\/mzbs\/georg-eckert-institut\/\">\u2192 Georg-Eckert-Institut f\u00fcr internationale Schulbuchforschung<\/a> begleitet das Projekt.<\/p>\n<p><a title=\"Das Projekt \u201cInteraktive Schule\u201d in Braunschweig\" href=\"http:\/\/wordpress.nibis.de\/mzbs\/das-projekt-interaktive-schule-in-braunschweig\/\">Mehr zum Projekt und den aktuellen Stand erfahren Sie \u2192\u00a0HIER<\/a><\/p>\n<p>Ab 2013 werden Schulen unterst\u00fctzt, die mit elternfinanzierten mobilen Ger\u00e4ten ihre Schul- und Unterrichtsentwicklung in den Blickpunkt nehmen. Seit 2015 unterst\u00fctzt die B\u00fcrgerstiftung das Gymnasium Raabeschule. Der Erfolg des Projektes wurde in einer Gro\u00dfstudie mit Interviews und Unterrichtshospitationen evaluiert. Zu den Ergebnissen geht es <a href=\"https:\/\/wordpress.nibis.de\/mzbs\/mobiles-lernen-in-braunschweig-die-aktuelle-studie-des-gei\/\" target=\"_blank\" rel=\"noopener noreferrer\">hier<\/a>.<\/p>\n","protected":false},"excerpt":{"rendered":"<p>Die \u2192 B\u00fcrgerstiftung unterst\u00fctzt bereits seit vielen Jahren Schulen in Braunschweig bei der Schulentwicklung. Mathepaten, individuelle Lesef\u00f6rderung, Realbegegnungen in der Natur f\u00fcr Grundschulkinder, Theater in der Schule, die Braunschweiger Filmklappe und die sehr umfangreiche F\u00f6rderung der Realschule Maschstra\u00dfe und der Grundschule Bebelhof bei der Ausstattung mit interaktiven Tafeln und die anschlie\u00dfende Qualifizierung der Lehrerinnen und &hellip; <a href=\"https:\/\/wordpress.nibis.de\/mzbs\/kooperationspartner\/buergerstiftung-braunschweig\/\" class=\"more-link\"><span class=\"screen-reader-text\">B\u00fcrgerstiftung Braunschweig<\/span> weiterlesen <span class=\"meta-nav\">&rarr;<\/span><\/a><\/p>\n","protected":false},"author":120,"featured_media":380,"parent":596,"menu_order":0,"comment_status":"closed","ping_status":"closed","template":"","meta":{"footnotes":""},"class_list":["post-414","page","type-page","status-publish","has-post-thumbnail","hentry"],"_links":{"self":[{"href":"https:\/\/wordpress.nibis.de\/mzbs\/wp-json\/wp\/v2\/pages\/414","targetHints":{"allow":["GET"]}}],"collection":[{"href":"https:\/\/wordpress.nibis.de\/mzbs\/wp-json\/wp\/v2\/pages"}],"about":[{"href":"https:\/\/wordpress.nibis.de\/mzbs\/wp-json\/wp\/v2\/types\/page"}],"author":[{"embeddable":true,"href":"https:\/\/wordpress.nibis.de\/mzbs\/wp-json\/wp\/v2\/users\/120"}],"replies":[{"embeddable":true,"href":"https:\/\/wordpress.nibis.de\/mzbs\/wp-json\/wp\/v2\/comments?post=414"}],"version-history":[{"count":9,"href":"https:\/\/wordpress.nibis.de\/mzbs\/wp-json\/wp\/v2\/pages\/414\/revisions"}],"predecessor-version":[{"id":2927,"href":"https:\/\/wordpress.nibis.de\/mzbs\/wp-json\/wp\/v2\/pages\/414\/revisions\/2927"}],"up":[{"embeddable":true,"href":"https:\/\/wordpress.nibis.de\/mzbs\/wp-json\/wp\/v2\/pages\/596"}],"wp:featuredmedia":[{"embeddable":true,"href":"https:\/\/wordpress.nibis.de\/mzbs\/wp-json\/wp\/v2\/media\/380"}],"wp:attachment":[{"href":"https:\/\/wordpress.nibis.de\/mzbs\/wp-json\/wp\/v2\/media?parent=414"}],"curies":[{"name":"wp","href":"https:\/\/api.w.org\/{rel}","templated":true}]}}