{"id":9,"date":"2025-05-27T09:40:39","date_gmt":"2025-05-27T07:40:39","guid":{"rendered":"https:\/\/wordpress.nibis.de\/nibis\/?page_id=9"},"modified":"2025-07-01T17:13:41","modified_gmt":"2025-07-01T15:13:41","slug":"datenschutzerklaerung","status":"publish","type":"page","link":"https:\/\/wordpress.nibis.de\/nibis\/datenschutzerklaerung\/","title":{"rendered":"Datenschutzerkl\u00e4rung"},"content":{"rendered":"\n<p><strong>Informationen \u00fcber die Verarbeitung personenbezogener Daten<\/strong><\/p>\n\n\n\n<p>F\u00fcr die Nutzung der Dienste des Nieders\u00e4chsischen Bildungsservers ist unter anderem die Verarbeitung personenbezogener Daten gem\u00e4\u00df Art. 4 Nr. 1 der Europ\u00e4ischen Datenschutzgrundverordnung (im Folgenden: DS GVO) erforderlich. Personenbezogene Daten sind alle Daten, die auf Sie pers\u00f6nlich beziehbar sind, z.B. Namen, Adressen, E-Mail-Adressen und Nutzungsverhalten.<\/p>\n\n\n\n<p>Die Verarbeitung personenbezogener Daten meint jegliche Ma\u00dfnahmen, die mit diesen personenbezogenen Daten durchgef\u00fchrt werden. Es kommt dabei nicht darauf an, ob diese automatisiert sind oder nicht. Unter dem Begriff der Verarbeitung f\u00e4llt mithin auch das Erheben, Sammeln, Aufzeichnen, Ordnen, Speichern, Ver\u00e4ndern, Betrachten, Nutzen, Ver\u00f6ffentlichen, Verbinden und L\u00f6schen dieser Daten.<\/p>\n\n\n\n<p>Ihre personenbezogenen Daten werden von uns nur gem\u00e4\u00df den Bestimmungen des geltenden Datenschutzrechts verarbeitet. Die nachfolgenden Vorschriften informieren Sie \u00fcber Art, Umfang und Zweck der Erhebung, Verarbeitung und Nutzung Ihrer Daten.<\/p>\n\n\n\n<p>Diese Datenschutzerkl\u00e4rung bezieht sich nur auf unsere Dienste. Falls Sie \u00fcber Links auf unseren Seiten auf andere Seiten weitergeleitet werden, informieren Sie sich bitte dort \u00fcber den jeweiligen Umgang mit Ihren Daten.<\/p>\n\n\n\n<p><strong>Verantwortliche Stelle<\/strong><\/p>\n\n\n\n<p>Verantwortlicher gem. Art. 4 Abs. 7 DS GVO ist das:<\/p>\n\n\n\n<pre class=\"wp-block-code\"><code>Nieders\u00e4chsisches Landesinstitut f\u00fcr schulische Qualit\u00e4tsentwicklung\n\nKe\u00dflerstra\u00dfe 52\n\n31134 Hildesheim\n\n&#x70;&#111;&#115;t&#x73;&#x74;&#101;l&#x6c;&#x65;&#64;nl&#x71;&#46;&#110;i&#x65;&#x64;&#101;r&#x73;&#x61;&#99;&#104;s&#x65;&#x6e;&#46;d&#x65;<\/code><\/pre>\n\n\n\n<p>Den\/Die Datenschutzbeauftragte\/n erreichen Sie unter:<\/p>\n\n\n\n<pre class=\"wp-block-code\"><code>&#x64;&#x61;&#x74;&#x65;&#x6e;&#x73;&#x63;&#x68;&#x75;&#x74;&#x7a;&#x40;&#x6e;&#x6c;&#x71;&#x2e;&#x6e;&#x69;&#x62;&#x69;&#x73;&#x2e;&#x64;&#x65;<\/code><\/pre>\n\n\n\n<p>Art und Zweck der Erhebung und Speicherung personenbezogener Daten<\/p>\n\n\n\n<p><br><strong>Protokolldaten bei Aufruf einer Website (Browserdaten)<\/strong><\/p>\n\n\n\n<p>Aus technischen Gr\u00fcnden und zur Aufrechterhaltung und Verbesserung der Funktionalit\u00e4t, werden Informationen, die Ihr Internet-Browser an uns \u00fcbermittelt, automatisch von uns erhoben, gespeichert und soweit erforderlich an Dritte weitergegeben. Unser berechtigtes Interesse zur Verarbeitung ist gem\u00e4\u00df Artikel 6 Absatz 1 lit. f) DS GVO die Betriebssicherheit der Webseite.<\/p>\n\n\n\n<p>Die Daten umfassen:<\/p>\n\n\n\n<pre class=\"wp-block-code\"><code>Datum und Uhrzeit des Aufrufs\nIP-Adresse und Port des aufrufendes Ger\u00e4ts \/ Anschlusses\nAufgerufene Adresse (URL)\n\u00dcbertragene Datenmenge\nStatus des Aufrufs (HTTP-Statuscode)\nInformationen \u00fcber den verwendeten Browser\nInformationen \u00fcber das verwendete Betriebssystem\nWebsite, sofern ein Link auf eine Seite des NiBiS angeklickt wurde (Referrer-URL)<\/code><\/pre>\n\n\n\n<p>Diese Daten werden getrennt von Ihren evtl. angegebenen personenbezogenen Daten gespeichert und lassen so keine R\u00fcckschl\u00fcsse auf eine bestimmte Person zu. Sie k\u00f6nnen zu statistischen * Zwecken ausgewertet werden, um unseren Internetauftritt und unsere Angebote optimieren oder sch\u00fctzen zu k\u00f6nnen.<\/p>\n\n\n\n<p>Die Daten werden f\u00fcr maximal zwei Monate gespeichert und anschlie\u00dfend gel\u00f6scht.<\/p>\n\n\n\n<p>Unabh\u00e4ngig davon kann es erforderlich sein, die genannten Daten f\u00fcr einen l\u00e4ngeren Zeitraum zu speichern, sofern ein Grund gem\u00e4\u00df Artikel 6 Absatz 1 lit. c) vorliegt. Hier gelten die jeweils vorgegebenen L\u00f6schfristen.<\/p>\n\n\n\n<p><br><strong>Newsletter<\/strong><\/p>\n\n\n\n<p>Bei der Anmeldung zu einem Newsletter werden die Daten aus der Eingabemaske (Name und E-Mail-Adresse) an uns \u00fcbermittelt und solange gespeichert, wie das Abonnement des Newsletters aktiv ist.<\/p>\n\n\n\n<p>F\u00fcr die Verarbeitung dieser Daten zum Zwecke des Newsletter-Versands wird Ihre Einwilligung eingeholt. F\u00fcr den Anmeldeprozess nutzen wir das sogenannte Double-Opt-In-Verfahren. Nach erfolgter Anmeldung erhalten Sie eine E-Mail, in der Sie zur Best\u00e4tigung Ihrer Anmeldung einen Link anklicken m\u00fcssen. So verhindern wir, dass sich unbefugte Dritte unter Verwendung Ihrer E-Mail-Adresse anmelden k\u00f6nnen. Wir protokollieren den Anmeldeprozess, um den Vorgang entsprechend den rechtlichen Anforderungen nachweisen zu k\u00f6nnen. Dabei werden die IP-Adresse des aufrufenden Endger\u00e4ts, Datum und Uhrzeit der Anmeldung gespeichert. Die von Ihnen angegebenen Daten werden so lange gespeichert, wie das Abonnement des Newsletters aktiv ist. Sie k\u00f6nnen das Abonnement jederzeit k\u00fcndigen. Zu diesem Zweck befindet sich in jedem Newsletter ein entsprechender Abmeldelink. Hierdurch wird ebenfalls ein Widerruf Ihrer Einwilligung erm\u00f6glicht. Die Rechtsgrundlage f\u00fcr die Verarbeitung Ihrer Daten bei erteilter Einwilligung zum Empfang von Newslettern ist Art. 6 Abs. 1 lit. a DSGVO.<\/p>\n\n\n\n<p><strong>Protokolldaten der E-Mail-Kommunikation<\/strong><\/p>\n\n\n\n<p>Aus technischen Gr\u00fcnden und zur Aufrechterhaltung und Verbesserung der Funktionalit\u00e4t, werden Informationen, die Ihr Internet-Browser an uns \u00fcbermittelt, automatisch von uns erhoben, gespeichert und soweit erforderlich an Dritte weitergegeben. Unser berechtigtes Interesse zur Verarbeitung ist gem\u00e4\u00df Artikel 6 Absatz 1 lit. f) DS GVO die Betriebssicherheit des E-Mail-Dienstes.<\/p>\n\n\n\n<p>Die Daten umfassen:<\/p>\n\n\n\n<pre class=\"wp-block-code\"><code>Absende- und Empfangsadressen aller verarbeiteten E-Mails\nDatum und Uhrzeit der \u00dcbermittlung\nSendestatus (SMTP-Statuscode)\nGr\u00f6\u00dfe der Nachricht\nErmittelte Wahrscheinlichkeitswerte zur Abwehr von Spam\nErmittelte Wahrscheinlichkeitswerte zur Abwehr von Schadsoftware\nIP-Adressen der beteiligten E-Mail-Server\nZugriffsdaten auf das Postfach (IP-Adresse, Datum, Uhrzeit, Status)<\/code><\/pre>\n\n\n\n<p>Die Logdaten werden getrennt von den Nachrichten (\u201eInhaltsdaten\u201c) der E-Mail-Kommunikation gespeichert. Sie k\u00f6nnen zu statistischen Zwecken ausgewertet werden, um unsere Angebote zu optimieren oder unsere Infrastruktur zu sch\u00fctzen. Die Logdaten werden f\u00fcr maximal zwei Monate gespeichert.<\/p>\n\n\n\n<p>Unabh\u00e4ngig davon kann es erforderlich sein, die genannten Daten f\u00fcr einen l\u00e4ngeren Zeitraum zu speichern, sofern ein Grund gem\u00e4\u00df Artikel 6 Absatz 1 lit. c) vorliegt. Hier gelten die jeweils vorgegebenen L\u00f6schfristen.<\/p>\n\n\n\n<p>Inhaltsdaten, die personenbezogene Daten erhalten k\u00f6nnen, werden im Rahmen der Leistungserbringung gespeichert. Sie sind ausschlie\u00dflich per Passwort-Authentifizierung durch den berechtigten Personenkreis zug\u00e4nglich. Die Speicherung erfolgt, bis sie manuell aus dem Postfach gel\u00f6scht werden oder bis zur Schlie\u00dfung des gesamtes Postfachs aus bestimmten Grund (z.B. Ausscheiden von Personen aus dem Kreis der Berechtigten, Schlie\u00dfen von Funktionspostf\u00e4chern).<\/p>\n\n\n\n<p><strong><br>Datensicherungen (Backups)<\/strong><\/p>\n\n\n\n<p>Alle Daten des Nieders\u00e4chsischen Bildungsservers werden regelm\u00e4\u00dfig auf ein vom Server unabh\u00e4ngiges Medium kopiert (\u201eBackup\u201c). Die Datensicherungen werden unabh\u00e4ngig von den Produktivsystemen vorgehalten. Unser berechtigtes Interesse zur Verarbeitung ist gem\u00e4\u00df Artikel 6 Absatz 1 lit. f) DS GVO die Sicherheit der gespeicherten Daten. Datensicherungen werden nach sp\u00e4testens einem Jahr gel\u00f6scht.<br>Bei Kontaktaufnahme per Telefon \/ E-Mail<\/p>\n\n\n\n<p>Wenn Sie \u00fcber die Website, per E-Mail, Fax oder telefonisch mit uns Kontakt aufnehmen, k\u00f6nnen wir in diesem Rahmen einige pers\u00f6nliche Angaben von Ihnen abfragen. Abgefragt werden jeweils die Daten, die wir ben\u00f6tigen, um Ihre Kontaktanfrage sinnvoll bearbeiten zu k\u00f6nnen, mindestens jedoch Name und Vorname, E-Mail-Adresse und Telefonnummer.<\/p>\n\n\n\n<p>Dar\u00fcber hinaus k\u00f6nnen Sie uns im Rahmen der Kontaktanfrage weitere Daten freiwillig zur Verf\u00fcgung stellen. Diese Daten werden von uns gespeichert und zum Zwecke der Beantwortung Ihrer Kontaktanfrage verwendet. Die freiwillige Zurverf\u00fcgungstellung dieser Daten ist eine Einwilligung in die Nutzung der Daten im vorstehenden Sinne.<\/p>\n\n\n\n<p>Ihre Einwilligung zur Erhebung und Verwendung von Daten wird von uns protokolliert.<br>Authentifizierungen gegen\u00fcber Servern per SSH \/ VPN<\/p>\n\n\n\n<p>Aus technischen Gr\u00fcnden und zur Aufrechterhaltung der Funktionalit\u00e4t werden Informationen \u00fcber Verbindungen per SSH oder VPN an uns \u00fcbermittelt, automatisch erhoben, gespeichert und soweit erforderlich an Dritte weitergegeben. Unser berechtigtes Interesse zur Verarbeitung ist gem\u00e4\u00df Artikel 6 Absatz 1 lit. f) DS GVO die Betriebssicherheit der Infrastruktur.<\/p>\n\n\n\n<p>Die Daten umfassen:<\/p>\n\n\n\n<pre class=\"wp-block-code\"><code>Datum und Uhrzeit von Login- und Logout-Aktivit\u00e4ten\nIP-Adresse und Port des aufrufenden Ger\u00e4ts \/ Anschlusses\nAufgerufener Server (IP-Adresse, URL)\nFingerprint des verwendeten SSH-Keys\nStatus des Vorgangs<\/code><\/pre>\n\n\n\n<p>Um den Zugang bereitstellen zu k\u00f6nnen, werden vorab folgende Daten erhoben:<\/p>\n\n\n\n<pre class=\"wp-block-code\"><code>\u00d6ffentlicher Schl\u00fcssel \/ Schl\u00fcsseldatei\nName, Anschrift, E-Mail-Adresse und Telefonnummer der inhabenden Person \/ der zust\u00e4ndigen Stelle\nUnterschrift der inhabenden Person\n\u00d6ffentlicher Schl\u00fcssel\nGgf. Hash-Wert eines verwendeten Kennworts<\/code><\/pre>\n\n\n\n<p><strong>Cookies<\/strong><\/p>\n\n\n\n<p>F\u00fcr den Anmeldeprozess ist das Setzen von Cookies notwendig. Alle Cookies werden nach Abmeldung vom WordPress-Dienst nach einer jeweils definierten Zeit oder nach Beendigung Ihres Browsers automatisch gel\u00f6scht. <\/p>\n\n\n\n<p>Die meisten Browser akzeptieren Cookies automatisch. Sie k\u00f6nnen Ihren Browser so konfigurieren, dass keine Cookies auf Ihrem Computer gespeichert werden oder stets ein Hinweis erscheint, bevor ein neuer Cookie angelegt wird. Bei einer vollst\u00e4ndigen Deaktivierung von Cookies kann der WordPress-Dienst jedoch nicht mehr genutzt werden.<\/p>\n\n\n\n<p><br><strong>Eingebettete Inhalte von anderen Websites<\/strong><\/p>\n\n\n\n<p>Beitr\u00e4ge auf dieser Website k\u00f6nnen eingebettete Inhalte beinhalten (z. B. Videos, Bilder, Beitr\u00e4ge etc.). Eingebettete Inhalte von anderen Websites verhalten sich exakt so, als ob der Besucher die andere Website besucht h\u00e4tte. Diese Websites k\u00f6nnen Daten \u00fcber Sie sammeln, Cookies benutzen, zus\u00e4tzliche Tracking-Dienste von Dritten einbetten und Ihre Interaktion mit diesem eingebetteten Inhalt aufzeichnen, inklusive Ihrer Interaktion mit dem eingebetteten Inhalt, falls Sie ein Konto haben und auf dieser Website angemeldet sind.<br>Medien<\/p>\n\n\n\n<p>Wenn Sie ein registrierter Benutzer sind und Fotos auf dieses Forum laden, sollten Sie vermeiden, Fotos mit einem EXIF-GPS-Standort hochzuladen. Besucher dieser Website k\u00f6nnten Fotos, die auf dieser Website gespeichert sind, herunterladen und deren Standort-Informationen extrahieren.<\/p>\n\n\n\n<p><strong>Betroffenenrechte<br>Informationsrecht<\/strong><\/p>\n\n\n\n<p>Werden personenbezogene Daten beim Betroffenen erhoben, muss der Verantwortliche nach Art. 13 Abs. 1 DS GVO diesen \u00fcber s\u00e4mtliche in Art 13 Abs. 1 DS GVO aufgef\u00fchrten Informationen unterrichten;<br>Recht auf Auskunft<\/p>\n\n\n\n<p>Gem\u00e4\u00df Art. 15 DS GVO haben Sie das Recht Auskunft \u00fcber Ihre von uns verarbeiteten personenbezogenen Daten zu verlangen. Insbesondere k\u00f6nnen Sie Auskunft \u00fcber die Verarbeitungszwecke, die Kategorien der personenbezogenen Daten, die Kategorien von Empf\u00e4ngern, gegen\u00fcber denen Ihre Daten offengelegt wurden oder werden begehren. Ferner k\u00f6nnen Sie \u00fcber die geplante Speicherdauer, das Bestehen eines Rechts auf Berichtigung, L\u00f6schung, Einschr\u00e4nkung der Verarbeitung oder Widerspruch, das Bestehen eines Beschwerderechts, die Herkunft Ihrer Daten &#8211; sofern diese nicht bei uns erhoben wurden- sowie \u00fcber das Bestehen einer automatisierten Entscheidungsfindung einschlie\u00dflich Profiling und ggf. aussagekr\u00e4ftigen Informationen zu deren Einzelheiten Ausk\u00fcnfte verlangen;<br>Recht auf Berichtigung personenbezogener Daten<\/p>\n\n\n\n<p>Sie k\u00f6nnen gem\u00e4\u00df Art. 16 DS GVO unverz\u00fcglich die Berichtigung unrichtiger oder die Vervollst\u00e4ndigung Ihrer bei uns gespeicherten personenbezogenen Daten verlangen;<br>Recht auf L\u00f6schung bei uns gespeicherter personenbezogener Daten<\/p>\n\n\n\n<p>Sie haben das Recht die L\u00f6schung Ihrer bei uns gespeicherten personenbezogenen Daten zu verlangen, soweit nicht die Verarbeitung zur Aus\u00fcbung des Rechts auf freie Meinungs\u00e4u\u00dferung und Information, zur Erf\u00fcllung einer rechtlichen Verpflichtung, aus Gr\u00fcnden des \u00f6ffentlichen Interesses oder zur Geltendmachung, Aus\u00fcbung oder Verteidigung von Rechtsanspr\u00fcchen erforderlich ist, Art. 17 DS-GVO;<br>Recht auf Einschr\u00e4nkung der Verarbeitung<\/p>\n\n\n\n<p>Ihnen steht ferner das Recht zu, gem\u00e4\u00df Art. 18 DS GVO die Einschr\u00e4nkung der Verarbeitung Ihrer personenbezogenen Daten zu verlangen, wenn eine f\u00fcr die Einschr\u00e4nkung in Art. 18 Abs. 1 lit. a) \u2013 d) DS GVO genannten Voraussetzungen gegeben ist. Wurde die Verarbeitung Ihrer personenbezogenen Daten eingeschr\u00e4nkt, so d\u00fcrfen diese personenbezogenen Daten -von Ihrer Speicherung abgesehen- nur mit Ihrer Einwilligung oder zur Geltendmachung, Aus\u00fcbung oder Verteidigung von Rechtsanspr\u00fcchen oder zum Schutz der Rechte einer anderen nat\u00fcrlichen oder juristischen Person oder aus Gr\u00fcnden eines wichtigen \u00f6ffentlichen Interesses der Union oder eines Mitgliedstaates verarbeitet werden;<br>Recht auf Widerspruch gegen die Verarbeitung personenbezogener Daten<\/p>\n\n\n\n<p>Sie haben das Recht, aus Gr\u00fcnden, die sich aus Ihrer besonderen Situation ergeben, jederzeit gegen die Verarbeitung Sie betreffender personenbezogener Daten, die aufgrund von Art. 6 Abs. 1 lit. e) oder f) DS GVO erfolgt, Widerspruch gem\u00e4\u00df Art. 21 DS GVO einzulegen; dies gilt auch f\u00fcr ein auf diese Bestimmungen gest\u00fctztes Profiling, es sei denn, es stehen zwingende schutzw\u00fcrdige Gr\u00fcnde f\u00fcr die Verarbeitung vor, die Ihren Interessen, Rechten und Freiheiten \u00fcberwiegen oder die Verarbeitung dient der Geltendmachung, Aus\u00fcbung oder Verteidigung von Rechtsanspr\u00fcchen;<br>Recht auf Widerruf Ihrer zun\u00e4chst erteilten Einwilligung<\/p>\n\n\n\n<p>Sie k\u00f6nnen die uns gegen\u00fcber gem\u00e4\u00df Art. 6 Abs. 1 lit. a), Art. 7 Abs. 1 und 2 DS GVO erteilte Einwilligung in die Verarbeitung Ihrer personenbezogenen Daten gem\u00e4\u00df Art. 7 Abs. 3 DS GVO jederzeit (auch teilweise) mit Wirkung f\u00fcr die Zukunft widerrufen. Durch den Widerruf der Einwilligung wird die Rechtm\u00e4\u00dfigkeit der Einwilligung bis zum Widerruf erfolgten Verarbeitung nicht ber\u00fchrt. Der Widerruf hat zur Folge, dass wir die Datenverarbeitung, die auf dieser Einwilligung beruht, f\u00fcr die Zukunft nicht mehr fortf\u00fchren;<\/p>\n\n\n\n<p>M\u00f6chten Sie eine einmal erteilte Einwilligung widerrufen, wenden Sie sich am besten per E-Mail an:<\/p>\n\n\n\n<pre class=\"wp-block-code\"><code>Nieders\u00e4chsisches Landesinstitut f\u00fcr schulische Qualit\u00e4tsentwicklung\n\nKe\u00dflerstra\u00dfe 52\n\n31134 Hildesheim\n\np&#111;&#x73;&#x74;s&#116;&#101;&#x6c;&#x6c;e&#64;&#x6e;&#x6c;q&#46;&#110;&#x69;&#x65;d&#101;&#x72;&#x73;a&#99;&#104;&#x73;&#x65;n&#46;&#x64;&#x65;<\/code><\/pre>\n\n\n\n<p><strong>Recht auf Daten\u00fcbertragbarkeit<\/strong><\/p>\n\n\n\n<p>Ist die Verarbeitung Ihrer personenbezogenen Daten mit Hilfe eines automatisierten Verfahrens erfolgt, haben Sie gem\u00e4\u00df Art. 20 DS GVO das Recht, die Daten in einem g\u00e4ngigen und maschinenlesbaren Format zu erhalten und an einem anderen Verantwortlichen zu \u00fcbermitteln oder durch uns \u00fcbermitteln zu lassen;<\/p>\n\n\n\n<p><strong>Recht auf Beschwerde bei der Aufsichtsbeh\u00f6rde<\/strong><\/p>\n\n\n\n<p>Unbeschadet eines verwaltungsrechtlichen oder gerichtlichen Rechtsbehelfs haben Sie das Recht auf Beschwerde bei einer Aufsichtsbeh\u00f6rde Ihres Aufenthaltsortes oder Ihres Arbeitsplatzes oder des Ortes des mutma\u00dflichen Versto\u00dfes, wenn Sie der Ansicht sind, dass die Verarbeitung Ihrer personenbezogenen Daten gegen die Datenschutzgrundverordnung verst\u00f6\u00dft, Art. 77 DS GVO.<\/p>\n\n\n\n<p><strong>Weitergabe von personenbezogenen Daten<\/strong><\/p>\n\n\n\n<p>Eine \u00dcbermittlung Ihrer personenbezogenen Daten an Dritte zu anderen als den im Folgenden aufgef\u00fchrten Zwecken findet nicht statt.<\/p>\n\n\n\n<p>Wir geben Ihre pers\u00f6nlichen Daten nur an Dritte weiter, wenn:<\/p>\n\n\n\n<pre class=\"wp-block-code\"><code>Sie Ihre nach Art. 6 Abs. 1 S. 1 lit. a) DS GVO ausdr\u00fcckliche Einwilligung dazu erteilt haben,\ndie Weitergabe nach Art. 6 Abs. 1 S. 1 lit. f) DS GVO zur Geltendmachung, Aus\u00fcbung oder Verteidigung von Rechtsanspr\u00fcchen erforderlich ist und kein Grund zur Annahme besteht, dass Sie ein * \u00fcberwiegendes schutzw\u00fcrdiges Interesse an der Nichtweitergabe Ihrer Daten haben,\nf\u00fcr den Fall, dass f\u00fcr die Weitergabe nach Art. 6 Abs. 1 S. 1 lit. c) DS GVO eine gesetzliche Verpflichtung besteht, sowie\ndies gesetzlich zul\u00e4ssig und nach Art. 6 Abs. 1 S. 1 lit. b) DS GVO f\u00fcr die Abwicklung von Vertragsverh\u00e4ltnissen mit Ihnen erforderlich ist.<\/code><\/pre>\n\n\n\n<p><strong>L\u00f6schung von Daten<\/strong><\/p>\n\n\n\n<p>Sofern die Daten nicht gel\u00f6scht werden, weil sie f\u00fcr andere und gesetzlich zul\u00e4ssige Zwecke erforderlich sind, wird deren Verarbeitung eingeschr\u00e4nkt. Die Daten werden in diesem Fall gesperrt und nicht f\u00fcr andere Zwecke verarbeitet. Das gilt z.B. f\u00fcr Daten, die aus handels- oder steuerrechtlichen Gr\u00fcnden gem\u00e4\u00df Art. 6 Abs. 1 lit. c) DS GVO aufbewahrt werden m\u00fcssen.<\/p>\n\n\n\n<p><strong>Datensicherheit<\/strong><\/p>\n\n\n\n<p>Im Rahmen unserer Dienste verwenden wir zur verschl\u00fcsselten \u00dcbertragung von Daten das TLS-Verfahren (Transport Layer Security) in Verbindung mit der jeweils h\u00f6chsten Verschl\u00fcsselungsstufe, die von Ihrem Browser unterst\u00fctzt wird. Ob eine einzelne Seite des Nieders\u00e4chsischen Schulbuchprogramms verschl\u00fcsselt \u00fcbertragen wird, erkennen Sie an der geschlossenen Darstellung des Sch\u00fcssel- beziehungsweise Schloss-Symbols in der Statusleiste Ihres Browsers.<\/p>\n\n\n\n<p>Wir bedienen uns geeigneter technischer und organisatorischer Sicherheitsma\u00dfnahmen, um Ihre Daten gegen zuf\u00e4llige oder vors\u00e4tzliche Manipulationen, teilweisen oder vollst\u00e4ndigen Verlust, Zerst\u00f6rung oder gegen den unbefugten Zugriff Dritter zu sch\u00fctzen. Unsere Sicherheitsma\u00dfnahmen werden laufend technologischen Entwicklung angepasst.<\/p>\n\n\n\n<p><strong>Sonstiges<\/strong><\/p>\n\n\n\n<p>Diese Datenschutzerkl\u00e4rung ist ab dem Mai 2018 g\u00fcltig.<\/p>\n\n\n\n<p>Durch die Weiterentwicklung der verwendeten Software oder aufgrund ge\u00e4nderter gesetzlicher bzw. beh\u00f6rdlicher Vorgaben kann es notwendig werden, diese Datenschutzerkl\u00e4rung zu \u00e4ndern. Die jeweils aktuelle Datenschutzerkl\u00e4rung kann jederzeit auf der jeweiligen Website abgerufen werden.<\/p>\n","protected":false},"excerpt":{"rendered":"<p>Informationen \u00fcber die Verarbeitung personenbezogener Daten F\u00fcr die Nutzung der Dienste des Nieders\u00e4chsischen Bildungsservers ist unter anderem die Verarbeitung personenbezogener Daten gem\u00e4\u00df Art. 4 Nr. 1 der Europ\u00e4ischen Datenschutzgrundverordnung (im Folgenden: DS GVO) erforderlich. Personenbezogene Daten sind alle Daten, die auf Sie pers\u00f6nlich beziehbar sind, z.B. Namen, Adressen, E-Mail-Adressen und Nutzungsverhalten. Die Verarbeitung personenbezogener Daten &hellip; <a href=\"https:\/\/wordpress.nibis.de\/nibis\/datenschutzerklaerung\/\" class=\"more-link\"><span class=\"screen-reader-text\">Datenschutzerkl\u00e4rung<\/span> weiterlesen <span class=\"meta-nav\">&rarr;<\/span><\/a><\/p>\n","protected":false},"author":658,"featured_media":0,"parent":0,"menu_order":0,"comment_status":"closed","ping_status":"closed","template":"","meta":{"footnotes":""},"class_list":["post-9","page","type-page","status-publish","hentry"],"_links":{"self":[{"href":"https:\/\/wordpress.nibis.de\/nibis\/wp-json\/wp\/v2\/pages\/9","targetHints":{"allow":["GET"]}}],"collection":[{"href":"https:\/\/wordpress.nibis.de\/nibis\/wp-json\/wp\/v2\/pages"}],"about":[{"href":"https:\/\/wordpress.nibis.de\/nibis\/wp-json\/wp\/v2\/types\/page"}],"author":[{"embeddable":true,"href":"https:\/\/wordpress.nibis.de\/nibis\/wp-json\/wp\/v2\/users\/658"}],"replies":[{"embeddable":true,"href":"https:\/\/wordpress.nibis.de\/nibis\/wp-json\/wp\/v2\/comments?post=9"}],"version-history":[{"count":4,"href":"https:\/\/wordpress.nibis.de\/nibis\/wp-json\/wp\/v2\/pages\/9\/revisions"}],"predecessor-version":[{"id":44,"href":"https:\/\/wordpress.nibis.de\/nibis\/wp-json\/wp\/v2\/pages\/9\/revisions\/44"}],"wp:attachment":[{"href":"https:\/\/wordpress.nibis.de\/nibis\/wp-json\/wp\/v2\/media?parent=9"}],"curies":[{"name":"wp","href":"https:\/\/api.w.org\/{rel}","templated":true}]}}