{"id":1701,"date":"2018-02-14T11:43:13","date_gmt":"2018-02-14T10:43:13","guid":{"rendered":"http:\/\/wordpress.nibis.de\/nisems\/?page_id=1701"},"modified":"2018-02-19T14:18:01","modified_gmt":"2018-02-19T13:18:01","slug":"teilnehmerechos","status":"publish","type":"page","link":"https:\/\/wordpress.nibis.de\/nisems\/teilnehmerechos\/","title":{"rendered":"Teilnehmerechos"},"content":{"rendered":"<h1>Albrecht Thaer Schule , Celle<br \/>\n<span style=\"font-size: 14pt\"><strong>Literaturseminar der Klasse BG 12S in der Herzog-August-Bibliothek Wolfenb\u00fcttel<\/strong><\/span><\/h1>\n<div>\n<p>&#8222;\u0084Entschuldigung, wir hatten vorhin halb f\u00fcnf vereinbart \u0096 jetzt ist es schon fast f\u00fcnf!\u0093 \u0096 \u0084Oooch, wir haben nur noch vier Stichpunkte zu schreiben. D\u00fcrfen wir?! Oder k\u00f6nnen wir morgen nicht einfach etwas l\u00e4nger machen?\u0093&#8220; Erwartungsvoll blicken uns unsere Sch\u00fclerinnen und Sch\u00fcler im Seminarraum der Wolfenb\u00fctteler Herzog-August Bibliothek ins Gesicht. Was ist das? Verkehrte Welt? Sind das dieselben jungen Menschen, die uns in der Schule beleidigt auf die <img loading=\"lazy\" decoding=\"async\" class=\"size-full wp-image-1709 alignleft\" src=\"http:\/\/wordpress.nibis.de\/nisems\/files\/2018\/02\/ats001.jpg\" alt=\"\" width=\"490\" height=\"326\" srcset=\"https:\/\/wordpress.nibis.de\/nisems\/files\/2018\/02\/ats001.jpg 490w, https:\/\/wordpress.nibis.de\/nisems\/files\/2018\/02\/ats001-300x200.jpg 300w, https:\/\/wordpress.nibis.de\/nisems\/files\/2018\/02\/ats001-75x50.jpg 75w\" sizes=\"auto, (max-width: 490px) 100vw, 490px\" \/>Sekunde genau darauf hinweisen, dass die Stunde rum ist? Oder die sogar versuchen, die Uhr im Klassenraum vorzustellen, um unbedarften Kollegen einige kostbare Minuten abzutrotzen? Ja, sie sind es \u0096 und sie sind nicht wiederzuerkennen. Drei Tage Literaturseminar in einer international renommierten Forschungsbibliothek haben definitiv Spuren hinterlassen. Wer h\u00e4tte gedacht, dass das wissenschaftliche Arbeiten mit alten B\u00fcchern so viel Energie freisetzen und dabei sogar auch noch Spa\u00df machen kann! Das liegt nicht zuletzt am Engagement unseres einzigartigen Seminarleiters Wilfried Seyfarth, der es auf seine unnachahmliche Art schnell geschafft hat, dass \u0084aus Fremden Freunde werden\u0093. Weder wir Lehrkr\u00e4fte noch die Sch\u00fcler selbst haben im Vorfeld auch nur ann\u00e4hernd geahnt, welch ungeheure Magie von \u0084alten Schinken\u0093 ausgehen kann und welch ein Unterschied es ist, ein Buch aufzuschlagen statt nur zu googeln\u0085 Unsere Sch\u00fcler haben es den alten Werken mit ihrer jugendlichen Offenheit und Entdeckerlust allerdings auch recht leicht gemacht, ihre Wirkung zu entfalten. Und so freuen wir uns schon sehr auf die Ausarbeitungen zu verschiedensten Themen aus der Epoche der Romantik.<br \/>\nS. Galitz \/ R. Gerlach<br \/>\n<span style=\"font-size: 14pt\"><strong>Eintragungen im G\u00e4stebuch:<\/strong><\/span><\/p>\n<p><img loading=\"lazy\" decoding=\"async\" class=\"size-full wp-image-1779 aligncenter\" src=\"http:\/\/wordpress.nibis.de\/nisems\/files\/2018\/02\/gaeste005.jpg\" alt=\"\" width=\"765\" height=\"475\" srcset=\"https:\/\/wordpress.nibis.de\/nisems\/files\/2018\/02\/gaeste005.jpg 765w, https:\/\/wordpress.nibis.de\/nisems\/files\/2018\/02\/gaeste005-300x186.jpg 300w\" sizes=\"auto, (max-width: 765px) 100vw, 765px\" \/> <img loading=\"lazy\" decoding=\"async\" class=\"wp-image-1780 aligncenter\" src=\"http:\/\/wordpress.nibis.de\/nisems\/files\/2018\/02\/gaeste007-800x515.jpg\" alt=\"\" width=\"765\" height=\"475\" \/><\/p>\n<\/div>\n<div id=\"main\">\n<div class=\"inside\">\n<div id=\"klassenfahrt-herzog-august-bib2015\" class=\"mod_article block\">\n<div class=\"ce_text block\">\n<h1>Lore Lorentz Schule, D\u00fcsseldorf &#8211;<br \/>\nund \u201eDas achte Weltwunder\u201c<\/h1>\n<h1><span style=\"font-size: 14pt\"><strong>Kooperation mit der Herzog August Bibliothek in Wolfenb\u00fcttel<\/strong><\/span><\/h1>\n<p>Lernen, wie man journalistisch und wissenschaftlich recherchiert &#8211; mit modernster Technik und einem Buchbestand, der bis ins 16 Jhdt. zur\u00fcckreicht, das erm\u00f6glicht die Herzog August Bibliothek in <img loading=\"lazy\" decoding=\"async\" class=\" wp-image-1759 alignleft\" src=\"http:\/\/wordpress.nibis.de\/nisems\/files\/2018\/02\/lorelorenz_schule001.jpg\" alt=\"\" width=\"307\" height=\"217\" srcset=\"https:\/\/wordpress.nibis.de\/nisems\/files\/2018\/02\/lorelorenz_schule001.jpg 400w, https:\/\/wordpress.nibis.de\/nisems\/files\/2018\/02\/lorelorenz_schule001-300x212.jpg 300w\" sizes=\"auto, (max-width: 307px) 100vw, 307px\" \/>Wolfenb\u00fcttel, zur Zeit des Barock die gr\u00f6\u00dfte Bibliothek n\u00f6rdlich der Alpen, auch als achtes Weltwunder bezeichnet.<\/p>\n<p>Und weil es dort immer noch wunderbar zugeht, ist die Lore-Lorentz-Schule 2015 eine enge Kooperation mit der Herzog August Bibliothek eingegangen.<\/p>\n<p>In der Pr\u00e4ambel des Vertrages hei\u00dft es: \u201eDie aktive Teilnahme am Wissensprozess in unserer Gesellschaft ist eine wesentliche Grundlage f\u00fcr ein chancengleiches Leben in der modernen, medial vernetzten Kommunikationsgesellschaft. Es ist daher erkl\u00e4rtes Ziel der Partner, Sch\u00fclerinnen und Sch\u00fcler f\u00fcr die Vielfalt und Unterschiedlichkeit von Medien zu sensibilisieren, beim Lernen zu unterst\u00fctzen sowie f\u00fcr das selbst\u00e4ndige Suchen, Beschaffen, kritische Bewerten und kreative Verarbeiten von Informationen zu interessieren und zu motivieren.\u201c<\/p>\n<p>Regelm\u00e4\u00dfig fahren die Sch\u00fcler*innen der Klasse 13 im Herbst nach Wolfenb\u00fcttel, um dort an einem Lernort au\u00dferhalb der Schule<img loading=\"lazy\" decoding=\"async\" class=\" wp-image-1762 alignright\" src=\"http:\/\/wordpress.nibis.de\/nisems\/files\/2018\/02\/lorelorenz_schule004.jpg\" alt=\"\" width=\"255\" height=\"340\" srcset=\"https:\/\/wordpress.nibis.de\/nisems\/files\/2018\/02\/lorelorenz_schule004.jpg 300w, https:\/\/wordpress.nibis.de\/nisems\/files\/2018\/02\/lorelorenz_schule004-224x300.jpg 224w\" sizes=\"auto, (max-width: 255px) 100vw, 255px\" \/><\/p>\n<p>&#8211; an der Lore-Lorentz-Schule erlernte Techniken des wissenschaftlichen Arbeitens in einer Bibliothek anzuwenden und zu vertiefen;<\/p>\n<p>&#8211; thematisches Arbeiten in der Bibliothek \u00a0zu lernen, zu \u00fcben und anzuwenden;<\/p>\n<p>&#8211; eine Einf\u00fchrung in die digitalen Angebote einer Bibliothek zu erhalten;<\/p>\n<p>&#8211; Methoden zur medien\u00fcbergreifenden Informationsrecherche kennenzulernen;<\/p>\n<p>&#8211; Medienpr\u00e4sentation in der Bibliothek durchzuf\u00fchren;<\/p>\n<p>&#8211; und dabei zu einem kritischen Umgang mit Medien und Informationen bef\u00e4higt zu werden.<\/p>\n<p><em>mw\/rf<\/em><\/p>\n<\/div>\n<h1 style=\"text-align: center\"><span style=\"font-size: 24pt\">Aus dem G\u00e4stebuch der Herzog August Bibliothek<\/span><\/h1>\n<p><img loading=\"lazy\" decoding=\"async\" class=\"size-large wp-image-1774 aligncenter\" src=\"http:\/\/wordpress.nibis.de\/nisems\/files\/2018\/02\/gaeste001-800x511.jpg\" alt=\"\" width=\"600\" height=\"383\" srcset=\"https:\/\/wordpress.nibis.de\/nisems\/files\/2018\/02\/gaeste001.jpg 800w, https:\/\/wordpress.nibis.de\/nisems\/files\/2018\/02\/gaeste001-300x192.jpg 300w, https:\/\/wordpress.nibis.de\/nisems\/files\/2018\/02\/gaeste001-768x491.jpg 768w\" sizes=\"auto, (max-width: 600px) 100vw, 600px\" \/> <img loading=\"lazy\" decoding=\"async\" class=\"size-large wp-image-1775 aligncenter\" src=\"http:\/\/wordpress.nibis.de\/nisems\/files\/2018\/02\/gaeste002-800x514.jpg\" alt=\"\" width=\"600\" height=\"383\" \/><\/p>\n<p>&nbsp;<\/p>\n<\/div>\n<\/div>\n<\/div>\n<p><a href=\"#top\">zur\u00fcck zum Seitenanfang &gt;&gt;<\/a><\/p>\n","protected":false},"excerpt":{"rendered":"<p>Albrecht Thaer Schule , Celle Literaturseminar der Klasse BG 12S in der Herzog-August-Bibliothek Wolfenb\u00fcttel &#8222;\u0084Entschuldigung, wir hatten vorhin halb f\u00fcnf vereinbart \u0096 jetzt ist es schon fast f\u00fcnf!\u0093 \u0096 \u0084Oooch, wir haben nur noch vier Stichpunkte zu schreiben. D\u00fcrfen wir?! Oder k\u00f6nnen wir morgen nicht einfach etwas l\u00e4nger machen?\u0093&#8220; Erwartungsvoll blicken uns unsere Sch\u00fclerinnen und [&hellip;]<\/p>\n","protected":false},"author":854,"featured_media":0,"parent":0,"menu_order":0,"comment_status":"closed","ping_status":"closed","template":"","meta":{"footnotes":""},"class_list":["post-1701","page","type-page","status-publish","hentry"],"_links":{"self":[{"href":"https:\/\/wordpress.nibis.de\/nisems\/wp-json\/wp\/v2\/pages\/1701","targetHints":{"allow":["GET"]}}],"collection":[{"href":"https:\/\/wordpress.nibis.de\/nisems\/wp-json\/wp\/v2\/pages"}],"about":[{"href":"https:\/\/wordpress.nibis.de\/nisems\/wp-json\/wp\/v2\/types\/page"}],"author":[{"embeddable":true,"href":"https:\/\/wordpress.nibis.de\/nisems\/wp-json\/wp\/v2\/users\/854"}],"replies":[{"embeddable":true,"href":"https:\/\/wordpress.nibis.de\/nisems\/wp-json\/wp\/v2\/comments?post=1701"}],"version-history":[{"count":29,"href":"https:\/\/wordpress.nibis.de\/nisems\/wp-json\/wp\/v2\/pages\/1701\/revisions"}],"predecessor-version":[{"id":1791,"href":"https:\/\/wordpress.nibis.de\/nisems\/wp-json\/wp\/v2\/pages\/1701\/revisions\/1791"}],"wp:attachment":[{"href":"https:\/\/wordpress.nibis.de\/nisems\/wp-json\/wp\/v2\/media?parent=1701"}],"curies":[{"name":"wp","href":"https:\/\/api.w.org\/{rel}","templated":true}]}}

<h1>Albrecht Thaer Schule , Celle<br />
<span style="font-size: 14pt"><strong>Literaturseminar der Klasse BG 12S in der Herzog-August-Bibliothek Wolfenbüttel</strong></span></h1>
<div>
<p>&#8222;Entschuldigung, wir hatten vorhin halb fünf vereinbart  jetzt ist es schon fast fünf!  Oooch, wir haben nur noch vier Stichpunkte zu schreiben. Dürfen wir?! Oder können wir morgen nicht einfach etwas länger machen?&#8220; Erwartungsvoll blicken uns unsere Schülerinnen und Schüler im Seminarraum der Wolfenbütteler Herzog-August Bibliothek ins Gesicht. Was ist das? Verkehrte Welt? Sind das dieselben jungen Menschen, die uns in der Schule beleidigt auf die <img loading="lazy" decoding="async" class="size-full wp-image-1709 alignleft" src="http://wordpress.nibis.de/nisems/files/2018/02/ats001.jpg" alt="" width="490" height="326" srcset="https://wordpress.nibis.de/nisems/files/2018/02/ats001.jpg 490w, https://wordpress.nibis.de/nisems/files/2018/02/ats001-300x200.jpg 300w, https://wordpress.nibis.de/nisems/files/2018/02/ats001-75x50.jpg 75w" sizes="auto, (max-width: 490px) 100vw, 490px" />Sekunde genau darauf hinweisen, dass die Stunde rum ist? Oder die sogar versuchen, die Uhr im Klassenraum vorzustellen, um unbedarften Kollegen einige kostbare Minuten abzutrotzen? Ja, sie sind es  und sie sind nicht wiederzuerkennen. Drei Tage Literaturseminar in einer international renommierten Forschungsbibliothek haben definitiv Spuren hinterlassen. Wer hätte gedacht, dass das wissenschaftliche Arbeiten mit alten Büchern so viel Energie freisetzen und dabei sogar auch noch Spaß machen kann! Das liegt nicht zuletzt am Engagement unseres einzigartigen Seminarleiters Wilfried Seyfarth, der es auf seine unnachahmliche Art schnell geschafft hat, dass aus Fremden Freunde werden. Weder wir Lehrkräfte noch die Schüler selbst haben im Vorfeld auch nur annähernd geahnt, welch ungeheure Magie von alten Schinken ausgehen kann und welch ein Unterschied es ist, ein Buch aufzuschlagen statt nur zu googeln Unsere Schüler haben es den alten Werken mit ihrer jugendlichen Offenheit und Entdeckerlust allerdings auch recht leicht gemacht, ihre Wirkung zu entfalten. Und so freuen wir uns schon sehr auf die Ausarbeitungen zu verschiedensten Themen aus der Epoche der Romantik.<br />
S. Galitz / R. Gerlach<br />
<span style="font-size: 14pt"><strong>Eintragungen im Gästebuch:</strong></span></p>
<p><img loading="lazy" decoding="async" class="size-full wp-image-1779 aligncenter" src="http://wordpress.nibis.de/nisems/files/2018/02/gaeste005.jpg" alt="" width="765" height="475" srcset="https://wordpress.nibis.de/nisems/files/2018/02/gaeste005.jpg 765w, https://wordpress.nibis.de/nisems/files/2018/02/gaeste005-300x186.jpg 300w" sizes="auto, (max-width: 765px) 100vw, 765px" /> <img loading="lazy" decoding="async" class="wp-image-1780 aligncenter" src="http://wordpress.nibis.de/nisems/files/2018/02/gaeste007-800x515.jpg" alt="" width="765" height="475" /></p>
</div>
<div id="main">
<div class="inside">
<div id="klassenfahrt-herzog-august-bib2015" class="mod_article block">
<div class="ce_text block">
<h1>Lore Lorentz Schule, Düsseldorf &#8211;<br />
und „Das achte Weltwunder“</h1>
<h1><span style="font-size: 14pt"><strong>Kooperation mit der Herzog August Bibliothek in Wolfenbüttel</strong></span></h1>
<p>Lernen, wie man journalistisch und wissenschaftlich recherchiert &#8211; mit modernster Technik und einem Buchbestand, der bis ins 16 Jhdt. zurückreicht, das ermöglicht die Herzog August Bibliothek in <img loading="lazy" decoding="async" class=" wp-image-1759 alignleft" src="http://wordpress.nibis.de/nisems/files/2018/02/lorelorenz_schule001.jpg" alt="" width="307" height="217" srcset="https://wordpress.nibis.de/nisems/files/2018/02/lorelorenz_schule001.jpg 400w, https://wordpress.nibis.de/nisems/files/2018/02/lorelorenz_schule001-300x212.jpg 300w" sizes="auto, (max-width: 307px) 100vw, 307px" />Wolfenbüttel, zur Zeit des Barock die größte Bibliothek nördlich der Alpen, auch als achtes Weltwunder bezeichnet.</p>
<p>Und weil es dort immer noch wunderbar zugeht, ist die Lore-Lorentz-Schule 2015 eine enge Kooperation mit der Herzog August Bibliothek eingegangen.</p>
<p>In der Präambel des Vertrages heißt es: „Die aktive Teilnahme am Wissensprozess in unserer Gesellschaft ist eine wesentliche Grundlage für ein chancengleiches Leben in der modernen, medial vernetzten Kommunikationsgesellschaft. Es ist daher erklärtes Ziel der Partner, Schülerinnen und Schüler für die Vielfalt und Unterschiedlichkeit von Medien zu sensibilisieren, beim Lernen zu unterstützen sowie für das selbständige Suchen, Beschaffen, kritische Bewerten und kreative Verarbeiten von Informationen zu interessieren und zu motivieren.“</p>
<p>Regelmäßig fahren die Schüler*innen der Klasse 13 im Herbst nach Wolfenbüttel, um dort an einem Lernort außerhalb der Schule<img loading="lazy" decoding="async" class=" wp-image-1762 alignright" src="http://wordpress.nibis.de/nisems/files/2018/02/lorelorenz_schule004.jpg" alt="" width="255" height="340" srcset="https://wordpress.nibis.de/nisems/files/2018/02/lorelorenz_schule004.jpg 300w, https://wordpress.nibis.de/nisems/files/2018/02/lorelorenz_schule004-224x300.jpg 224w" sizes="auto, (max-width: 255px) 100vw, 255px" /></p>
<p>&#8211; an der Lore-Lorentz-Schule erlernte Techniken des wissenschaftlichen Arbeitens in einer Bibliothek anzuwenden und zu vertiefen;</p>
<p>&#8211; thematisches Arbeiten in der Bibliothek  zu lernen, zu üben und anzuwenden;</p>
<p>&#8211; eine Einführung in die digitalen Angebote einer Bibliothek zu erhalten;</p>
<p>&#8211; Methoden zur medienübergreifenden Informationsrecherche kennenzulernen;</p>
<p>&#8211; Medienpräsentation in der Bibliothek durchzuführen;</p>
<p>&#8211; und dabei zu einem kritischen Umgang mit Medien und Informationen befähigt zu werden.</p>
<p><em>mw/rf</em></p>
</div>
<h1 style="text-align: center"><span style="font-size: 24pt">Aus dem Gästebuch der Herzog August Bibliothek</span></h1>
<p><img loading="lazy" decoding="async" class="size-large wp-image-1774 aligncenter" src="http://wordpress.nibis.de/nisems/files/2018/02/gaeste001-800x511.jpg" alt="" width="600" height="383" srcset="https://wordpress.nibis.de/nisems/files/2018/02/gaeste001.jpg 800w, https://wordpress.nibis.de/nisems/files/2018/02/gaeste001-300x192.jpg 300w, https://wordpress.nibis.de/nisems/files/2018/02/gaeste001-768x491.jpg 768w" sizes="auto, (max-width: 600px) 100vw, 600px" /> <img loading="lazy" decoding="async" class="size-large wp-image-1775 aligncenter" src="http://wordpress.nibis.de/nisems/files/2018/02/gaeste002-800x514.jpg" alt="" width="600" height="383" /></p>
<p>&nbsp;</p>
</div>
</div>
</div>
<p><a href="#top">zurück zum Seitenanfang &gt;&gt;</a></p>

<p>Albrecht Thaer Schule , Celle Literaturseminar der Klasse BG 12S in der Herzog-August-Bibliothek Wolfenbüttel &#8222;Entschuldigung, wir hatten vorhin halb fünf vereinbart  jetzt ist es schon fast fünf!  Oooch, wir haben nur noch vier Stichpunkte zu schreiben. Dürfen wir?! Oder können wir morgen nicht einfach etwas länger machen?&#8220; Erwartungsvoll blicken uns unsere Schülerinnen und [&hellip;]</p>
