{"id":72,"date":"2015-11-12T15:54:20","date_gmt":"2015-11-12T14:54:20","guid":{"rendered":"http:\/\/wordpress.nibis.de\/nisems\/?page_id=72"},"modified":"2019-01-03T16:35:25","modified_gmt":"2019-01-03T15:35:25","slug":"schuelerseminare-nds","status":"publish","type":"page","link":"https:\/\/wordpress.nibis.de\/nisems\/","title":{"rendered":"Sch\u00fclerseminare in Niedersachsen"},"content":{"rendered":"<p>Die Etablierung des Internets in den Gymnasien stellt zusammen mit Reformen im Schulsystem wissenschaftliche Bibliotheken vor besondere Herausforderungen. Hinzu kommen Wandlungsprozesse in Gesellschaft un<img loading=\"lazy\" decoding=\"async\" class=\"size-large wp-image-1675 alignnone alignleft\" src=\"https:\/\/wordpress.nibis.de\/nisems\/files\/2015\/11\/Seminarraum010-800x450.jpg\" alt=\"\" width=\"300\" height=\"169\" \/>d Medien, die zu Verlusten im Bereich der Lesekompetenz und zur Vergr\u00f6\u00dferung der Schwellenangst vor Bibliotheken gef\u00fchrt haben.<\/p>\n<p style=\"text-align: justify;\">Die unten genannten Institutionen stellen sich diesen Herausforderungen. Sie befinden sich auf dem Weg zur \u201eTeaching Library\u201c, einem Ort des Lernens, wo an Konzepte, Inhalte und Fragestellungen, die die jungen Benutzer aus der Schule in die Bibliothek und in die Archive f\u00fchren, angekn\u00fcpft wird.<\/p>\n<p style=\"text-align: justify;\">Sch\u00fclerinnen und Sch\u00fcler der \u201eGeneration Google\u201c mit ihrem allzu gro\u00dfen Vertrauen ins Netz erfahren, dass das gedruckte Buch und das historische Dokument als Informationstr\u00e4ger besondere Qualit\u00e4ten besitzen. Dar\u00fcber hinaus erlernen sie moderne Recherchestrategien, die weit \u00fcber das einfache &#8222;Googeln&#8220; hinausgehen.<\/p>\n<p style=\"text-align: justify;\">Lehrerinnen und Lehrer k\u00f6nnen sich auf den folgenden Seiten \u00fcber das Angebot &#8222;Sch\u00fclerseminare an wissenschaftlichen Bibliotheken&#8220; informieren, einer umfassenden Form <img loading=\"lazy\" decoding=\"async\" class=\"size-large wp-image-1679 alignleft\" src=\"https:\/\/wordpress.nibis.de\/nisems\/files\/2015\/11\/B\u00fccher003-800x450.jpg\" alt=\"\" width=\"300\" height=\"169\" \/>wissenschaftsprop\u00e4deutisches Lernens. Entwickelt wurden &#8222;Sch\u00fclerseminare&#8220; in\u00a0 den fr\u00fchen 80er Jahren des vorigen Jahrhunderts in der Herzog August Bibliothek Wolfenb\u00fcttel. Das Konzept der &#8222;Wolfenb\u00fctteler Sch\u00fclerseminare&#8220; haben inzwischen auch andere Bibliotheken und Einrichtungen in Niedersachsen \u00fcbernommen.<\/p>\n<p style=\"text-align: justify;\">Sch\u00fclerinnen und Sch\u00fcler finden auf diesen Seiten weitere Angebote, die ihnen Informationen f\u00fcr ihre Abiturvorbereitung und wertvolle Hinweise f\u00fcr die Anfertigung ihrer Facharbeit im Seminarfach geben.<\/p>\n<hr \/>\n<h3 style=\"text-align: center;\">\u00a0Die folgenden Bibliotheken und Einrichtungen in Niedersachsen<br \/>\nhalten Angebote f\u00fcr Sch\u00fclerinnen und Sch\u00fcler bereit.<\/h3>\n<table class=\" alignleft\" style=\"height: 143px; width: 741px;\">\n<tbody>\n<tr style=\"height: 335.05px;\">\n<td style=\"width: 362px; vertical-align: top; height: 335.05px;\">\n<h4 style=\"text-align: center;\"><img loading=\"lazy\" decoding=\"async\" class=\"wp-image-1236 size-medium aligncenter\" src=\"https:\/\/wordpress.nibis.de\/nisems\/files\/2017\/10\/augusta_klein-300x169.jpg\" alt=\"\" width=\"300\" height=\"169\" srcset=\"https:\/\/wordpress.nibis.de\/nisems\/files\/2017\/10\/augusta_klein-300x169.jpg 300w, https:\/\/wordpress.nibis.de\/nisems\/files\/2017\/10\/augusta_klein.jpg 400w\" sizes=\"auto, (max-width: 300px) 100vw, 300px\" \/><strong>He<\/strong><strong>r<\/strong><strong>zog August Bibliothek<br \/>\n<\/strong><strong>Wolfenb\u00fcttel<\/strong><\/h4>\n<p style=\"text-align: center;\"><span style=\"font-size: 10pt;\"><a href=\"http:\/\/www.hab.de\" target=\"_blank\" rel=\"noopener\">zu den Webseiten &gt;&gt;<\/a><\/span><br \/>\n<span style=\"font-size: 10pt;\"><a href=\"http:\/\/www.hab.de\/de\/home\/bibliothek\/angebote-fuer-schueler.html\" target=\"_blank\" rel=\"noopener\">zu den Angeboten f\u00fcr Sch\u00fclerinnen und Sch\u00fcler &gt;&gt;<\/a><\/span><\/p>\n<\/td>\n<td style=\"width: 361px; vertical-align: top; height: 335.05px;\">\n<h4 style=\"text-align: center;\"><img loading=\"lazy\" decoding=\"async\" class=\"wp-image-1231 size-medium aligncenter\" src=\"https:\/\/wordpress.nibis.de\/nisems\/files\/2017\/10\/olb_klein5-300x169.jpg\" alt=\"Landesbibliothek Odenburg\" width=\"300\" height=\"169\" srcset=\"https:\/\/wordpress.nibis.de\/nisems\/files\/2017\/10\/olb_klein5-300x169.jpg 300w, https:\/\/wordpress.nibis.de\/nisems\/files\/2017\/10\/olb_klein5.jpg 400w\" sizes=\"auto, (max-width: 300px) 100vw, 300px\" \/><strong>Landesbibliothek<br \/>\nOldenburg<\/strong><\/h4>\n<p style=\"text-align: center;\"><span style=\"font-size: 10pt;\">\u00a0<a href=\"http:\/\/www.lb-oldenburg.de\" target=\"_blank\" rel=\"noopener\">zu den Webseiten &gt;&gt;<\/a><\/span><br \/>\n<span style=\"font-size: 10pt;\"><a href=\"http:\/\/www.lb-oldenburg.de\/benutzun\/schule\/schueler.htm\" target=\"_blank\" rel=\"noopener\">zu den Angeboten f\u00fcr Sch\u00fclerinnen und Sch\u00fcler &gt;&gt;<\/a><\/span><\/p>\n<\/td>\n<\/tr>\n<tr style=\"height: 217px;\">\n<td style=\"width: 362px; height: 217px;\"><img loading=\"lazy\" decoding=\"async\" class=\"size-full wp-image-1915 aligncenter\" src=\"https:\/\/wordpress.nibis.de\/nisems\/files\/2018\/03\/gwlb003.jpg\" alt=\"\" width=\"300\" height=\"183\" \/><\/p>\n<h4 style=\"text-align: center;\"><strong>Gottfried Wilhelm Leibniz Bibliothek<br \/>\n<\/strong><strong>Hannove<\/strong><strong>r<\/strong><\/h4>\n<p style=\"text-align: center;\"><span style=\"font-size: 10pt;\">\u00a0<a href=\"https:\/\/www.gwlb.de\" target=\"_blank\" rel=\"noopener\">zu den Webseiten &gt;&gt;<\/a><\/span><br \/>\n<a href=\"http:\/\/www.gwlb.de\/service\/Fuehrung\/form-schule-zusatz.htm\" target=\"_blank\" rel=\"noopener\"><span style=\"font-size: 10pt;\">zu den Angeboten f\u00fcr Sch\u00fclerinnen und Sch\u00fcler &gt;&gt;<\/span><\/a><\/p>\n<\/td>\n<td style=\"width: 361px; height: 217px; text-align: center;\">\n<h4><strong>Archiv und Studienst\u00e4tte der Hoffmann-von-Fallersleben-Gesellschaft<br \/>\nFallersleben<\/strong><\/h4>\n<p><span style=\"font-size: 10pt;\">\u00a0<a href=\"http:\/\/www.hoffmann-von-fallersleben-gesellschaft.de\/Forschungsstelle.html\" target=\"_blank\" rel=\"noopener\">zu den Webseiten &gt;&gt;<\/a><\/span><br \/>\n<span style=\"font-size: 10pt;\"><a href=\"http:\/\/www.hoffmann-von-fallersleben-gesellschaft.de\/Lernort.html\" target=\"_blank\" rel=\"noopener\">zu den Angeboten f\u00fcr Sch\u00fclerinnen und Sch\u00fcler &gt;&gt;<\/a><\/span><\/td>\n<\/tr>\n<\/tbody>\n<\/table>\n<hr \/>\n<p><a href=\"#\">zur\u00fcck zum Seitenanfang &gt;&gt;<\/a><\/p>\n<p>&nbsp;<\/p>\n<p>&nbsp;<\/p>\n<p>&nbsp;<\/p>\n","protected":false},"excerpt":{"rendered":"<p>Die Etablierung des Internets in den Gymnasien stellt zusammen mit Reformen im Schulsystem wissenschaftliche Bibliotheken vor besondere Herausforderungen. Hinzu kommen Wandlungsprozesse in Gesellschaft und Medien, die zu Verlusten im Bereich der Lesekompetenz und zur Vergr\u00f6\u00dferung der Schwellenangst vor Bibliotheken gef\u00fchrt haben. Die unten genannten Institutionen stellen sich diesen Herausforderungen. Sie befinden sich auf dem Weg [&hellip;]<\/p>\n","protected":false},"author":854,"featured_media":0,"parent":0,"menu_order":0,"comment_status":"closed","ping_status":"closed","template":"","meta":{"footnotes":""},"class_list":["post-72","page","type-page","status-publish","hentry"],"_links":{"self":[{"href":"https:\/\/wordpress.nibis.de\/nisems\/wp-json\/wp\/v2\/pages\/72","targetHints":{"allow":["GET"]}}],"collection":[{"href":"https:\/\/wordpress.nibis.de\/nisems\/wp-json\/wp\/v2\/pages"}],"about":[{"href":"https:\/\/wordpress.nibis.de\/nisems\/wp-json\/wp\/v2\/types\/page"}],"author":[{"embeddable":true,"href":"https:\/\/wordpress.nibis.de\/nisems\/wp-json\/wp\/v2\/users\/854"}],"replies":[{"embeddable":true,"href":"https:\/\/wordpress.nibis.de\/nisems\/wp-json\/wp\/v2\/comments?post=72"}],"version-history":[{"count":135,"href":"https:\/\/wordpress.nibis.de\/nisems\/wp-json\/wp\/v2\/pages\/72\/revisions"}],"predecessor-version":[{"id":1934,"href":"https:\/\/wordpress.nibis.de\/nisems\/wp-json\/wp\/v2\/pages\/72\/revisions\/1934"}],"wp:attachment":[{"href":"https:\/\/wordpress.nibis.de\/nisems\/wp-json\/wp\/v2\/media?parent=72"}],"curies":[{"name":"wp","href":"https:\/\/api.w.org\/{rel}","templated":true}]}}

Schülerseminare in Niedersachsen

<p>Die Etablierung des Internets in den Gymnasien stellt zusammen mit Reformen im Schulsystem wissenschaftliche Bibliotheken vor besondere Herausforderungen. Hinzu kommen Wandlungsprozesse in Gesellschaft un<img loading="lazy" decoding="async" class="size-large wp-image-1675 alignnone alignleft" src="https://wordpress.nibis.de/nisems/files/2015/11/Seminarraum010-800x450.jpg" alt="" width="300" height="169" />d Medien, die zu Verlusten im Bereich der Lesekompetenz und zur Vergrößerung der Schwellenangst vor Bibliotheken geführt haben.</p>
<p style="text-align: justify;">Die unten genannten Institutionen stellen sich diesen Herausforderungen. Sie befinden sich auf dem Weg zur „Teaching Library“, einem Ort des Lernens, wo an Konzepte, Inhalte und Fragestellungen, die die jungen Benutzer aus der Schule in die Bibliothek und in die Archive führen, angeknüpft wird.</p>
<p style="text-align: justify;">Schülerinnen und Schüler der „Generation Google“ mit ihrem allzu großen Vertrauen ins Netz erfahren, dass das gedruckte Buch und das historische Dokument als Informationsträger besondere Qualitäten besitzen. Darüber hinaus erlernen sie moderne Recherchestrategien, die weit über das einfache &#8222;Googeln&#8220; hinausgehen.</p>
<p style="text-align: justify;">Lehrerinnen und Lehrer können sich auf den folgenden Seiten über das Angebot &#8222;Schülerseminare an wissenschaftlichen Bibliotheken&#8220; informieren, einer umfassenden Form <img loading="lazy" decoding="async" class="size-large wp-image-1679 alignleft" src="https://wordpress.nibis.de/nisems/files/2015/11/Bücher003-800x450.jpg" alt="" width="300" height="169" />wissenschaftspropädeutisches Lernens. Entwickelt wurden &#8222;Schülerseminare&#8220; in  den frühen 80er Jahren des vorigen Jahrhunderts in der Herzog August Bibliothek Wolfenbüttel. Das Konzept der &#8222;Wolfenbütteler Schülerseminare&#8220; haben inzwischen auch andere Bibliotheken und Einrichtungen in Niedersachsen übernommen.</p>
<p style="text-align: justify;">Schülerinnen und Schüler finden auf diesen Seiten weitere Angebote, die ihnen Informationen für ihre Abiturvorbereitung und wertvolle Hinweise für die Anfertigung ihrer Facharbeit im Seminarfach geben.</p>
<hr />
<h3 style="text-align: center;"> Die folgenden Bibliotheken und Einrichtungen in Niedersachsen<br />
halten Angebote für Schülerinnen und Schüler bereit.</h3>
<table class=" alignleft" style="height: 143px; width: 741px;">
<tbody>
<tr style="height: 335.05px;">
<td style="width: 362px; vertical-align: top; height: 335.05px;">
<h4 style="text-align: center;"><img loading="lazy" decoding="async" class="wp-image-1236 size-medium aligncenter" src="https://wordpress.nibis.de/nisems/files/2017/10/augusta_klein-300x169.jpg" alt="" width="300" height="169" srcset="https://wordpress.nibis.de/nisems/files/2017/10/augusta_klein-300x169.jpg 300w, https://wordpress.nibis.de/nisems/files/2017/10/augusta_klein.jpg 400w" sizes="auto, (max-width: 300px) 100vw, 300px" /><strong>He</strong><strong>r</strong><strong>zog August Bibliothek<br />
</strong><strong>Wolfenbüttel</strong></h4>
<p style="text-align: center;"><span style="font-size: 10pt;"><a href="http://www.hab.de" target="_blank" rel="noopener">zu den Webseiten &gt;&gt;</a></span><br />
<span style="font-size: 10pt;"><a href="http://www.hab.de/de/home/bibliothek/angebote-fuer-schueler.html" target="_blank" rel="noopener">zu den Angeboten für Schülerinnen und Schüler &gt;&gt;</a></span></p>
</td>
<td style="width: 361px; vertical-align: top; height: 335.05px;">
<h4 style="text-align: center;"><img loading="lazy" decoding="async" class="wp-image-1231 size-medium aligncenter" src="https://wordpress.nibis.de/nisems/files/2017/10/olb_klein5-300x169.jpg" alt="Landesbibliothek Odenburg" width="300" height="169" srcset="https://wordpress.nibis.de/nisems/files/2017/10/olb_klein5-300x169.jpg 300w, https://wordpress.nibis.de/nisems/files/2017/10/olb_klein5.jpg 400w" sizes="auto, (max-width: 300px) 100vw, 300px" /><strong>Landesbibliothek<br />
Oldenburg</strong></h4>
<p style="text-align: center;"><span style="font-size: 10pt;"> <a href="http://www.lb-oldenburg.de" target="_blank" rel="noopener">zu den Webseiten &gt;&gt;</a></span><br />
<span style="font-size: 10pt;"><a href="http://www.lb-oldenburg.de/benutzun/schule/schueler.htm" target="_blank" rel="noopener">zu den Angeboten für Schülerinnen und Schüler &gt;&gt;</a></span></p>
</td>
</tr>
<tr style="height: 217px;">
<td style="width: 362px; height: 217px;"><img loading="lazy" decoding="async" class="size-full wp-image-1915 aligncenter" src="https://wordpress.nibis.de/nisems/files/2018/03/gwlb003.jpg" alt="" width="300" height="183" /></p>
<h4 style="text-align: center;"><strong>Gottfried Wilhelm Leibniz Bibliothek<br />
</strong><strong>Hannove</strong><strong>r</strong></h4>
<p style="text-align: center;"><span style="font-size: 10pt;"> <a href="https://www.gwlb.de" target="_blank" rel="noopener">zu den Webseiten &gt;&gt;</a></span><br />
<a href="http://www.gwlb.de/service/Fuehrung/form-schule-zusatz.htm" target="_blank" rel="noopener"><span style="font-size: 10pt;">zu den Angeboten für Schülerinnen und Schüler &gt;&gt;</span></a></p>
</td>
<td style="width: 361px; height: 217px; text-align: center;">
<h4><strong>Archiv und Studienstätte der Hoffmann-von-Fallersleben-Gesellschaft<br />
Fallersleben</strong></h4>
<p><span style="font-size: 10pt;"> <a href="http://www.hoffmann-von-fallersleben-gesellschaft.de/Forschungsstelle.html" target="_blank" rel="noopener">zu den Webseiten &gt;&gt;</a></span><br />
<span style="font-size: 10pt;"><a href="http://www.hoffmann-von-fallersleben-gesellschaft.de/Lernort.html" target="_blank" rel="noopener">zu den Angeboten für Schülerinnen und Schüler &gt;&gt;</a></span></td>
</tr>
</tbody>
</table>
<hr />
<p><a href="#">zurück zum Seitenanfang &gt;&gt;</a></p>
<p>&nbsp;</p>
<p>&nbsp;</p>
<p>&nbsp;</p>

<p>Die Etablierung des Internets in den Gymnasien stellt zusammen mit Reformen im Schulsystem wissenschaftliche Bibliotheken vor besondere Herausforderungen. Hinzu kommen Wandlungsprozesse in Gesellschaft und Medien, die zu Verlusten im Bereich der Lesekompetenz und zur Vergrößerung der Schwellenangst vor Bibliotheken geführt haben. Die unten genannten Institutionen stellen sich diesen Herausforderungen. Sie befinden sich auf dem Weg [&hellip;]</p>
