{"id":117,"date":"2023-06-19T21:31:14","date_gmt":"2023-06-19T19:31:14","guid":{"rendered":"https:\/\/wordpress.nibis.de\/nordloh\/?page_id=117"},"modified":"2025-07-14T12:40:39","modified_gmt":"2025-07-14T10:40:39","slug":"schulform","status":"publish","type":"page","link":"https:\/\/wordpress.nibis.de\/nordloh\/schulform\/","title":{"rendered":"Schulform"},"content":{"rendered":"\n<p>Die Grundschule Nordloh ist eine kleine einz\u00fcgige &#8222;Verl\u00e4ssliche Grundschule&#8220;.<br>Das bedeutet:<\/p>\n\n\n\n<figure class=\"wp-block-table\"><table><tbody><tr><td>*<\/td><td>Alle Kinder haben eine t\u00e4gliche verl\u00e4ssliche Unterrichtszeit von 7:35 Uhr bis 12:30 Uhr.<\/td><\/tr><tr><td>*<\/td><td>Im 1. und 2. Schuljahr haben die Kinder t\u00e4glich 4 Stunden Unterricht. Au\u00dferdem haben sie die M\u00f6glichkeit an einem einst\u00fcndigen Betreuungsangebot teilzunehmen. Davon wird rege Gebrauch gemacht.<\/td><\/tr><tr><td>*<\/td><td>Im 3. und 4. Schuljahr werden t\u00e4glich 5 Stunden Unterricht erteilt. In einigen sechsten Stunden finden Unterricht, Arbeitsgemeinschaften oder F\u00f6rderunterricht statt.<\/td><\/tr><tr><td>*<\/td><td>Unterrichtsausfall gibt es in der Regel nicht mehr. Die Unterrichtsstunden abwesender Lehrer werden von unseren P\u00e4dagogischen Mitarbeiterinnen betreut, die aus einem der Schule zugewiesenen Budget bezahlt werden.<br>Ausfallende sechste Stunden werden nicht vertreten.<\/td><\/tr><tr><td>*<\/td><td>Im 3. und 4. Schuljahr gibt es Englischunterricht.<\/td><\/tr><\/tbody><\/table><\/figure>\n\n\n\n<p>F\u00fcr uns hat sich die Umwandlung in eine &#8222;Verl\u00e4ssliche Grundschule&#8220; positiv ausgewirkt.<\/p>\n\n\n\n<p>Seit dem Schuljahr 2013\/2014 sind alle Grundschulen in Niedersachsen &#8222;inklusive Schulen&#8220;,  d. h. ALLE Kinder k\u00f6nnen zusammen in einer Klasse lernen. <\/p>\n","protected":false},"excerpt":{"rendered":"<p>Die Grundschule Nordloh ist eine kleine einz\u00fcgige &#8222;Verl\u00e4ssliche Grundschule&#8220;.Das bedeutet: * Alle Kinder haben eine t\u00e4gliche verl\u00e4ssliche Unterrichtszeit von 7:35 Uhr bis 12:30 Uhr. * Im 1. und 2. Schuljahr haben die Kinder t\u00e4glich 4 Stunden Unterricht. Au\u00dferdem haben sie &hellip; <a href=\"https:\/\/wordpress.nibis.de\/nordloh\/schulform\/\">Weiterlesen <span class=\"meta-nav\">&rarr;<\/span><\/a><\/p>\n","protected":false},"author":9194123,"featured_media":0,"parent":0,"menu_order":0,"comment_status":"closed","ping_status":"closed","template":"","meta":{"footnotes":""},"class_list":["post-117","page","type-page","status-publish","hentry"],"_links":{"self":[{"href":"https:\/\/wordpress.nibis.de\/nordloh\/wp-json\/wp\/v2\/pages\/117","targetHints":{"allow":["GET"]}}],"collection":[{"href":"https:\/\/wordpress.nibis.de\/nordloh\/wp-json\/wp\/v2\/pages"}],"about":[{"href":"https:\/\/wordpress.nibis.de\/nordloh\/wp-json\/wp\/v2\/types\/page"}],"author":[{"embeddable":true,"href":"https:\/\/wordpress.nibis.de\/nordloh\/wp-json\/wp\/v2\/users\/9194123"}],"replies":[{"embeddable":true,"href":"https:\/\/wordpress.nibis.de\/nordloh\/wp-json\/wp\/v2\/comments?post=117"}],"version-history":[{"count":6,"href":"https:\/\/wordpress.nibis.de\/nordloh\/wp-json\/wp\/v2\/pages\/117\/revisions"}],"predecessor-version":[{"id":1103,"href":"https:\/\/wordpress.nibis.de\/nordloh\/wp-json\/wp\/v2\/pages\/117\/revisions\/1103"}],"wp:attachment":[{"href":"https:\/\/wordpress.nibis.de\/nordloh\/wp-json\/wp\/v2\/media?parent=117"}],"curies":[{"name":"wp","href":"https:\/\/api.w.org\/{rel}","templated":true}]}}