{"id":158,"date":"2023-06-20T15:20:46","date_gmt":"2023-06-20T13:20:46","guid":{"rendered":"https:\/\/wordpress.nibis.de\/nordloh\/?page_id=158"},"modified":"2025-09-19T08:56:14","modified_gmt":"2025-09-19T06:56:14","slug":"elternrat","status":"publish","type":"page","link":"https:\/\/wordpress.nibis.de\/nordloh\/elternrat\/","title":{"rendered":"Schulelternrat"},"content":{"rendered":"\n<p class=\"has-medium-font-size\">Schuljahr 2025\/2026:<\/p>\n\n\n\n<p>Da unsere beiden Elternvertreter, die im September 2024 gew\u00e4hlt wurden, in diesem Schuljahr keine Kinder mehr an unserer Schule haben, wird im September 2025 f\u00fcr ein Jahr nachgew\u00e4hlt.<\/p>\n\n\n\n<div class=\"wp-block-columns is-layout-flex wp-container-core-columns-is-layout-abceabcf wp-block-columns-is-layout-flex\">\n<div class=\"wp-block-column is-layout-flow wp-block-column-is-layout-flow\" style=\"--col-width:100%;flex-basis:100%\">\n<figure class=\"wp-block-table\"><table><tbody><tr><td>Vorsitzende des Elternrates:       Frau Jacqueline J\u00fcrgens                   <\/td><td><\/td><\/tr><tr><td>Stellvertretender Vorsitzender: Herr Carsten M\u00fcller                                                     <\/td><td><\/td><\/tr><\/tbody><\/table><\/figure>\n<\/div>\n<\/div>\n\n\n\n<p>                 <\/p>\n\n\n\n<p>                                          <\/p>\n","protected":false},"excerpt":{"rendered":"<p>Schuljahr 2025\/2026: Da unsere beiden Elternvertreter, die im September 2024 gew\u00e4hlt wurden, in diesem Schuljahr keine Kinder mehr an unserer Schule haben, wird im September 2025 f\u00fcr ein Jahr nachgew\u00e4hlt. Vorsitzende des Elternrates: Frau Jacqueline J\u00fcrgens Stellvertretender Vorsitzender: Herr Carsten &hellip; <a href=\"https:\/\/wordpress.nibis.de\/nordloh\/elternrat\/\">Weiterlesen <span class=\"meta-nav\">&rarr;<\/span><\/a><\/p>\n","protected":false},"author":9194123,"featured_media":0,"parent":0,"menu_order":0,"comment_status":"closed","ping_status":"closed","template":"","meta":{"footnotes":""},"class_list":["post-158","page","type-page","status-publish","hentry"],"_links":{"self":[{"href":"https:\/\/wordpress.nibis.de\/nordloh\/wp-json\/wp\/v2\/pages\/158","targetHints":{"allow":["GET"]}}],"collection":[{"href":"https:\/\/wordpress.nibis.de\/nordloh\/wp-json\/wp\/v2\/pages"}],"about":[{"href":"https:\/\/wordpress.nibis.de\/nordloh\/wp-json\/wp\/v2\/types\/page"}],"author":[{"embeddable":true,"href":"https:\/\/wordpress.nibis.de\/nordloh\/wp-json\/wp\/v2\/users\/9194123"}],"replies":[{"embeddable":true,"href":"https:\/\/wordpress.nibis.de\/nordloh\/wp-json\/wp\/v2\/comments?post=158"}],"version-history":[{"count":8,"href":"https:\/\/wordpress.nibis.de\/nordloh\/wp-json\/wp\/v2\/pages\/158\/revisions"}],"predecessor-version":[{"id":1179,"href":"https:\/\/wordpress.nibis.de\/nordloh\/wp-json\/wp\/v2\/pages\/158\/revisions\/1179"}],"wp:attachment":[{"href":"https:\/\/wordpress.nibis.de\/nordloh\/wp-json\/wp\/v2\/media?parent=158"}],"curies":[{"name":"wp","href":"https:\/\/api.w.org\/{rel}","templated":true}]}}