{"id":270,"date":"2023-09-05T12:37:15","date_gmt":"2023-09-05T10:37:15","guid":{"rendered":"https:\/\/wordpress.nibis.de\/nordloh\/?page_id=270"},"modified":"2023-09-05T15:06:12","modified_gmt":"2023-09-05T13:06:12","slug":"projektzeitraum-2015-2017","status":"publish","type":"page","link":"https:\/\/wordpress.nibis.de\/nordloh\/projektzeitraum-2015-2017\/","title":{"rendered":"Projektzeitraum 2015-2017"},"content":{"rendered":"\n<p class=\"has-medium-font-size\"><span style=\"text-decoration: underline\" class=\"underline\"><strong>Handlungsfeld 1:<\/strong> Artenvielfalt auf den Schulgel\u00e4nde<\/span><br>Im Fr\u00fchjahr 2016 suchten wir auf dem Schulgel\u00e4nde nach Nistk\u00e4sten und Nistpl\u00e4tzen. Diese trugen wir auf einem Plan ein.<\/p>\n\n\n\n<p class=\"has-medium-font-size\">Nun werden wir beobachten, ob die Nistk\u00e4sten noch genutzt werden und welche V\u00f6gel dort br\u00fcten.<\/p>\n\n\n\n<p class=\"has-medium-font-size\">Im n\u00e4chsten Schritt werden alte Nistk\u00e4sten entfernt und die Nistk\u00e4sten regelm\u00e4\u00dfig ges\u00e4ubert.<\/p>\n\n\n\n<figure class=\"wp-block-image size-full is-resized\"><img loading=\"lazy\" decoding=\"async\" src=\"https:\/\/wordpress.nibis.de\/nordloh\/files\/2023\/09\/16-nk-2.jpg\" alt=\"\" class=\"wp-image-275\" width=\"395\" height=\"399\" srcset=\"https:\/\/wordpress.nibis.de\/nordloh\/files\/2023\/09\/16-nk-2.jpg 395w, https:\/\/wordpress.nibis.de\/nordloh\/files\/2023\/09\/16-nk-2-297x300.jpg 297w\" sizes=\"auto, (max-width: 395px) 100vw, 395px\" \/><\/figure>\n\n\n\n<p style=\"font-size:24px\"><\/p>\n\n\n\n<div class=\"wp-block-group\"><div class=\"wp-block-group__inner-container is-layout-flow wp-block-group-is-layout-flow\">\n<figure class=\"wp-block-image size-full is-resized\"><img loading=\"lazy\" decoding=\"async\" src=\"https:\/\/wordpress.nibis.de\/nordloh\/files\/2023\/09\/16-nk-9.jpg\" alt=\"\" class=\"wp-image-274\" width=\"355\" height=\"457\" srcset=\"https:\/\/wordpress.nibis.de\/nordloh\/files\/2023\/09\/16-nk-9.jpg 355w, https:\/\/wordpress.nibis.de\/nordloh\/files\/2023\/09\/16-nk-9-233x300.jpg 233w\" sizes=\"auto, (max-width: 355px) 100vw, 355px\" \/><\/figure>\n<\/div><\/div>\n\n\n\n<p><\/p>\n\n\n\n<p><\/p>\n\n\n\n<p class=\"has-medium-font-size\"><span style=\"text-decoration: underline\" class=\"underline\"><strong>Handlungsfeld 2: <\/strong>Wir gestalten unsere Schulbeete neu<\/span><\/p>\n\n\n\n<p class=\"has-medium-font-size\">Da die Gem\u00fcsebeete immer wieder von Rasen und Unkraut \u00fcberwucherten, wollen wir diesen Bereich umgestalten.<\/p>\n\n\n\n<p class=\"has-medium-font-size\">Im Herbst 2015 haben wir den Schredder zwischen den Beeten und die Einfassungen&nbsp;entfernt.<\/p>\n\n\n\n<p class=\"has-medium-font-size\">Im Fr\u00fchjahr 2016 wurden drei Hochbeete aufgebaut, die sp\u00e4ter bepflanzt wurden.<\/p>\n\n\n\n<figure class=\"wp-block-image size-full\"><img loading=\"lazy\" decoding=\"async\" width=\"451\" height=\"338\" src=\"https:\/\/wordpress.nibis.de\/nordloh\/files\/2023\/09\/15-beete.jpg\" alt=\"\" class=\"wp-image-315\" srcset=\"https:\/\/wordpress.nibis.de\/nordloh\/files\/2023\/09\/15-beete.jpg 451w, https:\/\/wordpress.nibis.de\/nordloh\/files\/2023\/09\/15-beete-300x225.jpg 300w\" sizes=\"auto, (max-width: 451px) 100vw, 451px\" \/><\/figure>\n\n\n\n<figure class=\"wp-block-image size-full\"><img loading=\"lazy\" decoding=\"async\" width=\"451\" height=\"338\" src=\"https:\/\/wordpress.nibis.de\/nordloh\/files\/2023\/09\/15-beete1.jpg\" alt=\"\" class=\"wp-image-316\" srcset=\"https:\/\/wordpress.nibis.de\/nordloh\/files\/2023\/09\/15-beete1.jpg 451w, https:\/\/wordpress.nibis.de\/nordloh\/files\/2023\/09\/15-beete1-300x225.jpg 300w\" sizes=\"auto, (max-width: 451px) 100vw, 451px\" \/><\/figure>\n\n\n\n<figure class=\"wp-block-image size-full\"><img loading=\"lazy\" decoding=\"async\" width=\"338\" height=\"451\" src=\"https:\/\/wordpress.nibis.de\/nordloh\/files\/2023\/09\/16-sgf-11.jpg\" alt=\"\" class=\"wp-image-317\" srcset=\"https:\/\/wordpress.nibis.de\/nordloh\/files\/2023\/09\/16-sgf-11.jpg 338w, https:\/\/wordpress.nibis.de\/nordloh\/files\/2023\/09\/16-sgf-11-225x300.jpg 225w\" sizes=\"auto, (max-width: 338px) 100vw, 338px\" \/><\/figure>\n\n\n\n<figure class=\"wp-block-image size-full\"><img loading=\"lazy\" decoding=\"async\" width=\"451\" height=\"338\" src=\"https:\/\/wordpress.nibis.de\/nordloh\/files\/2023\/09\/16-sgf-15.jpg\" alt=\"\" class=\"wp-image-318\" srcset=\"https:\/\/wordpress.nibis.de\/nordloh\/files\/2023\/09\/16-sgf-15.jpg 451w, https:\/\/wordpress.nibis.de\/nordloh\/files\/2023\/09\/16-sgf-15-300x225.jpg 300w\" sizes=\"auto, (max-width: 451px) 100vw, 451px\" \/><\/figure>\n","protected":false},"excerpt":{"rendered":"<p>Handlungsfeld 1: Artenvielfalt auf den Schulgel\u00e4ndeIm Fr\u00fchjahr 2016 suchten wir auf dem Schulgel\u00e4nde nach Nistk\u00e4sten und Nistpl\u00e4tzen. Diese trugen wir auf einem Plan ein. Nun werden wir beobachten, ob die Nistk\u00e4sten noch genutzt werden und welche V\u00f6gel dort br\u00fcten. Im &hellip; <a href=\"https:\/\/wordpress.nibis.de\/nordloh\/projektzeitraum-2015-2017\/\">Weiterlesen <span class=\"meta-nav\">&rarr;<\/span><\/a><\/p>\n","protected":false},"author":9194123,"featured_media":0,"parent":0,"menu_order":0,"comment_status":"closed","ping_status":"closed","template":"","meta":{"footnotes":""},"class_list":["post-270","page","type-page","status-publish","hentry"],"_links":{"self":[{"href":"https:\/\/wordpress.nibis.de\/nordloh\/wp-json\/wp\/v2\/pages\/270","targetHints":{"allow":["GET"]}}],"collection":[{"href":"https:\/\/wordpress.nibis.de\/nordloh\/wp-json\/wp\/v2\/pages"}],"about":[{"href":"https:\/\/wordpress.nibis.de\/nordloh\/wp-json\/wp\/v2\/types\/page"}],"author":[{"embeddable":true,"href":"https:\/\/wordpress.nibis.de\/nordloh\/wp-json\/wp\/v2\/users\/9194123"}],"replies":[{"embeddable":true,"href":"https:\/\/wordpress.nibis.de\/nordloh\/wp-json\/wp\/v2\/comments?post=270"}],"version-history":[{"count":4,"href":"https:\/\/wordpress.nibis.de\/nordloh\/wp-json\/wp\/v2\/pages\/270\/revisions"}],"predecessor-version":[{"id":320,"href":"https:\/\/wordpress.nibis.de\/nordloh\/wp-json\/wp\/v2\/pages\/270\/revisions\/320"}],"wp:attachment":[{"href":"https:\/\/wordpress.nibis.de\/nordloh\/wp-json\/wp\/v2\/media?parent=270"}],"curies":[{"name":"wp","href":"https:\/\/api.w.org\/{rel}","templated":true}]}}