{"id":797,"date":"2024-11-19T12:17:07","date_gmt":"2024-11-19T11:17:07","guid":{"rendered":"https:\/\/wordpress.nibis.de\/nordloh\/?page_id=797"},"modified":"2026-03-18T07:48:46","modified_gmt":"2026-03-18T06:48:46","slug":"schulanmeldung","status":"publish","type":"page","link":"https:\/\/wordpress.nibis.de\/nordloh\/schulanmeldung\/","title":{"rendered":"Schulanmeldung"},"content":{"rendered":"\n<p>Hier finden Sie alle Unterlagen und Formulare, die Sie f\u00fcr die Anmeldung Ihres Kindes ben\u00f6tigen.<\/p>\n\n\n\n<p class=\"has-text-color\" style=\"color:#ea0d0d\">Wir weisen darauf hin, dass einige Dateien bei der Nutzung \u00fcber den &#8222;Safari-Browser&#8220; nicht korrekt dargestellt werden.<\/p>\n\n\n\n<p>1. <a href=\"https:\/\/wordpress.nibis.de\/nordloh\/files\/2026\/03\/1_Anmeldebogen-GS-Nordloh-Stand-Maerz_2026.pdf\">Anmeldebogen<\/a><\/p>\n\n\n\n<p>2. <a href=\"https:\/\/wordpress.nibis.de\/nordloh\/files\/2026\/02\/2_Einverstaendniserklaerung-Nordloh-Bild-etc.-Stand-2026.pdf\">Information und Einverst\u00e4ndniserkl\u00e4rung<\/a>, allgemein<\/p>\n\n\n\n<p>3. <a href=\"https:\/\/wordpress.nibis.de\/nordloh\/files\/2026\/03\/3_Zustimmung-Schulhund-DSGV-Religi-zahnUnters_Stand-18_3_2026_Schuljahr_2027.pdf\">Einverst\u00e4ndniserkl\u00e4rungen<\/a> zu folgenden Informationsbl\u00e4ttern:<\/p>\n\n\n\n<p>a) <a href=\"https:\/\/wordpress.nibis.de\/nordloh\/files\/2026\/02\/3a_ElternmitteilungDatenschutz-2026.pdf\">Datenschutzgrundverordnung<\/a> <\/p>\n\n\n\n<p>b) <a href=\"https:\/\/wordpress.nibis.de\/nordloh\/files\/2026\/02\/3b_Belehrungsbogen-Infektionsschutz_Eltern_2026.pdf\">Infektionsschutzgesetz<\/a><\/p>\n\n\n\n<p>c) <a href=\"https:\/\/wordpress.nibis.de\/nordloh\/files\/2026\/02\/3c_Datenschutzerklaerung-Zahnaerztliche-Untersuchung-2-2026.pdf\">Zahn\u00e4rztliche Untersuchung<\/a> und <a href=\"https:\/\/wordpress.nibis.de\/nordloh\/files\/2026\/02\/3c_Zaehne-einfaerben-und-Fluorideinbuersten.pdf\">Prophylaxe<\/a><\/p>\n\n\n\n<p>d) <a href=\"https:\/\/wordpress.nibis.de\/nordloh\/files\/2026\/02\/3d_Information-Schulhund_2026.pdf\">Informationen &#8222;Schulhund&#8220;<\/a><\/p>\n\n\n\n<p>4.<a href=\"https:\/\/wordpress.nibis.de\/nordloh\/files\/2026\/02\/4_Waffenerlass-Stand-12-02-2026.pdf\"> Information zum Verbot des Mitbringens von gef\u00e4hrlichen Gegenst\u00e4nden <\/a><\/p>\n\n\n\n<p><\/p>\n\n\n\n<p><\/p>\n\n\n\n<p>Bitte laden Sie diese Dateien herunter oder holen Sie sich alle Unterlagen im Sekretariat zu den \u00d6ffnungszeiten heraus.<\/p>\n\n\n\n<p>Bitte bringen Sie alle Formulare ausgef\u00fcllt zu Ihrem Schulanmeldungstermin mit.<\/p>\n\n\n\n<p>Vielen Dank!<\/p>\n","protected":false},"excerpt":{"rendered":"<p>Hier finden Sie alle Unterlagen und Formulare, die Sie f\u00fcr die Anmeldung Ihres Kindes ben\u00f6tigen. Wir weisen darauf hin, dass einige Dateien bei der Nutzung \u00fcber den &#8222;Safari-Browser&#8220; nicht korrekt dargestellt werden. 1. Anmeldebogen 2. Information und Einverst\u00e4ndniserkl\u00e4rung, allgemein 3. &hellip; <a href=\"https:\/\/wordpress.nibis.de\/nordloh\/schulanmeldung\/\">Weiterlesen <span class=\"meta-nav\">&rarr;<\/span><\/a><\/p>\n","protected":false},"author":9194123,"featured_media":0,"parent":0,"menu_order":0,"comment_status":"closed","ping_status":"closed","template":"","meta":{"footnotes":""},"class_list":["post-797","page","type-page","status-publish","hentry"],"_links":{"self":[{"href":"https:\/\/wordpress.nibis.de\/nordloh\/wp-json\/wp\/v2\/pages\/797","targetHints":{"allow":["GET"]}}],"collection":[{"href":"https:\/\/wordpress.nibis.de\/nordloh\/wp-json\/wp\/v2\/pages"}],"about":[{"href":"https:\/\/wordpress.nibis.de\/nordloh\/wp-json\/wp\/v2\/types\/page"}],"author":[{"embeddable":true,"href":"https:\/\/wordpress.nibis.de\/nordloh\/wp-json\/wp\/v2\/users\/9194123"}],"replies":[{"embeddable":true,"href":"https:\/\/wordpress.nibis.de\/nordloh\/wp-json\/wp\/v2\/comments?post=797"}],"version-history":[{"count":31,"href":"https:\/\/wordpress.nibis.de\/nordloh\/wp-json\/wp\/v2\/pages\/797\/revisions"}],"predecessor-version":[{"id":1377,"href":"https:\/\/wordpress.nibis.de\/nordloh\/wp-json\/wp\/v2\/pages\/797\/revisions\/1377"}],"wp:attachment":[{"href":"https:\/\/wordpress.nibis.de\/nordloh\/wp-json\/wp\/v2\/media?parent=797"}],"curies":[{"name":"wp","href":"https:\/\/api.w.org\/{rel}","templated":true}]}}