{"id":937,"date":"2025-03-12T12:24:49","date_gmt":"2025-03-12T11:24:49","guid":{"rendered":"https:\/\/wordpress.nibis.de\/nordloh\/?page_id=937"},"modified":"2025-03-17T13:44:05","modified_gmt":"2025-03-17T12:44:05","slug":"projekt-stark-auch-ohne-muckis","status":"publish","type":"page","link":"https:\/\/wordpress.nibis.de\/nordloh\/projekt-stark-auch-ohne-muckis\/","title":{"rendered":"Projekt &#8222;Stark auch ohne Muckis&#8220;"},"content":{"rendered":"\n<p style=\"font-size:18px\">Im November 2024 haben die Kinder der Klasse 2, 3 und 4 am Pr\u00e4ventionstraining &#8222;Stark auch ohne Muckis&#8220; teilgenommen. <\/p>\n\n\n\n<figure class=\"wp-block-gallery has-nested-images columns-default is-cropped wp-block-gallery-1 is-layout-flex wp-block-gallery-is-layout-flex\">\n<figure class=\"wp-block-image size-large\"><img loading=\"lazy\" decoding=\"async\" width=\"1024\" height=\"768\" data-id=\"944\" src=\"https:\/\/wordpress.nibis.de\/nordloh\/files\/2025\/03\/24-stark-4.jpg\" alt=\"\" class=\"wp-image-944\" srcset=\"https:\/\/wordpress.nibis.de\/nordloh\/files\/2025\/03\/24-stark-4.jpg 1024w, https:\/\/wordpress.nibis.de\/nordloh\/files\/2025\/03\/24-stark-4-300x225.jpg 300w, https:\/\/wordpress.nibis.de\/nordloh\/files\/2025\/03\/24-stark-4-800x600.jpg 800w, https:\/\/wordpress.nibis.de\/nordloh\/files\/2025\/03\/24-stark-4-768x576.jpg 768w\" sizes=\"auto, (max-width: 1024px) 100vw, 1024px\" \/><\/figure>\n\n\n\n<figure class=\"wp-block-image size-large\"><img loading=\"lazy\" decoding=\"async\" width=\"1024\" height=\"768\" data-id=\"943\" src=\"https:\/\/wordpress.nibis.de\/nordloh\/files\/2025\/03\/24-stark-3.jpg\" alt=\"\" class=\"wp-image-943\" srcset=\"https:\/\/wordpress.nibis.de\/nordloh\/files\/2025\/03\/24-stark-3.jpg 1024w, https:\/\/wordpress.nibis.de\/nordloh\/files\/2025\/03\/24-stark-3-300x225.jpg 300w, https:\/\/wordpress.nibis.de\/nordloh\/files\/2025\/03\/24-stark-3-800x600.jpg 800w, https:\/\/wordpress.nibis.de\/nordloh\/files\/2025\/03\/24-stark-3-768x576.jpg 768w\" sizes=\"auto, (max-width: 1024px) 100vw, 1024px\" \/><\/figure>\n<\/figure>\n\n\n\n<p style=\"font-size:18px\">In drei 90-min\u00fctigen Unterrichtseinheiten wurden in motivierenden \u00dcbungen und Rollenspielen viele Aspekte der Pers\u00f6nlichkeitsentwicklung thematisiert. Mit wenigen klaren Regeln und Vereinbarungen schuf die Trainerin Mareike Harms eine sichere Umgebung, in der sich die Kinder ausprobieren und das gelernte Wissen anwenden konnten: Selbstbewusstes Auftreten, respektvoller Umgang miteinander, positive Verst\u00e4rkung, W\u00fcnsche klar, h\u00f6flich und ruhig formulieren, Grenzen gegen\u00fcber anderen Kindern setzen und Grenzen von anderen respektieren lernen.<\/p>\n\n\n\n<figure class=\"wp-block-gallery has-nested-images columns-default is-cropped wp-block-gallery-2 is-layout-flex wp-block-gallery-is-layout-flex\">\n<figure class=\"wp-block-image size-large\"><img loading=\"lazy\" decoding=\"async\" width=\"1024\" height=\"768\" data-id=\"951\" src=\"https:\/\/wordpress.nibis.de\/nordloh\/files\/2025\/03\/24-stark-2.jpg\" alt=\"\" class=\"wp-image-951\" srcset=\"https:\/\/wordpress.nibis.de\/nordloh\/files\/2025\/03\/24-stark-2.jpg 1024w, https:\/\/wordpress.nibis.de\/nordloh\/files\/2025\/03\/24-stark-2-300x225.jpg 300w, https:\/\/wordpress.nibis.de\/nordloh\/files\/2025\/03\/24-stark-2-800x600.jpg 800w, https:\/\/wordpress.nibis.de\/nordloh\/files\/2025\/03\/24-stark-2-768x576.jpg 768w\" sizes=\"auto, (max-width: 1024px) 100vw, 1024px\" \/><\/figure>\n\n\n\n<figure class=\"wp-block-image size-large\"><img loading=\"lazy\" decoding=\"async\" width=\"1024\" height=\"768\" data-id=\"950\" src=\"https:\/\/wordpress.nibis.de\/nordloh\/files\/2025\/03\/24-stark-8.jpg\" alt=\"\" class=\"wp-image-950\" srcset=\"https:\/\/wordpress.nibis.de\/nordloh\/files\/2025\/03\/24-stark-8.jpg 1024w, https:\/\/wordpress.nibis.de\/nordloh\/files\/2025\/03\/24-stark-8-300x225.jpg 300w, https:\/\/wordpress.nibis.de\/nordloh\/files\/2025\/03\/24-stark-8-800x600.jpg 800w, https:\/\/wordpress.nibis.de\/nordloh\/files\/2025\/03\/24-stark-8-768x576.jpg 768w\" sizes=\"auto, (max-width: 1024px) 100vw, 1024px\" \/><\/figure>\n\n\n\n<figure class=\"wp-block-image size-large\"><img loading=\"lazy\" decoding=\"async\" width=\"432\" height=\"768\" data-id=\"945\" src=\"https:\/\/wordpress.nibis.de\/nordloh\/files\/2025\/03\/24-stark-5.jpg\" alt=\"\" class=\"wp-image-945\" srcset=\"https:\/\/wordpress.nibis.de\/nordloh\/files\/2025\/03\/24-stark-5.jpg 432w, https:\/\/wordpress.nibis.de\/nordloh\/files\/2025\/03\/24-stark-5-169x300.jpg 169w, https:\/\/wordpress.nibis.de\/nordloh\/files\/2025\/03\/24-stark-5-338x600.jpg 338w\" sizes=\"auto, (max-width: 432px) 100vw, 432px\" \/><\/figure>\n<\/figure>\n\n\n\n<p>Wir bedanken uns sehr herzlich bei unserem F\u00f6rderverein f\u00fcr die gro\u00dfz\u00fcgige finanzielle Unterst\u00fctzung und die Gewinnung der EWE-Stiftung als zus\u00e4tzlichen Sponsor.<\/p>\n","protected":false},"excerpt":{"rendered":"<p>Im November 2024 haben die Kinder der Klasse 2, 3 und 4 am Pr\u00e4ventionstraining &#8222;Stark auch ohne Muckis&#8220; teilgenommen. In drei 90-min\u00fctigen Unterrichtseinheiten wurden in motivierenden \u00dcbungen und Rollenspielen viele Aspekte der Pers\u00f6nlichkeitsentwicklung thematisiert. Mit wenigen klaren Regeln und Vereinbarungen &hellip; <a href=\"https:\/\/wordpress.nibis.de\/nordloh\/projekt-stark-auch-ohne-muckis\/\">Weiterlesen <span class=\"meta-nav\">&rarr;<\/span><\/a><\/p>\n","protected":false},"author":9194123,"featured_media":0,"parent":0,"menu_order":0,"comment_status":"closed","ping_status":"closed","template":"","meta":{"footnotes":""},"class_list":["post-937","page","type-page","status-publish","hentry"],"_links":{"self":[{"href":"https:\/\/wordpress.nibis.de\/nordloh\/wp-json\/wp\/v2\/pages\/937","targetHints":{"allow":["GET"]}}],"collection":[{"href":"https:\/\/wordpress.nibis.de\/nordloh\/wp-json\/wp\/v2\/pages"}],"about":[{"href":"https:\/\/wordpress.nibis.de\/nordloh\/wp-json\/wp\/v2\/types\/page"}],"author":[{"embeddable":true,"href":"https:\/\/wordpress.nibis.de\/nordloh\/wp-json\/wp\/v2\/users\/9194123"}],"replies":[{"embeddable":true,"href":"https:\/\/wordpress.nibis.de\/nordloh\/wp-json\/wp\/v2\/comments?post=937"}],"version-history":[{"count":6,"href":"https:\/\/wordpress.nibis.de\/nordloh\/wp-json\/wp\/v2\/pages\/937\/revisions"}],"predecessor-version":[{"id":961,"href":"https:\/\/wordpress.nibis.de\/nordloh\/wp-json\/wp\/v2\/pages\/937\/revisions\/961"}],"wp:attachment":[{"href":"https:\/\/wordpress.nibis.de\/nordloh\/wp-json\/wp\/v2\/media?parent=937"}],"curies":[{"name":"wp","href":"https:\/\/api.w.org\/{rel}","templated":true}]}}