{"id":1460,"date":"2016-08-27T02:44:25","date_gmt":"2016-08-27T00:44:25","guid":{"rendered":"http:\/\/wordpress.nibis.de\/obsbassum\/?page_id=1460"},"modified":"2019-04-04T13:17:58","modified_gmt":"2019-04-04T11:17:58","slug":"eltern-schuelerinfo-zur-abschlusspruefung","status":"publish","type":"page","link":"https:\/\/wordpress.nibis.de\/obsbassum\/eltern-schuelerinfo-zur-abschlusspruefung\/","title":{"rendered":"Eltern-\/ Sch\u00fclerinfo zur Abschlusspr\u00fcfung"},"content":{"rendered":"<p style=\"text-align: justify\"><span style=\"color: #cca600;font-size: 12pt\"><span style=\"font-family: book antiqua, palatino, serif\"><a style=\"color: #cca600;text-decoration: underline\" href=\"http:\/\/wordpress.nibis.de\/obsbassum\/files\/2016\/08\/160520_ZAP_Elterm_Sch\u00fclerinfo-2017_Abschlusspr\u00fcfung.doc\"><span style=\"color: #000000;font-family: arial, helvetica, sans-serif\">Eltern- und Sch\u00fclerinformation (Wordversion)<\/span><\/a><\/span><\/span><\/p>\n<p style=\"text-align: justify\"><span style=\"color: #000000;font-family: arial, helvetica, sans-serif;font-size: 12pt\"><a style=\"color: #000000;text-decoration: underline\" href=\"http:\/\/wordpress.nibis.de\/obsbassum\/files\/2016\/08\/160520_ZAP_Elterm_Sch\u00fclerinfo-2017_Abschlusspr\u00fcfung.doc\">2017 Abschlusspr\u00fcfung<\/a> (Wordversion)<\/span><\/p>\n<p style=\"text-align: justify\"><span style=\"color: #000000;font-family: arial, helvetica, sans-serif;font-size: 12pt\"><a style=\"color: #000000;text-decoration: underline\" href=\"http:\/\/wordpress.nibis.de\/obsbassum\/files\/2016\/08\/160520_ZAP_Elterm_Sch\u00fclerinfo-2017_Abschlusspr\u00fcfung.pdf\">Eltern- und Sch\u00fclerinformation (PDF-Version)<\/a><\/span><\/p>\n<p style=\"text-align: justify\"><span style=\"color: #000000;font-family: arial, helvetica, sans-serif;font-size: 12pt\"><a style=\"color: #000000;text-decoration: underline\" href=\"http:\/\/wordpress.nibis.de\/obsbassum\/files\/2016\/08\/160520_ZAP_Elterm_Sch\u00fclerinfo-2017_Abschlusspr\u00fcfung.pdf\">2017 Abschlusspr\u00fcfung<\/a> (PDF-Version)<\/span><\/p>\n<p style=\"text-align: justify\"><span style=\"color: #000000;font-family: arial,helvetica,sans-serif\"><a style=\"color: #000000\" href=\"https:\/\/wordpress.nibis.de\/obsbassum\/files\/2019\/04\/Elternbrief-W\u00f6rterbucharbeit-Abschlussarbeiten-2019.pdf\">Elternbrief W\u00f6rterbucharbeit Abschlussarbeiten &#8211; 2019<\/a><\/span><\/p>\n","protected":false},"excerpt":{"rendered":"<p>Eltern- und Sch\u00fclerinformation (Wordversion) 2017 Abschlusspr\u00fcfung (Wordversion) Eltern- und Sch\u00fclerinformation (PDF-Version) 2017 Abschlusspr\u00fcfung (PDF-Version) Elternbrief W\u00f6rterbucharbeit Abschlussarbeiten &#8211; 2019<\/p>\n","protected":false},"author":1006,"featured_media":0,"parent":0,"menu_order":0,"comment_status":"closed","ping_status":"closed","template":"","meta":{"footnotes":""},"class_list":["post-1460","page","type-page","status-publish","hentry"],"_links":{"self":[{"href":"https:\/\/wordpress.nibis.de\/obsbassum\/wp-json\/wp\/v2\/pages\/1460","targetHints":{"allow":["GET"]}}],"collection":[{"href":"https:\/\/wordpress.nibis.de\/obsbassum\/wp-json\/wp\/v2\/pages"}],"about":[{"href":"https:\/\/wordpress.nibis.de\/obsbassum\/wp-json\/wp\/v2\/types\/page"}],"author":[{"embeddable":true,"href":"https:\/\/wordpress.nibis.de\/obsbassum\/wp-json\/wp\/v2\/users\/1006"}],"replies":[{"embeddable":true,"href":"https:\/\/wordpress.nibis.de\/obsbassum\/wp-json\/wp\/v2\/comments?post=1460"}],"version-history":[{"count":5,"href":"https:\/\/wordpress.nibis.de\/obsbassum\/wp-json\/wp\/v2\/pages\/1460\/revisions"}],"predecessor-version":[{"id":4033,"href":"https:\/\/wordpress.nibis.de\/obsbassum\/wp-json\/wp\/v2\/pages\/1460\/revisions\/4033"}],"wp:attachment":[{"href":"https:\/\/wordpress.nibis.de\/obsbassum\/wp-json\/wp\/v2\/media?parent=1460"}],"curies":[{"name":"wp","href":"https:\/\/api.w.org\/{rel}","templated":true}]}}