{"id":250,"date":"2016-05-17T10:09:59","date_gmt":"2016-05-17T08:09:59","guid":{"rendered":"http:\/\/wordpress.nibis.de\/obsbassum\/?page_id=250"},"modified":"2017-11-25T16:00:06","modified_gmt":"2017-11-25T15:00:06","slug":"abschluss-201617","status":"publish","type":"page","link":"https:\/\/wordpress.nibis.de\/obsbassum\/abschluss-201617\/","title":{"rendered":"Abschluss 2016\/\u00b417"},"content":{"rendered":"<p style=\"text-align: center\"><span style=\"font-family: arial black, sans-serif;font-size: 18pt;color: #000449\"><strong>Impressionen vom Chaostag 2017<\/strong><\/span><\/p>\n<p><span style=\"color: #000449;font-family: arial black, sans-serif;font-size: 12pt\"><a href=\"http:\/\/wordpress.nibis.de\/obsbassum\/abschluss-201617\/chaostag-1-2\/\" rel=\"attachment wp-att-1970\"><img loading=\"lazy\" decoding=\"async\" class=\"aligncenter wp-image-1970 size-large\" src=\"http:\/\/wordpress.nibis.de\/obsbassum\/files\/2016\/05\/Chaostag-1-1-1024x766.jpg\" alt=\"\" width=\"500\" height=\"374\" \/><\/a> <a href=\"http:\/\/wordpress.nibis.de\/obsbassum\/abschluss-201617\/chaostag-2-2\/\" rel=\"attachment wp-att-1971\"><img loading=\"lazy\" decoding=\"async\" class=\"aligncenter wp-image-1971 size-large\" src=\"http:\/\/wordpress.nibis.de\/obsbassum\/files\/2016\/05\/Chaostag-2-1-1024x765.jpg\" alt=\"\" width=\"500\" height=\"374\" \/><\/a> <a href=\"http:\/\/wordpress.nibis.de\/obsbassum\/abschluss-201617\/chaostag-3\/\" rel=\"attachment wp-att-1972\"><img loading=\"lazy\" decoding=\"async\" class=\"aligncenter wp-image-1972 size-large\" src=\"http:\/\/wordpress.nibis.de\/obsbassum\/files\/2016\/05\/Chaostag-3-1024x765.jpg\" alt=\"\" width=\"500\" height=\"374\" \/><\/a><\/span><\/p>\n<p style=\"text-align: center\"><span style=\"font-size: 18pt;color: #000449;font-family: arial black, sans-serif\"><strong>Die Entlassungsfeier des Jg. 2017<\/strong><\/span><\/p>\n<p><span style=\"color: #000449;font-family: arial black, sans-serif;font-size: 12pt\"><a href=\"http:\/\/wordpress.nibis.de\/obsbassum\/abschluss-201617\/abschluss-3\/\" rel=\"attachment wp-att-1969\"><img loading=\"lazy\" decoding=\"async\" class=\"aligncenter wp-image-1969 size-large\" src=\"http:\/\/wordpress.nibis.de\/obsbassum\/files\/2016\/05\/Abschluss-3-1024x768.jpg\" alt=\"\" width=\"500\" height=\"375\" \/><\/a><a href=\"http:\/\/wordpress.nibis.de\/obsbassum\/abschluss-201617\/abschluss-2\/\" rel=\"attachment wp-att-1968\"><img loading=\"lazy\" decoding=\"async\" class=\" wp-image-1968 alignnone\" src=\"http:\/\/wordpress.nibis.de\/obsbassum\/files\/2016\/05\/Abschluss-2.jpg\" alt=\"\" width=\"223\" height=\"299\" \/><\/a><a href=\"http:\/\/wordpress.nibis.de\/obsbassum\/abschluss-201617\/abschluss-1\/\" rel=\"attachment wp-att-1967\"><img loading=\"lazy\" decoding=\"async\" class=\"alignnone wp-image-1967\" src=\"http:\/\/wordpress.nibis.de\/obsbassum\/files\/2016\/05\/Abschluss-1.jpg\" alt=\"\" width=\"368\" height=\"275\" \/><\/a><\/span><\/p>\n<p style=\"text-align: center\"><span style=\"color: #000449;font-family: arial black, sans-serif;font-size: 12pt\"><a href=\"http:\/\/wordpress.nibis.de\/obsbassum\/files\/2016\/05\/Trip-to-London-2.jpg\"><img loading=\"lazy\" decoding=\"async\" class=\"aligncenter wp-image-1708\" src=\"http:\/\/wordpress.nibis.de\/obsbassum\/files\/2016\/05\/Trip-to-London-2.jpg\" alt=\"\" width=\"283\" height=\"379\" \/><\/a><\/span><span style=\"font-family: arial black, sans-serif;color: #000449;font-size: 18pt\"><strong>Here we \u00b4re \u2026 back in town<\/strong><\/span><\/p>\n<p style=\"text-align: justify\"><span style=\"font-family: arial black, sans-serif;color: #000449;font-size: 12pt\"><strong>M\u00fcde, ersch\u00f6pft, gl\u00fccklich und v<\/strong><strong>oller Erlebnisse im Gep\u00e4ck sind die RS 10a, b und c aus London zur\u00fcck in Bassum.<\/strong><\/span><\/p>\n<p style=\"text-align: justify\"><span style=\"font-family: arial black, sans-serif;font-size: 12pt;color: #000449\"><strong>Nach dem die Gruppe am Montag (06.02.17) um 5 Uhr Bassum mit dem Bus verlassen hatte, f\u00fchrte sie der Weg zun\u00e4chst durch die Niederlande, Belgien und Frankreich schlie\u00dflich weiter mit der F\u00e4hre \u00fcber den \u00c4rmelkanal von Calais nach Dover. M\u00fcde kamen sie am ersten Tag um 18 Uhr in London an.\u00a0<\/strong><\/span><\/p>\n<p style=\"text-align: justify\"><span style=\"font-family: arial black, sans-serif;font-size: 12pt;color: #000449\"><strong>Am Dienstag standen dann eine gef\u00fchrte Stadtrundfahrt und eine individuelle Erkundung der Metropole auf dem Programm. Am Abend fanden sich schlie\u00dflich alle\u00a0 am London Eye zusammen. <\/strong><\/span><\/p>\n<p style=\"text-align: justify\"><span style=\"font-family: arial black, sans-serif;font-size: 12pt;color: #000449\"><strong>Mittwochs f\u00fchrte sie der Weg zuerst zum Picadelly Circus, von wo aus es dann zum Convent Garden ging und anschlie\u00dfend der London Dungeon besucht wurde. Das unvergessliche Erlebnisse dieser Reise wird wohl die dortige Evakuierung aufgrund eines Feueralarms bleiben, den die Gruppe spontan meisterte. Abends fand ein gemeinsames Abendessen im Hard Rock Cafe statt.\u00a0<\/strong><\/span><\/p>\n<p><span style=\"color: #000449;font-family: arial black, sans-serif;font-size: 12pt\"><a href=\"http:\/\/wordpress.nibis.de\/obsbassum\/files\/2016\/05\/Trip-to-London-4.jpg\"><img loading=\"lazy\" decoding=\"async\" class=\" wp-image-1710 alignnone\" src=\"http:\/\/wordpress.nibis.de\/obsbassum\/files\/2016\/05\/Trip-to-London-4.jpg\" alt=\"\" width=\"207\" height=\"277\" \/>\u00a0 <\/a><a href=\"http:\/\/wordpress.nibis.de\/obsbassum\/files\/2016\/05\/Trip-to-Londo-1.jpg\"><img loading=\"lazy\" decoding=\"async\" class=\" wp-image-1711 alignnone\" src=\"http:\/\/wordpress.nibis.de\/obsbassum\/files\/2016\/05\/Trip-to-Londo-1.jpg\" alt=\"\" width=\"351\" height=\"263\" \/><\/a><\/span><\/p>\n<p style=\"text-align: justify\"><span style=\"font-family: arial black, sans-serif;font-size: 12pt;color: #000449\"><strong>Am Donnerstag besuchten sie zun\u00e4chst den Tower of London \u2013 leider war kein Platz mehr, um unliebsame Mitfahrer dort zu lassen ? \u2013 und verbrachten dann den Nachmittag mit eigenen Erkundungsstreifz\u00fcgen durch die City. Den Abschluss des Tages bildete der Besuch des Musicals Thriller.<\/strong><\/span><\/p>\n<p style=\"text-align: justify\"><span style=\"font-family: arial black, sans-serif;font-size: 12pt;color: #000449\"><strong>Am Freitag fand sich schlie\u00dflich noch die Gelegenheit das Chealsey Stadium sowie das British Museum zu besuchen. Am Abend gegen 18 Uhr traten dann alle die Heimreise an und kehrten am Samstagmorgen (11.02.17) nach Bassum zur\u00fcck.<\/strong><\/span><\/p>\n<p><span style=\"color: #000449;font-family: arial black, sans-serif;font-size: 12pt\"><a href=\"http:\/\/wordpress.nibis.de\/obsbassum\/files\/2016\/05\/Trip-to-London-3.jpg\"><img loading=\"lazy\" decoding=\"async\" class=\"aligncenter wp-image-1709 size-full\" src=\"http:\/\/wordpress.nibis.de\/obsbassum\/files\/2016\/05\/Trip-to-London-3.jpg\" alt=\"\" width=\"640\" height=\"517\" \/><\/a><\/span><\/p>\n","protected":false},"excerpt":{"rendered":"<p>Impressionen vom Chaostag 2017 Die Entlassungsfeier des Jg. 2017 Here we \u00b4re \u2026 back in town M\u00fcde, ersch\u00f6pft, gl\u00fccklich und voller Erlebnisse im Gep\u00e4ck sind die RS 10a, b und c aus London zur\u00fcck in Bassum. Nach dem die Gruppe am Montag (06.02.17) um 5 Uhr Bassum mit dem Bus verlassen hatte, f\u00fchrte sie der [&hellip;]<\/p>\n","protected":false},"author":1006,"featured_media":0,"parent":0,"menu_order":0,"comment_status":"closed","ping_status":"closed","template":"","meta":{"footnotes":""},"class_list":["post-250","page","type-page","status-publish","hentry"],"_links":{"self":[{"href":"https:\/\/wordpress.nibis.de\/obsbassum\/wp-json\/wp\/v2\/pages\/250","targetHints":{"allow":["GET"]}}],"collection":[{"href":"https:\/\/wordpress.nibis.de\/obsbassum\/wp-json\/wp\/v2\/pages"}],"about":[{"href":"https:\/\/wordpress.nibis.de\/obsbassum\/wp-json\/wp\/v2\/types\/page"}],"author":[{"embeddable":true,"href":"https:\/\/wordpress.nibis.de\/obsbassum\/wp-json\/wp\/v2\/users\/1006"}],"replies":[{"embeddable":true,"href":"https:\/\/wordpress.nibis.de\/obsbassum\/wp-json\/wp\/v2\/comments?post=250"}],"version-history":[{"count":8,"href":"https:\/\/wordpress.nibis.de\/obsbassum\/wp-json\/wp\/v2\/pages\/250\/revisions"}],"predecessor-version":[{"id":2382,"href":"https:\/\/wordpress.nibis.de\/obsbassum\/wp-json\/wp\/v2\/pages\/250\/revisions\/2382"}],"wp:attachment":[{"href":"https:\/\/wordpress.nibis.de\/obsbassum\/wp-json\/wp\/v2\/media?parent=250"}],"curies":[{"name":"wp","href":"https:\/\/api.w.org\/{rel}","templated":true}]}}