{"id":842,"date":"2016-05-28T15:31:15","date_gmt":"2016-05-28T13:31:15","guid":{"rendered":"http:\/\/wordpress.nibis.de\/obsbassum\/?page_id=842"},"modified":"2017-11-25T15:40:02","modified_gmt":"2017-11-25T14:40:02","slug":"biologie","status":"publish","type":"page","link":"https:\/\/wordpress.nibis.de\/obsbassum\/biologie\/","title":{"rendered":"Biologie"},"content":{"rendered":"<p style=\"text-align: justify\"><span style=\"font-family: arial black, sans-serif;font-size: 18pt;color: #000449\"><strong>Lehrkr\u00e4fte<\/strong><\/span><\/p>\n<p style=\"text-align: justify\"><span style=\"color: #000449;font-size: 12pt;font-family: arial black, sans-serif\"><strong>Frau Cirksena<\/strong><\/span><\/p>\n<p><span style=\"color: #000449;font-family: arial black, sans-serif;font-size: 12pt\"><strong>Frau Grafe<\/strong><\/span><\/p>\n<p><span style=\"color: #000449;font-family: arial black, sans-serif;font-size: 12pt\"><strong>Herr Kaiser<\/strong><\/span><\/p>\n<p>&nbsp;<\/p>\n<p>&nbsp;<\/p>\n<p style=\"text-align: justify\"><span style=\"color: #000449;font-size: 24px;font-family: arial black, sans-serif\"><strong>Schulinterne Lehrpl\u00e4ne (als Download)<\/strong><\/span><\/p>\n<p style=\"text-align: justify\"><span style=\"text-decoration: underline;color: #000449;font-family: arial black, sans-serif;font-size: 16px\"><strong>5. Schuljahr<\/strong><\/span><\/p>\n<p style=\"text-align: justify\"><span style=\"text-decoration: underline;color: #000449;font-family: arial black, sans-serif;font-size: 16px\"><strong>6. Schuljahr<\/strong><\/span><\/p>\n<p style=\"text-align: justify\"><span style=\"text-decoration: underline;color: #000449;font-family: arial black, sans-serif;font-size: 16px\"><strong>7. Schuljahr<\/strong><\/span><\/p>\n<p style=\"text-align: justify\"><span style=\"text-decoration: underline;color: #000449;font-family: arial black, sans-serif;font-size: 16px\"><strong>8. Schuljahr<\/strong><\/span><\/p>\n<p style=\"text-align: justify\"><span style=\"text-decoration: underline;color: #000449;font-family: arial black, sans-serif;font-size: 16px\"><strong>9. Schuljahr<\/strong><\/span><\/p>\n<p style=\"text-align: justify\"><span style=\"text-decoration: underline;color: #000449;font-family: arial black, sans-serif;font-size: 16px\"><strong>10. Schuljahr<\/strong><\/span><\/p>\n<p>&nbsp;<\/p>\n<p style=\"text-align: justify\"><span style=\"color: #000449;font-family: arial black, sans-serif;font-size: 18pt\"><strong>Termine<\/strong><\/span><\/p>\n<p><span style=\"font-size: 18pt;font-family: arial black, sans-serif;color: #000449\">\u00a0<\/span><\/p>\n<p><span style=\"font-size: 18pt;font-family: arial black, sans-serif;color: #000449\">\u00a0<\/span><\/p>\n<p style=\"text-align: justify\"><span style=\"color: #000449;font-family: arial black, sans-serif;font-size: 18pt\"><strong>Aktuelles aus dem Schulleben<\/strong><\/span><\/p>\n<p>&nbsp;<\/p>\n<p style=\"text-align: center\"><span style=\"font-family: arial black, sans-serif;color: #000449;font-size: 18pt\"><strong>Sch\u00fcler des Jg. 9\u00a0 pr\u00e4parieren <\/strong><\/span><span style=\"font-family: arial black, sans-serif;color: #000449;font-size: 18pt\"><strong>Schweineaugen<\/strong><\/span><\/p>\n<p style=\"text-align: justify\"><a href=\"http:\/\/wordpress.nibis.de\/obsbassum\/files\/2016\/05\/Bei-der-Arbeit-1.jpg\"><img loading=\"lazy\" decoding=\"async\" class=\"aligncenter wp-image-1718 size-large\" src=\"http:\/\/wordpress.nibis.de\/obsbassum\/files\/2016\/05\/Bei-der-Arbeit-1-1024x633.jpg\" alt=\"\" width=\"500\" height=\"309\" \/><\/a><span style=\"color: #000449;font-size: 12pt;font-family: arial black, sans-serif\"><strong>\u201eWir wollen unbedingt ein richtiges Auge von innen sehen\u201c, lautete die Bitte einiger Sch\u00fclerinnen und Sch\u00fcler des neunten Jahrgangs. Es kostete sie deshalb auch nur wenig \u00dcberwindung, die bereitgestellten Schweineaugen in die Hand zu nehmen und zu pr\u00e4parieren.Daf\u00fcr teilten sie das Auge in eine vordere und hintere H\u00e4lfte, indem sie die feste Lederhaut kreisf\u00f6rmig durchschnitten.<\/strong><\/span><\/p>\n<h4 style=\"text-align: justify\"><a href=\"http:\/\/wordpress.nibis.de\/obsbassum\/files\/2016\/05\/Seitenschnitt.jpg\"><img loading=\"lazy\" decoding=\"async\" class=\" wp-image-1722 alignnone\" src=\"http:\/\/wordpress.nibis.de\/obsbassum\/files\/2016\/05\/Seitenschnitt.jpg\" alt=\"\" width=\"184\" height=\"184\" \/><\/a><a href=\"http:\/\/wordpress.nibis.de\/obsbassum\/files\/2016\/05\/Auge-mit-Sehnerv.jpg\"><img loading=\"lazy\" decoding=\"async\" class=\" wp-image-1723 alignnone\" src=\"http:\/\/wordpress.nibis.de\/obsbassum\/files\/2016\/05\/Auge-mit-Sehnerv.jpg\" alt=\"\" width=\"232\" height=\"182\" \/><\/a><a href=\"http:\/\/wordpress.nibis.de\/obsbassum\/files\/2016\/05\/Erster-Schnitt.jpg\"><img loading=\"lazy\" decoding=\"async\" class=\" wp-image-1719 alignnone\" src=\"http:\/\/wordpress.nibis.de\/obsbassum\/files\/2016\/05\/Erster-Schnitt.jpg\" alt=\"\" width=\"241\" height=\"187\" \/><\/a><a href=\"http:\/\/wordpress.nibis.de\/obsbassum\/files\/2016\/05\/Linse.jpg\"><img loading=\"lazy\" decoding=\"async\" class=\" wp-image-1720 alignnone\" src=\"http:\/\/wordpress.nibis.de\/obsbassum\/files\/2016\/05\/Linse.jpg\" alt=\"\" width=\"172\" height=\"185\" \/> <\/a><a href=\"http:\/\/wordpress.nibis.de\/obsbassum\/files\/2016\/05\/Augen-1.jpg\"><img loading=\"lazy\" decoding=\"async\" class=\" wp-image-1721 alignnone\" src=\"http:\/\/wordpress.nibis.de\/obsbassum\/files\/2016\/05\/Augen-1.jpg\" alt=\"\" width=\"146\" height=\"195\" \/><\/a><\/h4>\n<p style=\"text-align: justify\"><span style=\"font-size: 12pt;font-family: arial black, sans-serif\"><strong><span style=\"color: #275431\"><span style=\"color: #000449\">Und wie sieht es im Inneren aus? \u201ew\u00e4ssrig und wabbelig\u201c und \u201eich habe die Linse gefunden\u201c, so einige Kommentare. Die Sch\u00fclerinnen und Sch\u00fcler konnten sich davon \u00fcberzeugen, dass die Augenlinse wie eine Lupe funktioniert.<\/span> <\/span><\/strong><\/span><\/p>\n<p style=\"text-align: center\"><span style=\"color: #000449;font-size: 12pt;font-family: arial black, sans-serif\"><strong>Fazit der Teilnehmer: \u201eEs hat Spa\u00df gemacht\u201c und \u201eWas pr\u00e4parieren wir als n\u00e4chstes?\u201c<\/strong><\/span><\/p>\n","protected":false},"excerpt":{"rendered":"<p>Lehrkr\u00e4fte Frau Cirksena Frau Grafe Herr Kaiser &nbsp; &nbsp; Schulinterne Lehrpl\u00e4ne (als Download) 5. Schuljahr 6. Schuljahr 7. Schuljahr 8. Schuljahr 9. Schuljahr 10. Schuljahr &nbsp; Termine \u00a0 \u00a0 Aktuelles aus dem Schulleben &nbsp; Sch\u00fcler des Jg. 9\u00a0 pr\u00e4parieren Schweineaugen \u201eWir wollen unbedingt ein richtiges Auge von innen sehen\u201c, lautete die Bitte einiger Sch\u00fclerinnen und [&hellip;]<\/p>\n","protected":false},"author":1006,"featured_media":0,"parent":0,"menu_order":0,"comment_status":"closed","ping_status":"closed","template":"","meta":{"footnotes":""},"class_list":["post-842","page","type-page","status-publish","hentry"],"_links":{"self":[{"href":"https:\/\/wordpress.nibis.de\/obsbassum\/wp-json\/wp\/v2\/pages\/842","targetHints":{"allow":["GET"]}}],"collection":[{"href":"https:\/\/wordpress.nibis.de\/obsbassum\/wp-json\/wp\/v2\/pages"}],"about":[{"href":"https:\/\/wordpress.nibis.de\/obsbassum\/wp-json\/wp\/v2\/types\/page"}],"author":[{"embeddable":true,"href":"https:\/\/wordpress.nibis.de\/obsbassum\/wp-json\/wp\/v2\/users\/1006"}],"replies":[{"embeddable":true,"href":"https:\/\/wordpress.nibis.de\/obsbassum\/wp-json\/wp\/v2\/comments?post=842"}],"version-history":[{"count":15,"href":"https:\/\/wordpress.nibis.de\/obsbassum\/wp-json\/wp\/v2\/pages\/842\/revisions"}],"predecessor-version":[{"id":2364,"href":"https:\/\/wordpress.nibis.de\/obsbassum\/wp-json\/wp\/v2\/pages\/842\/revisions\/2364"}],"wp:attachment":[{"href":"https:\/\/wordpress.nibis.de\/obsbassum\/wp-json\/wp\/v2\/media?parent=842"}],"curies":[{"name":"wp","href":"https:\/\/api.w.org\/{rel}","templated":true}]}}