{"id":1160,"date":"2019-11-26T13:29:17","date_gmt":"2019-11-26T12:29:17","guid":{"rendered":"https:\/\/wordpress.nibis.de\/obshilter\/?page_id=1160"},"modified":"2019-11-26T13:57:54","modified_gmt":"2019-11-26T12:57:54","slug":"presse-archiv-18-19","status":"publish","type":"page","link":"https:\/\/wordpress.nibis.de\/obshilter\/presse-archiv-18-19\/","title":{"rendered":"Presse-Archiv 18\/19"},"content":{"rendered":"<p>\n<!--StartFragment--><\/p>\n\n\n<p> <br><em><a href=\"https:\/\/www.noz.de\/artikel\/1790819\/von-chaostruppe-zum-leistungsstarken-abschlussjahrgang\">Von Chaostruppe zum leistungsstarken Abschlussjahrgang<\/a><\/em> &#8211; vom 30.06.2019<\/p>\n\n\n\n<p><em><a href=\"https:\/\/www.noz.de\/lokales\/hilter\/artikel\/1757914\/einblick-in-die-berufsvielfalt-der-firma-b-braun-prolabor-in-hilter\">Einblick in die Berufsvielfalt der Firma B.Braun prolabor in Hilter<\/a><\/em> &#8211; vom 31.05.2019<\/p>\n\n\n\n<p><em>&#8222;Betriebe in der Schule&#8220;:\u00a0<a href=\"https:\/\/www.noz.de\/lokales\/hilter\/artikel\/1678632\/oberschule-hilter-organisiert-berufsmesse\">Oberschule Hilter organisiert Berufsmesse<\/a> &#8211; vom 17. M\u00e4rz 2019<\/em><\/p>\n\n\n\n<p><em>&#8222;Wo Robin Hood den Weihnachtsmann trifft&#8220;:\u00a0<a href=\"https:\/\/www.noz.de\/lokales\/hilter\/artikel\/1613440\/bunte-weihnachtsshow-der-oberschule-hilter-2#gallery&amp;0&amp;0&amp;1613440\">Bunte Weihnachtsshow der Oberschule Hilter<\/a> &#8211; vom 18. Dezember 2018<\/em><\/p>\n\n\n\n<p><em>&#8222;Sch\u00fcler lesen Sch\u00fclern vor &#8211; <\/em><a href=\"https:\/\/wordpress.nibis.de\/obshilter\/?page_id=517&amp;preview=true\"><em>Vorlesewettbewerb<\/em><\/a><em> an der Oberschule Hilter<\/em><\/p>\n\n\n\n<p>&#8222;Ein Tag im Wald mit den f\u00fcnften Klassen&#8220; &#8211;  <em><a href=\"https:\/\/wordpress.nibis.de\/obshilter\/141-2\/\">Waldspiele im Freden &#8211; ein voller Erfolg!<\/a><\/em><\/p>\n\n\n<p><!--EndFragment--><\/p>\n<p><\/p>","protected":false},"excerpt":{"rendered":"<p>Von Chaostruppe zum leistungsstarken Abschlussjahrgang &#8211; vom 30.06.2019 Einblick in die Berufsvielfalt der Firma B.Braun prolabor in Hilter &#8211; vom 31.05.2019 &#8222;Betriebe in der Schule&#8220;:\u00a0Oberschule Hilter organisiert Berufsmesse &#8211; vom 17. M\u00e4rz 2019 &#8222;Wo Robin Hood den Weihnachtsmann trifft&#8220;:\u00a0Bunte Weihnachtsshow der Oberschule Hilter &#8211; vom 18. Dezember 2018 &#8222;Sch\u00fcler lesen Sch\u00fclern vor &#8211; Vorlesewettbewerb an der Oberschule Hilter &#8222;Ein Tag im Wald mit den f\u00fcnften Klassen&#8220; &#8211; Waldspiele im Freden &#8211; ein voller Erfolg!<\/p>\n","protected":false},"author":9192668,"featured_media":0,"parent":0,"menu_order":0,"comment_status":"closed","ping_status":"closed","template":"","meta":{"_acf_changed":false,"footnotes":""},"class_list":["post-1160","page","type-page","status-publish","hentry"],"acf":[],"_links":{"self":[{"href":"https:\/\/wordpress.nibis.de\/obshilter\/wp-json\/wp\/v2\/pages\/1160","targetHints":{"allow":["GET"]}}],"collection":[{"href":"https:\/\/wordpress.nibis.de\/obshilter\/wp-json\/wp\/v2\/pages"}],"about":[{"href":"https:\/\/wordpress.nibis.de\/obshilter\/wp-json\/wp\/v2\/types\/page"}],"author":[{"embeddable":true,"href":"https:\/\/wordpress.nibis.de\/obshilter\/wp-json\/wp\/v2\/users\/9192668"}],"replies":[{"embeddable":true,"href":"https:\/\/wordpress.nibis.de\/obshilter\/wp-json\/wp\/v2\/comments?post=1160"}],"version-history":[{"count":4,"href":"https:\/\/wordpress.nibis.de\/obshilter\/wp-json\/wp\/v2\/pages\/1160\/revisions"}],"predecessor-version":[{"id":1167,"href":"https:\/\/wordpress.nibis.de\/obshilter\/wp-json\/wp\/v2\/pages\/1160\/revisions\/1167"}],"wp:attachment":[{"href":"https:\/\/wordpress.nibis.de\/obshilter\/wp-json\/wp\/v2\/media?parent=1160"}],"curies":[{"name":"wp","href":"https:\/\/api.w.org\/{rel}","templated":true}]}}