{"id":2449,"date":"2021-09-29T16:20:56","date_gmt":"2021-09-29T14:20:56","guid":{"rendered":"https:\/\/wordpress.nibis.de\/obshilter\/?page_id=2449"},"modified":"2026-02-24T14:11:00","modified_gmt":"2026-02-24T13:11:00","slug":"allgemeines","status":"publish","type":"page","link":"https:\/\/wordpress.nibis.de\/obshilter\/allgemeines\/","title":{"rendered":"Allgemeines"},"content":{"rendered":"\n<div class=\"wp-block-group alignfull\"><div class=\"wp-block-group__inner-container is-layout-flow wp-block-group-is-layout-flow\">\n<h5 class=\"wp-block-heading\"><\/h5>\n\n\n\n<p class=\"luca_excerpt\">Die Oberschule Hilter vermittelt ihren Sch\u00fcler*innen f\u00e4cher\u00fcbergreifende Kompetenzen im Umgang mit den \u201eneuen Medien\u201c. Nach einer erfolgreichen Pilotphase im Schuljahr 2020\/21 werden seit dem Beginn des Schuljahres 2021\/22 ab Jahrgang 8 fl\u00e4chendeckend durch die Sch\u00fcler*innen selbstfinanzierte iPads unterst\u00fctzend im Unterricht eingesetzt.<br>Einerseits lernen die Sch\u00fcler*innen Grundlagen der Organisation\/Textverarbeitung und die Nutzung des Internets f\u00fcr den Unterricht. Andererseits wird der kreative Umgang mit den neuen Medien dadurch ge\u00fcbt, dass eigenst\u00e4ndige Pr\u00e4sentationsformen von unterrichtsbezogenem Wissen entwickelt werden. Im Rahmen der immer weiter voranschreitenden Digitalisierung gewinnt das mobile Lernen immer weiter an Bedeutung und wird an der Oberschule Hilter in den kommenden Jahren weiter ausgebaut und entwickelt.<\/p>\n\n\n\n<div class=\"wp-block-group alignfull\"><div class=\"wp-block-group__inner-container is-layout-flow wp-block-group-is-layout-flow\">\n<div class=\"wp-block-columns alignwide are-vertically-aligned-center tw-cols-stack-md tw-gutter-large is-layout-flex wp-container-core-columns-is-layout-abceabcf wp-block-columns-is-layout-flex\">\n<div class=\"wp-block-column is-vertically-aligned-center is-layout-flow wp-block-column-is-layout-flow\">\n<h2 class=\"wp-block-heading has-text-align-center\">\u00dcberblick<\/h2>\n\n\n\n<p><\/p>\n<\/div>\n\n\n\n<div class=\"wp-block-column is-vertically-aligned-center is-layout-flow wp-block-column-is-layout-flow\">\n<div class=\"wp-block-group luca_excerpt has-white-background-color has-background tw-shadow\"><div class=\"wp-block-group__inner-container is-layout-flow wp-block-group-is-layout-flow\">\n<ul class=\"wp-block-list tw-list-spacing-loose is-style-tw-arrow\">\n<li>Einsatz von selbstfinazierten iPads ab Jahrgang 8<\/li>\n\n\n\n<li>Ein Klassensatz iPads f\u00fcr die anderen Jahrg\u00e4nge steht zur Verf\u00fcgung<\/li>\n\n\n\n<li>Alle Lehrer*Innen haben ein iPad zur Verf\u00fcgung und nehmen an Fortbildungen teil<\/li>\n\n\n\n<li>Fl\u00e4chendeckendes W-Lan im Schulgeb\u00e4ude<\/li>\n\n\n\n<li>Digitale Whiteboards in allen Klassenr\u00e4umen<\/li>\n\n\n\n<li>Einsatz von Apple TV&#8217;s zur drahtlosen \u00dcbertragung<\/li>\n<\/ul>\n<\/div><\/div>\n<\/div>\n<\/div>\n<\/div><\/div>\n\n\n\n<div class=\"wp-block-cover alignfull is-light\"><span aria-hidden=\"true\" class=\"wp-block-cover__background has-background-dim-100 has-background-dim has-background-gradient has-very-light-gray-to-cyan-bluish-gray-gradient-background\"><\/span><div class=\"wp-block-cover__inner-container is-layout-flow wp-block-cover-is-layout-flow\">\n<h2 class=\"wp-block-heading has-text-align-center\">Ansprechpersonen<\/h2>\n\n\n\n<p class=\"has-text-align-center\">f\u00fcr den iPad Unterricht an der OBS-Hilter<\/p>\n\n\n\n<div class=\"wp-block-columns tw-cols-rounded has-text-align-center tw-cols-card tw-cols-card-gray is-layout-flex wp-container-core-columns-is-layout-abceabcf wp-block-columns-is-layout-flex\">\n<div class=\"wp-block-column is-layout-flow wp-block-column-is-layout-flow\">\n<h3 class=\"wp-block-heading has-medium-font-size\">Nikola Wolther<\/h3>\n\n\n\n<p><a href=\"&#109;a&#x69;l&#x74;o&#x3a;n&#x69;&#107;&#x6f;&#108;&#x61;&#46;&#x77;&#111;l&#116;h&#x65;r&#x40;o&#x62;&#115;&#x2d;&#104;&#x69;&#108;&#x74;&#101;&#x72;&#46;d&#101;\">E-Mail<\/a><\/p>\n\n\n\n<p>iPad Sprechstunde: Mo. 1.\/2. Std. &#8211; Di. 5. Std. &#8211; Do 3.\/4. Std.<\/p>\n\n\n\n<p><\/p>\n<\/div>\n\n\n\n<div class=\"wp-block-column is-layout-flow wp-block-column-is-layout-flow\">\n<h3 class=\"wp-block-heading has-medium-font-size\">Christian R\u00f6wekamp<\/h3>\n\n\n\n<p class=\"tw-link-hover-underline\"><a href=\"&#x6d;&#x61;&#105;&#108;t&#x6f;&#x3a;&#x63;&#104;&#114;i&#x73;&#x74;&#x69;&#97;&#110;&#46;&#x72;&#x6f;&#x65;&#119;&#101;k&#x61;&#x6d;&#x70;&#64;ob&#x73;&#x2d;&#x68;&#105;lt&#x65;&#x72;&#46;&#100;e\">E-Mail<\/a><\/p>\n\n\n\n<p>iPad Sprechstunde: Di. 6. Std. &#8211; Mi. 3.\/4. Std. &#8211; Do. 3.\/4. Std.<\/p>\n\n\n\n<p><\/p>\n<\/div>\n<\/div>\n<\/div><\/div>\n\n\n\n<p><\/p>\n<\/div><\/div>\n","protected":false},"excerpt":{"rendered":"<p>Die Oberschule Hilter vermittelt ihren Sch\u00fcler*innen f\u00e4cher\u00fcbergreifende Kompetenzen im Umgang mit den \u201eneuen Medien\u201c. Nach einer erfolgreichen Pilotphase im Schuljahr 2020\/21 werden seit dem Beginn des Schuljahres 2021\/22 ab Jahrgang 8 fl\u00e4chendeckend durch die Sch\u00fcler*innen selbstfinanzierte iPads unterst\u00fctzend im Unterricht eingesetzt.Einerseits lernen die Sch\u00fcler*innen Grundlagen der Organisation\/Textverarbeitung und die Nutzung des Internets f\u00fcr den Unterricht. Andererseits wird der kreative Umgang mit den neuen Medien dadurch ge\u00fcbt, dass eigenst\u00e4ndige Pr\u00e4sentationsformen von unterrichtsbezogenem Wissen entwickelt werden. Im Rahmen der immer weiter voranschreitenden&#8230;<\/p>\n<p class=\"read-more\"><a class=\"btn btn-default\" href=\"https:\/\/wordpress.nibis.de\/obshilter\/allgemeines\/\">Weiterlesen<span class=\"screen-reader-text\"> Weiterlesen<\/span><\/a><\/p>\n","protected":false},"author":9192668,"featured_media":0,"parent":0,"menu_order":0,"comment_status":"closed","ping_status":"closed","template":"","meta":{"_acf_changed":false,"footnotes":""},"class_list":["post-2449","page","type-page","status-publish","hentry"],"acf":[],"_links":{"self":[{"href":"https:\/\/wordpress.nibis.de\/obshilter\/wp-json\/wp\/v2\/pages\/2449","targetHints":{"allow":["GET"]}}],"collection":[{"href":"https:\/\/wordpress.nibis.de\/obshilter\/wp-json\/wp\/v2\/pages"}],"about":[{"href":"https:\/\/wordpress.nibis.de\/obshilter\/wp-json\/wp\/v2\/types\/page"}],"author":[{"embeddable":true,"href":"https:\/\/wordpress.nibis.de\/obshilter\/wp-json\/wp\/v2\/users\/9192668"}],"replies":[{"embeddable":true,"href":"https:\/\/wordpress.nibis.de\/obshilter\/wp-json\/wp\/v2\/comments?post=2449"}],"version-history":[{"count":53,"href":"https:\/\/wordpress.nibis.de\/obshilter\/wp-json\/wp\/v2\/pages\/2449\/revisions"}],"predecessor-version":[{"id":6399,"href":"https:\/\/wordpress.nibis.de\/obshilter\/wp-json\/wp\/v2\/pages\/2449\/revisions\/6399"}],"wp:attachment":[{"href":"https:\/\/wordpress.nibis.de\/obshilter\/wp-json\/wp\/v2\/media?parent=2449"}],"curies":[{"name":"wp","href":"https:\/\/api.w.org\/{rel}","templated":true}]}}