{"id":2919,"date":"2022-03-01T13:44:10","date_gmt":"2022-03-01T12:44:10","guid":{"rendered":"https:\/\/wordpress.nibis.de\/obshilter\/?page_id=2919"},"modified":"2026-01-13T13:33:50","modified_gmt":"2026-01-13T12:33:50","slug":"allgemeines-2","status":"publish","type":"page","link":"https:\/\/wordpress.nibis.de\/obshilter\/allgemeines-2\/","title":{"rendered":"Allgemeines"},"content":{"rendered":"\n<p>Im <strong>offenen Ganztagsunterricht<\/strong> von dienstags bis donnerstags halten wir ein buntes Ganztagsangebot f\u00fcr alle Jahrg\u00e4nge bereit. Der <strong>Ganztagsbereich<\/strong> findet bei uns an der Schule in der Zeit von <strong>12:50 bis 15:30 Uhr <\/strong>statt. Wir starten je nach Anmeldung mit einem <strong>gemeinsamen Mittagessen<\/strong>. <span dir=\"ltr\" role=\"presentation\">Das Ganztagsangebot umfasst <\/span><span dir=\"ltr\" role=\"presentation\"> dazu eine <strong>Freizeitbetreuung, <\/strong><\/span><span dir=\"ltr\" role=\"presentation\"><strong>Hausaufgabenbetreuung bzw. F\u00f6rderkurse und AGs<\/strong>. F\u00fcr die Jahrg\u00e4nge 9 und 10 sind beispielsweise eigene F\u00f6rderkurse in den Hauptf\u00e4chern eingerichtet. Wir bem\u00fchen uns, dass wir immer <strong>abwechslungsreiche AGs<\/strong> anbieten k\u00f6nnen, sodass f\u00fcr alle etwas dabei ist (z.B. Sport und Spiele AG, Kreativ AG, Gitarren AG, Minecraft AG, Homepage AG, etc.).<\/span><\/p>\n<ol>\n<li><strong>Mittagessen<\/strong>\u00a0(ab 12.50 Uhr)<\/li>\n<li><strong>Freizeitbetreuung<\/strong> (13.00 Uhr \u2013 13.40 Uhr)<\/li>\n<li><strong>F\u00f6rderunterricht \/ Hausaufgabenbetreuung<\/strong> (13.40 Uhr \u2013 14.30 Uhr)<\/li>\n<li><strong>Arbeitsgemeinschaften<\/strong>\u00a0(14.30 Uhr \u2013 15.30 Uhr)<\/li>\n<\/ol>\n<p>\u00a0<\/p>\n<p><a href=\"https:\/\/wordpress.nibis.de\/obshilter\/files\/2026\/01\/GTS_Anmeldung-25-26-2.-Hj.pdf\" target=\"_blank\" rel=\"noopener\">Anmeldung Ganztag 2. Halbjahr 2025\/26<\/a><\/p>\n<div>\u00a0<\/div>\n<p>Eine Anmeldung k\u00f6nnen Sie auch formlos per E-Mail an <a class=\"\" href=\"&#x6d;&#97;&#x69;&#x6c;t&#x6f;&#58;g&#x61;&#110;z&#x2e;&#116;&#x61;&#x67;&#64;&#x6f;&#98;s&#x2d;&#104;i&#x6c;&#116;&#x65;&#x72;&#46;&#x64;&#x65;\">sekr&#101;&#116;&#97;&#114;&#105;&#x61;&#x74;&#x40;&#x6f;&#x62;&#x73;&#x2d;hilt&#101;&#114;&#46;&#100;&#101;<\/a>\u00a0schicken.<\/p>\n","protected":false},"excerpt":{"rendered":"<p>Im offenen Ganztagsunterricht von dienstags bis donnerstags halten wir ein buntes Ganztagsangebot f\u00fcr alle Jahrg\u00e4nge bereit. Der Ganztagsbereich findet bei uns an der Schule in der Zeit von 12:50 bis 15:30 Uhr statt. Wir starten je nach Anmeldung mit einem gemeinsamen Mittagessen. Das Ganztagsangebot umfasst dazu eine Freizeitbetreuung, Hausaufgabenbetreuung bzw. F\u00f6rderkurse und AGs. F\u00fcr die Jahrg\u00e4nge 9 und 10 sind beispielsweise eigene F\u00f6rderkurse in den Hauptf\u00e4chern eingerichtet. Wir bem\u00fchen uns, dass wir immer abwechslungsreiche AGs anbieten k\u00f6nnen, sodass f\u00fcr alle&#8230;<\/p>\n<p class=\"read-more\"><a class=\"btn btn-default\" href=\"https:\/\/wordpress.nibis.de\/obshilter\/allgemeines-2\/\">Weiterlesen<span class=\"screen-reader-text\"> Weiterlesen<\/span><\/a><\/p>\n","protected":false},"author":9192668,"featured_media":0,"parent":0,"menu_order":0,"comment_status":"closed","ping_status":"closed","template":"","meta":{"_acf_changed":false,"footnotes":""},"class_list":["post-2919","page","type-page","status-publish","hentry"],"acf":[],"_links":{"self":[{"href":"https:\/\/wordpress.nibis.de\/obshilter\/wp-json\/wp\/v2\/pages\/2919","targetHints":{"allow":["GET"]}}],"collection":[{"href":"https:\/\/wordpress.nibis.de\/obshilter\/wp-json\/wp\/v2\/pages"}],"about":[{"href":"https:\/\/wordpress.nibis.de\/obshilter\/wp-json\/wp\/v2\/types\/page"}],"author":[{"embeddable":true,"href":"https:\/\/wordpress.nibis.de\/obshilter\/wp-json\/wp\/v2\/users\/9192668"}],"replies":[{"embeddable":true,"href":"https:\/\/wordpress.nibis.de\/obshilter\/wp-json\/wp\/v2\/comments?post=2919"}],"version-history":[{"count":27,"href":"https:\/\/wordpress.nibis.de\/obshilter\/wp-json\/wp\/v2\/pages\/2919\/revisions"}],"predecessor-version":[{"id":6046,"href":"https:\/\/wordpress.nibis.de\/obshilter\/wp-json\/wp\/v2\/pages\/2919\/revisions\/6046"}],"wp:attachment":[{"href":"https:\/\/wordpress.nibis.de\/obshilter\/wp-json\/wp\/v2\/media?parent=2919"}],"curies":[{"name":"wp","href":"https:\/\/api.w.org\/{rel}","templated":true}]}}

<p>Im <strong>offenen Ganztagsunterricht</strong> von dienstags bis donnerstags halten wir ein buntes Ganztagsangebot für alle Jahrgänge bereit. Der <strong>Ganztagsbereich</strong> findet bei uns an der Schule in der Zeit von <strong>12:50 bis 15:30 Uhr </strong>statt. Wir starten je nach Anmeldung mit einem <strong>gemeinsamen Mittagessen</strong>. <span dir="ltr" role="presentation">Das Ganztagsangebot umfasst </span><span dir="ltr" role="presentation"> dazu eine <strong>Freizeitbetreuung, </strong></span><span dir="ltr" role="presentation"><strong>Hausaufgabenbetreuung bzw. Förderkurse und AGs</strong>. Für die Jahrgänge 9 und 10 sind beispielsweise eigene Förderkurse in den Hauptfächern eingerichtet. Wir bemühen uns, dass wir immer <strong>abwechslungsreiche AGs</strong> anbieten können, sodass für alle etwas dabei ist (z.B. Sport und Spiele AG, Kreativ AG, Gitarren AG, Minecraft AG, Homepage AG, etc.).</span></p>
<ol>
<li><strong>Mittagessen</strong> (ab 12.50 Uhr)</li>
<li><strong>Freizeitbetreuung</strong> (13.00 Uhr – 13.40 Uhr)</li>
<li><strong>Förderunterricht / Hausaufgabenbetreuung</strong> (13.40 Uhr – 14.30 Uhr)</li>
<li><strong>Arbeitsgemeinschaften</strong> (14.30 Uhr – 15.30 Uhr)</li>
</ol>
<p> </p>
<p><a href="https://wordpress.nibis.de/obshilter/files/2026/01/GTS_Anmeldung-25-26-2.-Hj.pdf" target="_blank" rel="noopener">Anmeldung Ganztag 2. Halbjahr 2025/26</a></p>
<div> </div>
<p>Eine Anmeldung können Sie auch formlos per E-Mail an <a class="" href="&#x6d;&#97;&#x69;&#x6c;t&#x6f;&#58;g&#x61;&#110;z&#x2e;&#116;&#x61;&#x67;&#64;&#x6f;&#98;s&#x2d;&#104;i&#x6c;&#116;&#x65;&#x72;&#46;&#x64;&#x65;">sekr&#101;&#116;&#97;&#114;&#105;&#x61;&#x74;&#x40;&#x6f;&#x62;&#x73;&#x2d;hilt&#101;&#114;&#46;&#100;&#101;</a> schicken.</p>

<p>Im offenen Ganztagsunterricht von dienstags bis donnerstags halten wir ein buntes Ganztagsangebot für alle Jahrgänge bereit. Der Ganztagsbereich findet bei uns an der Schule in der Zeit von 12:50 bis 15:30 Uhr statt. Wir starten je nach Anmeldung mit einem gemeinsamen Mittagessen. Das Ganztagsangebot umfasst dazu eine Freizeitbetreuung, Hausaufgabenbetreuung bzw. Förderkurse und AGs. Für die Jahrgänge 9 und 10 sind beispielsweise eigene Förderkurse in den Hauptfächern eingerichtet. Wir bemühen uns, dass wir immer abwechslungsreiche AGs anbieten können, sodass für alle&#8230;</p>
<p class="read-more"><a class="btn btn-default" href="https://wordpress.nibis.de/obshilter/allgemeines-2/">Weiterlesen<span class="screen-reader-text"> Weiterlesen</span></a></p>
