{"id":327,"date":"2019-02-06T13:45:21","date_gmt":"2019-02-06T12:45:21","guid":{"rendered":"http:\/\/wordpress.nibis.de\/obshilter\/?page_id=327"},"modified":"2025-10-07T14:26:40","modified_gmt":"2025-10-07T12:26:40","slug":"unsere-schule","status":"publish","type":"page","link":"https:\/\/wordpress.nibis.de\/obshilter\/unsere-schule\/","title":{"rendered":"Unsere Schule"},"content":{"rendered":"<p><span style=\"font-family: helvetica, arial, sans-serif\"><strong>Liebe Besucherin, lieber Besucher,<\/strong><\/span><\/p>\n<p><span style=\"font-family: helvetica, arial, sans-serif\">wir freuen uns, dass Sie sich f\u00fcr unsere Oberschule in der malerischen \u201eBorgloher Schweiz\u201c interessieren. Im Namen der Schulgemeinschaft begr\u00fc\u00dfe ich Sie herzlich.<\/span><\/p>\n<p><span style=\"font-family: helvetica, arial, sans-serif\">In unserem Schulgeb\u00e4ude an der Schulstra\u00dfe in Borgloh war bis 1974 die <strong>Volksschule <\/strong>Borgloh untergebracht. Von 1974 bis 2004 besuchten Sch\u00fcler in den 5. und 6. Klassen die <strong>Orientierungsstufe <\/strong>Hilter. Im August 2004 nahm die neu gegr\u00fcndete <strong>Realschule <\/strong>Hilter ihren Betrieb auf, die ihren ersten Abschlussjahrgang im Jahr 2008 in das Berufsleben oder in weiterf\u00fchrende\u00a0 Schulen entlie\u00df.<\/span><\/p>\n<p><span style=\"font-family: helvetica, arial, sans-serif\">2013 ist die Realschule in die <strong>Oberschule Hilter <\/strong>umgewandelt worden. Wir nehmen Sch\u00fcler*innen aus den Hilteraner Grundschulen Wellendorf, S\u00fcderbergschule, Borgloh und den Schulen aus Georgsmarienh\u00fctte gemeinsam in den 5. Jahrgang auf. Eine Kurszuweisung in den F\u00e4chern Mathematik und Englisch erfolgt in Klasse 7. In Klasse 8 wird in Deutsch differenziert.<\/span><\/p>\n<p><strong>Im 9. Jahrgang gehen wir in die Schulzweige Hauptschul- und Realschulzweig.<\/strong><\/p>\n<p><span style=\"font-family: helvetica, arial, sans-serif\">Die Schule ist in der Regel zweiz\u00fcgig aufgebaut und bietet durch ihre \u00fcberschaubare Gr\u00f6\u00dfe von ca. 250 Sch\u00fclerinnen und Sch\u00fclern <strong>optimale Lern- und Arbeitsbedingungen<\/strong> <strong>in kleinen Klassen.<\/strong><\/span><\/p>\n<p><span style=\"font-family: helvetica, arial, sans-serif\">Das Schulgeb\u00e4ude verf\u00fcgt \u00fcber <strong>alle notwendigen Fach- und Klassenr\u00e4ume<\/strong> (Musik, Chemie\/Physik, PC-Raum, Biologie), einige sind in einem 2007 erstellten Neubau untergebracht (Werk-Technikraum, Sch\u00fclerk\u00fcche, Bibliothek, Kunst-Textilraum). Wir haben in allen Klassenr\u00e4umen interaktive Whiteboards, WLan und Internetanschl\u00fcsse sowie Smartboards in den Fachr\u00e4umen. Der Schulhof wurde 2011 komplett saniert und mit neuen Spielm\u00f6glichkeiten ausgestattet, 2020 bekam der Fu\u00dfballplatz einen neuen Belag, eine Kletterspinne wurde daneben aufgestellt.<\/span><\/p>\n<p><strong>Seit 2021 nutzen die Sch\u00fcler*innen ab Jahrgang 8 selbstfinanzierte iPads in den meisten F\u00e4chern.<\/strong><\/p>\n<p><span style=\"font-family: helvetica, arial, sans-serif\">Unsere <strong>offene Ganztagsschule<\/strong> kann dienstags bis donnerstags von 12.50 Uhr bis 15.30 Uhr auf freiwilliger Basis besucht werden. Nach dem Mittagessen f\u00f6rdern <strong>Lehrkr\u00e4fte <\/strong>unsere Sch\u00fcler*innen durch qualifizierte Hausaufgabenunterst\u00fctzung und F\u00f6rderangebote und bieten Arbeitsgemeinschaften im Bereich Kreatives und Sport an. Unsere Freizeitangebote wie Tischtennis, Billard oder Kicker nutzen Sch\u00fcler*innen aller Jahrg\u00e4nge gerne.<\/span><\/p>\n<p><span style=\"font-family: helvetica, arial, sans-serif\"><strong>Berufsorientierung <\/strong>wird ab Klasse 8 und in Kooperation mit der Jugendberufsagentur intensiv betrieben. Ab Klasse 8 sind mindestens insgesamt f\u00fcnf Wochen Betriebspraktika verpflichtend. In Kooperation mit der Jugendberufsagentur findet eine regelm\u00e4\u00dfige Beratung aller Sch\u00fcler*innen der 9. und 10. Klassen statt. <\/span><\/p>\n<p><strong>Unterst\u00fctzt werden wir hierbei ebenfalls von unseren Kooperationspartnern H\u00f6cker Polytechnik, B. Braun, Uniqfood und der ev. Fachschule in Osnabr\u00fcck.<\/strong><\/p>\n<p><span style=\"font-family: helvetica, arial, sans-serif\">In Jahrgang 9 w\u00e4hlen die Sch\u00fcler ihre Schwerpunkt-<strong>Profile<\/strong>: Franz\u00f6sisch (ab Kl. 6), Technik, Wirtschaft (Sch\u00fclerfirma \u201eKiosk 2.0&#8243;) sowie Gesundheit und Soziales, die jeweils vierst\u00fcndig erteilt werden.<\/span><\/p>\n<p><span style=\"font-family: helvetica, arial, sans-serif\">Unser <strong>Schulleben<\/strong> wird bereichert durch Projekttage, Sportturniere, p\u00e4dagogische Gemeinschaftstage, Theaterfahrten sowie Klassen- Jahrgangs- und Abschlussfahrten.<\/span><\/p>\n<p><span style=\"font-family: helvetica, arial, sans-serif\">Der gemeinn\u00fctzige <strong>F\u00f6rderverein \u201eOberschule Hilter e.V.\u201c<\/strong> unterst\u00fctzt die Schule bei besonderen Projekten oder hilft Sch\u00fcler*innen bei der Finanzierung von Klassenfahrten.<\/span><\/p>\n<p><span style=\"font-family: helvetica, arial, sans-serif\">Mit freundlichen Gr\u00fc\u00dfen<\/span><\/p>\n<p><span style=\"font-family: helvetica, arial, sans-serif\">Ute Haehnel<\/span><\/p>\n<p><span style=\"font-family: helvetica, arial, sans-serif\">(Schulleiterin)<\/span><\/p>\n<p><span style=\"font-family: helvetica, arial, sans-serif\">Kontakt: &#x69;&#x6e;&#x66;&#x6f;&#x40;&#x6f;&#x62;&#x73;&#x2d;&#x68;&#x69;&#x6c;&#x74;&#x65;&#x72;&#x2e;&#x64;&#x65;<\/span><\/p>\n","protected":false},"excerpt":{"rendered":"<p>Liebe Besucherin, lieber Besucher, wir freuen uns, dass Sie sich f\u00fcr unsere Oberschule in der malerischen \u201eBorgloher Schweiz\u201c interessieren. Im Namen der Schulgemeinschaft begr\u00fc\u00dfe ich Sie herzlich. In unserem Schulgeb\u00e4ude an der Schulstra\u00dfe in Borgloh war bis 1974 die Volksschule Borgloh untergebracht. Von 1974 bis 2004 besuchten Sch\u00fcler in den 5. und 6. Klassen die Orientierungsstufe Hilter. Im August 2004 nahm die neu gegr\u00fcndete Realschule Hilter ihren Betrieb auf, die ihren ersten Abschlussjahrgang im Jahr 2008 in das Berufsleben oder&#8230;<\/p>\n<p class=\"read-more\"><a class=\"btn btn-default\" href=\"https:\/\/wordpress.nibis.de\/obshilter\/unsere-schule\/\">Weiterlesen<span class=\"screen-reader-text\"> Weiterlesen<\/span><\/a><\/p>\n","protected":false},"author":9192668,"featured_media":0,"parent":0,"menu_order":0,"comment_status":"closed","ping_status":"closed","template":"","meta":{"_acf_changed":false,"footnotes":""},"class_list":["post-327","page","type-page","status-publish","hentry"],"acf":[],"_links":{"self":[{"href":"https:\/\/wordpress.nibis.de\/obshilter\/wp-json\/wp\/v2\/pages\/327","targetHints":{"allow":["GET"]}}],"collection":[{"href":"https:\/\/wordpress.nibis.de\/obshilter\/wp-json\/wp\/v2\/pages"}],"about":[{"href":"https:\/\/wordpress.nibis.de\/obshilter\/wp-json\/wp\/v2\/types\/page"}],"author":[{"embeddable":true,"href":"https:\/\/wordpress.nibis.de\/obshilter\/wp-json\/wp\/v2\/users\/9192668"}],"replies":[{"embeddable":true,"href":"https:\/\/wordpress.nibis.de\/obshilter\/wp-json\/wp\/v2\/comments?post=327"}],"version-history":[{"count":6,"href":"https:\/\/wordpress.nibis.de\/obshilter\/wp-json\/wp\/v2\/pages\/327\/revisions"}],"predecessor-version":[{"id":5741,"href":"https:\/\/wordpress.nibis.de\/obshilter\/wp-json\/wp\/v2\/pages\/327\/revisions\/5741"}],"wp:attachment":[{"href":"https:\/\/wordpress.nibis.de\/obshilter\/wp-json\/wp\/v2\/media?parent=327"}],"curies":[{"name":"wp","href":"https:\/\/api.w.org\/{rel}","templated":true}]}}