{"id":3424,"date":"2022-10-10T17:26:15","date_gmt":"2022-10-10T15:26:15","guid":{"rendered":"https:\/\/wordpress.nibis.de\/obshilter\/?page_id=3424"},"modified":"2024-05-14T13:17:54","modified_gmt":"2024-05-14T11:17:54","slug":"minecraft-education","status":"publish","type":"page","link":"https:\/\/wordpress.nibis.de\/obshilter\/minecraft-education\/","title":{"rendered":"Minecraft Education AG"},"content":{"rendered":"\n<div class=\"wp-block-image is-style-tw-rounded-corners\"><figure class=\"aligncenter size-full\"><img loading=\"lazy\" decoding=\"async\" width=\"267\" height=\"150\" src=\"https:\/\/wordpress.nibis.de\/obshilter\/files\/2022\/10\/LogoMine1-e1665051933126.jpg\" alt=\"\" class=\"wp-image-3373\" \/><\/figure><\/div>\n\n\n\n<p>Minecraft Education ist eine leicht ver\u00e4nderte Version des beliebten Spieles<em> Minecraf<\/em>t und wird an Universit\u00e4ten und Schulen im Unterricht, Projekten und der Forschung eingesetzt.<\/p>\n\n\n\n<p>Auch bei uns k\u00f6nnen LehrerInnen die Software im Unterricht zu passenden Themen verwenden und beispielsweise im Geschichtsunterricht f\u00fcr eine digitale Begehung der Pyramiden in \u00c4gypten nutzen.<\/p>\n\n\n\n<p><strong>Wir nutzen Minecraft Education in der kreativen Minecraft AG. Hier wurden unsere Sch\u00fclerInnen zu kleinen Architekten und haben unsere gesamte Schule ma\u00dfstabsgerecht nachgebaut. In den verschiedenen R\u00e4umen der digitalen Schule k\u00f6nnen zum Beispiel verschiedene Lern- oder Informationsvideos erstellt und angeschaut werden.<br><\/strong><\/p>\n\n\n\n<p>Dieses Projekt nutzen wir zum Beispiel auch am Tag der offenen T\u00fcr, um die Oberschule Hilter potenziellen neuen Sch\u00fcler*innen vorzustellen.<\/p>\n\n\n\n<figure class=\"wp-block-gallery has-nested-images columns-default is-cropped wp-block-gallery-1 is-layout-flex wp-block-gallery-is-layout-flex\">\n<figure class=\"wp-block-image size-large\"><img loading=\"lazy\" decoding=\"async\" width=\"1200\" height=\"675\" data-id=\"4792\" src=\"https:\/\/wordpress.nibis.de\/obshilter\/files\/2024\/04\/Aula-3-1-1200x675.png\" alt=\"\" class=\"wp-image-4792\" srcset=\"https:\/\/wordpress.nibis.de\/obshilter\/files\/2024\/04\/Aula-3-1-1200x675.png 1200w, https:\/\/wordpress.nibis.de\/obshilter\/files\/2024\/04\/Aula-3-1-850x478.png 850w, https:\/\/wordpress.nibis.de\/obshilter\/files\/2024\/04\/Aula-3-1-250x141.png 250w, https:\/\/wordpress.nibis.de\/obshilter\/files\/2024\/04\/Aula-3-1-768x432.png 768w, https:\/\/wordpress.nibis.de\/obshilter\/files\/2024\/04\/Aula-3-1-1536x864.png 1536w, https:\/\/wordpress.nibis.de\/obshilter\/files\/2024\/04\/Aula-3-1-480x270.png 480w, https:\/\/wordpress.nibis.de\/obshilter\/files\/2024\/04\/Aula-3-1.png 1920w\" sizes=\"auto, (max-width: 1200px) 100vw, 1200px\" \/><figcaption>Aula<\/figcaption><\/figure>\n<\/figure>\n\n\n\n<p><\/p>\n\n\n\n<figure class=\"wp-block-gallery has-nested-images columns-default is-cropped wp-block-gallery-2 is-layout-flex wp-block-gallery-is-layout-flex\">\n<figure class=\"wp-block-image size-large\"><img loading=\"lazy\" decoding=\"async\" width=\"1920\" height=\"1080\" data-id=\"4742\" src=\"https:\/\/wordpress.nibis.de\/obshilter\/files\/2024\/04\/Lehrerzimmer-3.png\" alt=\"\" class=\"wp-image-4742\" srcset=\"https:\/\/wordpress.nibis.de\/obshilter\/files\/2024\/04\/Lehrerzimmer-3.png 1920w, https:\/\/wordpress.nibis.de\/obshilter\/files\/2024\/04\/Lehrerzimmer-3-850x478.png 850w, https:\/\/wordpress.nibis.de\/obshilter\/files\/2024\/04\/Lehrerzimmer-3-1200x675.png 1200w, https:\/\/wordpress.nibis.de\/obshilter\/files\/2024\/04\/Lehrerzimmer-3-250x141.png 250w, https:\/\/wordpress.nibis.de\/obshilter\/files\/2024\/04\/Lehrerzimmer-3-768x432.png 768w, https:\/\/wordpress.nibis.de\/obshilter\/files\/2024\/04\/Lehrerzimmer-3-1536x864.png 1536w, https:\/\/wordpress.nibis.de\/obshilter\/files\/2024\/04\/Lehrerzimmer-3-480x270.png 480w\" sizes=\"auto, (max-width: 1920px) 100vw, 1920px\" \/><figcaption>Lehrerzimmer<\/figcaption><\/figure>\n\n\n\n<figure class=\"wp-block-image size-large\"><img loading=\"lazy\" decoding=\"async\" width=\"1920\" height=\"1080\" data-id=\"4744\" src=\"https:\/\/wordpress.nibis.de\/obshilter\/files\/2024\/04\/Klassenzimmer-6.png\" alt=\"\" class=\"wp-image-4744\" srcset=\"https:\/\/wordpress.nibis.de\/obshilter\/files\/2024\/04\/Klassenzimmer-6.png 1920w, https:\/\/wordpress.nibis.de\/obshilter\/files\/2024\/04\/Klassenzimmer-6-850x478.png 850w, https:\/\/wordpress.nibis.de\/obshilter\/files\/2024\/04\/Klassenzimmer-6-1200x675.png 1200w, https:\/\/wordpress.nibis.de\/obshilter\/files\/2024\/04\/Klassenzimmer-6-250x141.png 250w, https:\/\/wordpress.nibis.de\/obshilter\/files\/2024\/04\/Klassenzimmer-6-768x432.png 768w, https:\/\/wordpress.nibis.de\/obshilter\/files\/2024\/04\/Klassenzimmer-6-1536x864.png 1536w, https:\/\/wordpress.nibis.de\/obshilter\/files\/2024\/04\/Klassenzimmer-6-480x270.png 480w\" sizes=\"auto, (max-width: 1920px) 100vw, 1920px\" \/><figcaption>Klassenraum<\/figcaption><\/figure>\n<\/figure>\n\n\n\n\n\n<p><\/p>\n\n\n\n<figure class=\"wp-block-image size-large is-style-default\"><img loading=\"lazy\" decoding=\"async\" width=\"1200\" height=\"675\" src=\"https:\/\/wordpress.nibis.de\/obshilter\/files\/2024\/05\/Tag-d-o-Tuer-10-1200x675.jpg\" alt=\"\" class=\"wp-image-4812\" srcset=\"https:\/\/wordpress.nibis.de\/obshilter\/files\/2024\/05\/Tag-d-o-Tuer-10-1200x675.jpg 1200w, https:\/\/wordpress.nibis.de\/obshilter\/files\/2024\/05\/Tag-d-o-Tuer-10-850x478.jpg 850w, https:\/\/wordpress.nibis.de\/obshilter\/files\/2024\/05\/Tag-d-o-Tuer-10-250x141.jpg 250w\" sizes=\"auto, (max-width: 1200px) 100vw, 1200px\" \/><\/figure>\n","protected":false},"excerpt":{"rendered":"<p>Minecraft Education ist eine leicht ver\u00e4nderte Version des beliebten Spieles Minecraft und wird an Universit\u00e4ten und Schulen im Unterricht, Projekten und der Forschung eingesetzt. Auch bei uns k\u00f6nnen LehrerInnen die Software im Unterricht zu passenden Themen verwenden und beispielsweise im Geschichtsunterricht f\u00fcr eine digitale Begehung der Pyramiden in \u00c4gypten nutzen. Wir nutzen Minecraft Education in der kreativen Minecraft AG. Hier wurden unsere Sch\u00fclerInnen zu kleinen Architekten und haben unsere gesamte Schule ma\u00dfstabsgerecht nachgebaut. In den verschiedenen R\u00e4umen der digitalen Schule&#8230;<\/p>\n<p class=\"read-more\"><a class=\"btn btn-default\" href=\"https:\/\/wordpress.nibis.de\/obshilter\/minecraft-education\/\">Weiterlesen<span class=\"screen-reader-text\"> Weiterlesen<\/span><\/a><\/p>\n","protected":false},"author":9192668,"featured_media":0,"parent":0,"menu_order":0,"comment_status":"closed","ping_status":"closed","template":"","meta":{"_acf_changed":false,"footnotes":""},"class_list":["post-3424","page","type-page","status-publish","hentry"],"acf":[],"_links":{"self":[{"href":"https:\/\/wordpress.nibis.de\/obshilter\/wp-json\/wp\/v2\/pages\/3424","targetHints":{"allow":["GET"]}}],"collection":[{"href":"https:\/\/wordpress.nibis.de\/obshilter\/wp-json\/wp\/v2\/pages"}],"about":[{"href":"https:\/\/wordpress.nibis.de\/obshilter\/wp-json\/wp\/v2\/types\/page"}],"author":[{"embeddable":true,"href":"https:\/\/wordpress.nibis.de\/obshilter\/wp-json\/wp\/v2\/users\/9192668"}],"replies":[{"embeddable":true,"href":"https:\/\/wordpress.nibis.de\/obshilter\/wp-json\/wp\/v2\/comments?post=3424"}],"version-history":[{"count":10,"href":"https:\/\/wordpress.nibis.de\/obshilter\/wp-json\/wp\/v2\/pages\/3424\/revisions"}],"predecessor-version":[{"id":4816,"href":"https:\/\/wordpress.nibis.de\/obshilter\/wp-json\/wp\/v2\/pages\/3424\/revisions\/4816"}],"wp:attachment":[{"href":"https:\/\/wordpress.nibis.de\/obshilter\/wp-json\/wp\/v2\/media?parent=3424"}],"curies":[{"name":"wp","href":"https:\/\/api.w.org\/{rel}","templated":true}]}}